{"id":204575,"date":"2025-12-16T00:24:49","date_gmt":"2025-12-16T00:24:49","guid":{"rendered":"https:\/\/b2b.depodanmusteriye.com\/urun\/22-5w-pd-destekli-tasinabilir-sarj-cihazi-coklu-cikisli-model-powerbank\/"},"modified":"2025-12-16T00:24:49","modified_gmt":"2025-12-16T00:24:49","slug":"22-5w-pd-destekli-tasinabilir-sarj-cihazi-coklu-cikisli-model-powerbank","status":"publish","type":"product","link":"https:\/\/depodanmusteriye.com\/urunler\/urun\/22-5w-pd-destekli-tasinabilir-sarj-cihazi-coklu-cikisli-model-powerbank\/","title":{"rendered":"22.5W PD Destekli Ta\u015f\u0131nabilir \u015earj Cihaz\u0131 \u00c7oklu \u00c7\u0131k\u0131\u015fl\u0131 Model Powerbank"},"content":{"rendered":"<h4>Bu 50000mAh powerbank, yeni nesil PD 22.5W \u00e7\u0131k\u0131\u015f g\u00fcc\u00fc ile h\u0131zl\u0131 \u015farj deste\u011fi sunar. Sadece telefonlar de\u011fil, ayn\u0131 zamanda Bluetooth kulakl\u0131klar, ta\u015f\u0131nabilir oyun konsollar\u0131, kameralar ve di\u011fer USB destekli cihazlar da kolayca \u015farj edilebilir. Ayn\u0131 anda 4 farkl\u0131 cihaz\u0131 destekleyen USB1\/USB2\/USB3 ve Type-C \u00e7\u0131k\u0131\u015f portlar\u0131 ile donat\u0131lm\u0131\u015ft\u0131r.<br \/>\nMicro USB, Type-C ve Lightning giri\u015fleri sayesinde farkl\u0131 kablolarla uyumlu \u00e7al\u0131\u015f\u0131r. H\u0131zl\u0131 \u015farj teknolojisi sayesinde geleneksel 10W powerbanklere g\u00f6re 3 kata kadar daha h\u0131zl\u0131 performans g\u00f6sterir. Kompakt \u00f6l\u00e7\u00fclerine ra\u011fmen y\u00fcksek enerji sa\u011flar.<br \/>\nKamp lambas\u0131 olarak kullan\u0131labilen LED \u0131\u015f\u0131\u011f\u0131 sayesinde gece y\u00fcr\u00fcy\u00fc\u015flerinde, acil durumlarda ya da \u00e7ad\u0131r ortam\u0131nda rahatl\u0131k sa\u011flar. Ak\u0131ll\u0131 koruma sistemleri sayesinde cihaz\u0131n\u0131z\u0131 a\u015f\u0131r\u0131 \u015farja kar\u015f\u0131 korur ve g\u00fcvenli kullan\u0131m sunar. <\/p>\n<p><b>1 adet fiyat\u0131d\u0131r<\/b> <\/p>\n<p><p><b>\u00dcretici Markas\u0131 : ZERO LAND<\/b><\/p>\n<p><b>\u00dcretici Kodu : XUCZZZ50000MAHPOWERBANKKKKKK1<\/b><\/p>\n<p><b>1 ADET F\u0130YATIDIR<\/b><\/p>\n<\/h4>\n<p><\/p>\n","protected":false},"excerpt":{"rendered":"<p>22.5W PD Destekli Ta\u015f\u0131nabilir \u015earj Cihaz\u0131 \u00c7oklu \u00c7\u0131k\u0131\u015fl\u0131 Model Powerbank<\/p>\n","protected":false},"featured_media":204570,"comment_status":"open","ping_status":"closed","template":"","meta":[],"product_brand":[],"product_cat":[374,459],"product_tag":[9582,2756,1877,4212,3695,3596,3593,2755,2982],"class_list":{"0":"post-204575","1":"product","2":"type-product","3":"status-publish","4":"has-post-thumbnail","6":"product_cat-mobil-aksesuar","7":"product_cat-powerbank","8":"product_tag-22-5w","9":"product_tag-cihazi","10":"product_tag-cikisli","11":"product_tag-coklu","12":"product_tag-destekli","13":"product_tag-pd","14":"product_tag-powerbank","15":"product_tag-sarj","16":"product_tag-tasinabilir","18":"first","19":"instock","20":"taxable","21":"shipping-taxable","22":"purchasable","23":"product-type-simple"},"_links":{"self":[{"href":"https:\/\/depodanmusteriye.com\/urunler\/wp-json\/wp\/v2\/product\/204575","targetHints":{"allow":["GET"]}}],"collection":[{"href":"https:\/\/depodanmusteriye.com\/urunler\/wp-json\/wp\/v2\/product"}],"about":[{"href":"https:\/\/depodanmusteriye.com\/urunler\/wp-json\/wp\/v2\/types\/product"}],"replies":[{"embeddable":true,"href":"https:\/\/depodanmusteriye.com\/urunler\/wp-json\/wp\/v2\/comments?post=204575"}],"version-history":[{"count":0,"href":"https:\/\/depodanmusteriye.com\/urunler\/wp-json\/wp\/v2\/product\/204575\/revisions"}],"wp:featuredmedia":[{"embeddable":true,"href":"https:\/\/depodanmusteriye.com\/urunler\/wp-json\/wp\/v2\/media\/204570"}],"wp:attachment":[{"href":"https:\/\/depodanmusteriye.com\/urunler\/wp-json\/wp\/v2\/media?parent=204575"}],"wp:term":[{"taxonomy":"product_brand","embeddable":true,"href":"https:\/\/depodanmusteriye.com\/urunler\/wp-json\/wp\/v2\/product_brand?post=204575"},{"taxonomy":"product_cat","embeddable":true,"href":"https:\/\/depodanmusteriye.com\/urunler\/wp-json\/wp\/v2\/product_cat?post=204575"},{"taxonomy":"product_tag","embeddable":true,"href":"https:\/\/depodanmusteriye.com\/urunler\/wp-json\/wp\/v2\/product_tag?post=204575"}],"curies":[{"name":"wp","href":"https:\/\/api.w.org\/{rel}","templated":true}]}}