{"id":204113,"date":"2025-12-16T00:00:20","date_gmt":"2025-12-16T00:00:20","guid":{"rendered":"https:\/\/b2b.depodanmusteriye.com\/urun\/bluetooth-kulaklik-ipx4-sertifikali-suya-dayanikli-spor-modeli\/"},"modified":"2025-12-16T00:00:20","modified_gmt":"2025-12-16T00:00:20","slug":"bluetooth-kulaklik-ipx4-sertifikali-suya-dayanikli-spor-modeli","status":"publish","type":"product","link":"https:\/\/depodanmusteriye.com\/urunler\/urun\/bluetooth-kulaklik-ipx4-sertifikali-suya-dayanikli-spor-modeli\/","title":{"rendered":"Bluetooth Kulakl\u0131k \u2013 IPX4 Sertifikal\u0131 Suya Dayan\u0131kl\u0131 Spor Modeli"},"content":{"rendered":"<h4>S05 spor kulakl\u0131\u011f\u0131, hareketli ya\u015fam tarz\u0131na sahip kullan\u0131c\u0131lar i\u00e7in \u00f6zel olarak geli\u015ftirildi. IPX4 sertifikal\u0131 suya dayan\u0131kl\u0131 tasar\u0131m\u0131 ile ister hafif ya\u011fmurda ister yo\u011fun antrenmanda g\u00fcvenle kullan\u0131labilir. Ter ya da nemin kulakl\u0131\u011fa zarar vermesi gibi bir endi\u015feniz olmaz.<\/p>\n<p>Kulak i\u00e7i tasar\u0131m\u0131, farkl\u0131 kulak yap\u0131s\u0131na sahip kullan\u0131c\u0131lar i\u00e7in \u00f6zelle\u015ftirilebilir silikon u\u00e7larla desteklenmi\u015ftir. K\u00fc\u00e7\u00fck veya b\u00fcy\u00fck kulak fark etmeksizin, S05 her kula\u011fa m\u00fckemmel \u015fekilde oturur. Bu sayede ko\u015fu s\u0131ras\u0131nda d\u00fc\u015fme, kayma gibi problemler ya\u015fanmaz.<\/p>\n<p>Kemik iletim teknolojisiyle geli\u015ftirilen yap\u0131s\u0131 sayesinde kulak kanal\u0131 t\u0131kanmaz. M\u00fczik dinlerken \u00e7evredeki sesleri de duyabilir, \u00f6zellikle trafikte ya da kalabal\u0131k ortamlarda spor yaparken g\u00fcvenli\u011finizi art\u0131rabilirsiniz. Hafif ve bask\u0131 yapmayan g\u00f6vde malzemesi (PC + ABS) uzun s\u00fcreli kullan\u0131mlarda bile kulakta rahats\u0131zl\u0131k hissi olu\u015fturmaz.<\/p>\n<p>S05, spor yaparken m\u00fczikten vazge\u00e7meden hem \u00e7evrenizi duyabilece\u011finiz hem de y\u00fcksek performans alabilece\u011finiz profesyonel bir kulakl\u0131k alternatifi sunar. <\/p>\n<p><b>1 adet fiyat\u0131d\u0131r<\/b> <\/p>\n<p><p><b>\u00dcretici Markas\u0131 : ZERO LAND<\/b><\/p>\n<p><b>\u00dcretici Kodu : XUCZZZS05KULAKLIK2<\/b><\/p>\n<p><b>1 ADET F\u0130YATIDIR<\/b><\/p>\n<\/h4>\n<p><\/p>\n","protected":false},"excerpt":{"rendered":"<p>Bluetooth Kulakl\u0131k \u2013 IPX4 Sertifikal\u0131 Suya Dayan\u0131kl\u0131 Spor Modeli<\/p>\n","protected":false},"featured_media":204108,"comment_status":"open","ping_status":"closed","template":"","meta":[],"product_brand":[],"product_cat":[494,374],"product_tag":[3605,3993,3999,1641,14134,13480,2804,4000],"class_list":{"0":"post-204113","1":"product","2":"type-product","3":"status-publish","4":"has-post-thumbnail","6":"product_cat-kulak-ici-tws-bluetooth-kulaklik","7":"product_cat-mobil-aksesuar","8":"product_tag-bluetooth","9":"product_tag-dayanikli","10":"product_tag-ipx4","11":"product_tag-kulaklik","12":"product_tag-modeli","13":"product_tag-sertifikali","14":"product_tag-spor","15":"product_tag-suya","17":"first","18":"instock","19":"taxable","20":"shipping-taxable","21":"purchasable","22":"product-type-simple"},"_links":{"self":[{"href":"https:\/\/depodanmusteriye.com\/urunler\/wp-json\/wp\/v2\/product\/204113","targetHints":{"allow":["GET"]}}],"collection":[{"href":"https:\/\/depodanmusteriye.com\/urunler\/wp-json\/wp\/v2\/product"}],"about":[{"href":"https:\/\/depodanmusteriye.com\/urunler\/wp-json\/wp\/v2\/types\/product"}],"replies":[{"embeddable":true,"href":"https:\/\/depodanmusteriye.com\/urunler\/wp-json\/wp\/v2\/comments?post=204113"}],"version-history":[{"count":0,"href":"https:\/\/depodanmusteriye.com\/urunler\/wp-json\/wp\/v2\/product\/204113\/revisions"}],"wp:featuredmedia":[{"embeddable":true,"href":"https:\/\/depodanmusteriye.com\/urunler\/wp-json\/wp\/v2\/media\/204108"}],"wp:attachment":[{"href":"https:\/\/depodanmusteriye.com\/urunler\/wp-json\/wp\/v2\/media?parent=204113"}],"wp:term":[{"taxonomy":"product_brand","embeddable":true,"href":"https:\/\/depodanmusteriye.com\/urunler\/wp-json\/wp\/v2\/product_brand?post=204113"},{"taxonomy":"product_cat","embeddable":true,"href":"https:\/\/depodanmusteriye.com\/urunler\/wp-json\/wp\/v2\/product_cat?post=204113"},{"taxonomy":"product_tag","embeddable":true,"href":"https:\/\/depodanmusteriye.com\/urunler\/wp-json\/wp\/v2\/product_tag?post=204113"}],"curies":[{"name":"wp","href":"https:\/\/api.w.org\/{rel}","templated":true}]}}