{"id":204107,"date":"2025-12-15T23:59:59","date_gmt":"2025-12-15T23:59:59","guid":{"rendered":"https:\/\/b2b.depodanmusteriye.com\/urun\/s05-kablosuz-kulaklik-kucuk-kulak-yapilarina-uygun-kayma-yapmayan-tasarim\/"},"modified":"2025-12-15T23:59:59","modified_gmt":"2025-12-15T23:59:59","slug":"s05-kablosuz-kulaklik-kucuk-kulak-yapilarina-uygun-kayma-yapmayan-tasarim","status":"publish","type":"product","link":"https:\/\/depodanmusteriye.com\/urunler\/urun\/s05-kablosuz-kulaklik-kucuk-kulak-yapilarina-uygun-kayma-yapmayan-tasarim\/","title":{"rendered":"S05 Kablosuz Kulakl\u0131k \u2013 K\u00fc\u00e7\u00fck Kulak Yap\u0131lar\u0131na Uygun, Kayma Yapmayan Tasar\u0131m"},"content":{"rendered":"<h4>S05 modeli, klasik kulakl\u0131klar\u0131n s\u0131n\u0131rlar\u0131n\u0131 a\u015fan kemik iletim teknolojisiyle geli\u015ftirildi. Bu sayede ses do\u011frudan i\u00e7 kula\u011fa iletilirken kulak kanal\u0131 a\u00e7\u0131k kal\u0131r. B\u00f6ylece ko\u015farken, y\u00fcr\u00fcrken ya da bisiklet s\u00fcrerken d\u0131\u015f d\u00fcnyayla olan ba\u011flant\u0131n\u0131z kopmaz; m\u00fczi\u011fi hissederken g\u00fcvenli\u011finizi de korumu\u015f olursunuz.<\/p>\n<p>Kulak i\u00e7i tasar\u0131m\u0131n yan\u0131 s\u0131ra farkl\u0131 boyutlardaki silikon u\u00e7larla gelen S05, her kullan\u0131c\u0131ya \u00f6zel bir uyum sunar. \u00d6zellikle k\u00fc\u00e7\u00fck kulak yap\u0131s\u0131na sahip olanlar i\u00e7in kayma, rahats\u0131zl\u0131k veya bas\u0131n\u00e7 gibi sorunlar\u0131 ortadan kald\u0131r\u0131r. Hafifli\u011fi ile dikkat \u00e7eken PC + ABS g\u00f6vde malzemesi, uzun s\u00fcreli kullan\u0131mlarda dahi konfor sa\u011flar.<\/p>\n<p>IPX4 suya dayan\u0131kl\u0131l\u0131k sertifikas\u0131na sahip olan bu kulakl\u0131k, ya\u011fmur alt\u0131nda spor yaparken ya da yo\u011fun tempoda terlerken dayan\u0131kl\u0131l\u0131\u011f\u0131n\u0131 korur. Bluetooth deste\u011fi sayesinde kablosuz ba\u011flant\u0131 konforu sunan S05, batarya \u00f6mr\u00fcyle de aktif ya\u015fam tarz\u0131n\u0131za uyum sa\u011flar.<\/p>\n<p>S05, m\u00fczik performans\u0131, d\u0131\u015f ses fark\u0131ndal\u0131\u011f\u0131 ve konforu ayn\u0131 anda sunan \u00e7ok y\u00f6nl\u00fc bir kulakl\u0131k deneyimi sunar. <\/p>\n<p><b>1 adet fiyat\u0131d\u0131r<\/b> <\/p>\n<p><p><b>\u00dcretici Markas\u0131 : ZERO LAND<\/b><\/p>\n<p><b>\u00dcretici Kodu : XUCZZZS05KULAKLIK1<\/b><\/p>\n<p><b>1 ADET F\u0130YATIDIR<\/b><\/p>\n<\/h4>\n<p><\/p>\n","protected":false},"excerpt":{"rendered":"<p>S05 Kablosuz Kulakl\u0131k \u2013 K\u00fc\u00e7\u00fck Kulak Yap\u0131lar\u0131na Uygun, Kayma Yapmayan Tasar\u0131m<\/p>\n","protected":false},"featured_media":204102,"comment_status":"open","ping_status":"closed","template":"","meta":[],"product_brand":[],"product_cat":[494,374],"product_tag":[1640,14769,2331,1638,1641,9469,4035,1397,14768,14733],"class_list":{"0":"post-204107","1":"product","2":"type-product","3":"status-publish","4":"has-post-thumbnail","6":"product_cat-kulak-ici-tws-bluetooth-kulaklik","7":"product_cat-mobil-aksesuar","8":"product_tag-kablosuz","9":"product_tag-kayma","10":"product_tag-kucuk","11":"product_tag-kulak","12":"product_tag-kulaklik","13":"product_tag-s05","14":"product_tag-tasarim","15":"product_tag-uygun","16":"product_tag-yapilarina","17":"product_tag-yapmayan","19":"first","20":"instock","21":"taxable","22":"shipping-taxable","23":"purchasable","24":"product-type-simple"},"_links":{"self":[{"href":"https:\/\/depodanmusteriye.com\/urunler\/wp-json\/wp\/v2\/product\/204107","targetHints":{"allow":["GET"]}}],"collection":[{"href":"https:\/\/depodanmusteriye.com\/urunler\/wp-json\/wp\/v2\/product"}],"about":[{"href":"https:\/\/depodanmusteriye.com\/urunler\/wp-json\/wp\/v2\/types\/product"}],"replies":[{"embeddable":true,"href":"https:\/\/depodanmusteriye.com\/urunler\/wp-json\/wp\/v2\/comments?post=204107"}],"version-history":[{"count":0,"href":"https:\/\/depodanmusteriye.com\/urunler\/wp-json\/wp\/v2\/product\/204107\/revisions"}],"wp:featuredmedia":[{"embeddable":true,"href":"https:\/\/depodanmusteriye.com\/urunler\/wp-json\/wp\/v2\/media\/204102"}],"wp:attachment":[{"href":"https:\/\/depodanmusteriye.com\/urunler\/wp-json\/wp\/v2\/media?parent=204107"}],"wp:term":[{"taxonomy":"product_brand","embeddable":true,"href":"https:\/\/depodanmusteriye.com\/urunler\/wp-json\/wp\/v2\/product_brand?post=204107"},{"taxonomy":"product_cat","embeddable":true,"href":"https:\/\/depodanmusteriye.com\/urunler\/wp-json\/wp\/v2\/product_cat?post=204107"},{"taxonomy":"product_tag","embeddable":true,"href":"https:\/\/depodanmusteriye.com\/urunler\/wp-json\/wp\/v2\/product_tag?post=204107"}],"curies":[{"name":"wp","href":"https:\/\/api.w.org\/{rel}","templated":true}]}}