{"id":203861,"date":"2025-12-15T23:47:52","date_gmt":"2025-12-15T23:47:52","guid":{"rendered":"https:\/\/b2b.depodanmusteriye.com\/urun\/400-oyunlu-tasinabilir-retro-el-konsolu\/"},"modified":"2025-12-15T23:47:52","modified_gmt":"2025-12-15T23:47:52","slug":"400-oyunlu-tasinabilir-retro-el-konsolu","status":"publish","type":"product","link":"https:\/\/depodanmusteriye.com\/urunler\/urun\/400-oyunlu-tasinabilir-retro-el-konsolu\/","title":{"rendered":"400 Oyunlu Ta\u015f\u0131nabilir Retro El Konsolu"},"content":{"rendered":"<h4>Nostaljik oyunlar\u0131 modern ta\u015f\u0131nabilirlik ile birle\u015ftiren bu retro el konsolu, her ya\u015f grubuna hitap eden 400 adet klasik oyunla dolu. Mario&#8217;dan yar\u0131\u015f oyunlar\u0131na, bulmacalardan d\u00f6v\u00fc\u015f oyunlar\u0131na kadar geni\u015f oyun yelpazesi sayesinde herkes i\u00e7in bir \u015feyler sunar.<br \/>\n3 in\u00e7lik HD ekran\u0131, canl\u0131 ve net g\u00f6r\u00fcnt\u00fcler sunarak oyun deneyiminizi daha keyifli hale getirir. TV \u00e7\u0131k\u0131\u015f \u00f6zelli\u011fi sayesinde AV kablosu ile televizyona ba\u011flanabilir ve daha b\u00fcy\u00fck ekranda oynama keyfi ya\u015fayabilirsiniz.<br \/>\n\u015earj edilebilir 1020mAh bataryas\u0131 ile uzun s\u00fcreli oynama s\u00fcresi sunar. Kompakt boyutlar\u0131 sayesinde seyahatlerde, okul molalar\u0131nda veya evde rahatlamak i\u00e7in m\u00fckemmel bir se\u00e7imdir. Dayan\u0131kl\u0131 ABS plastikten \u00fcretilmi\u015f g\u00f6vdesi \u00e7ocuklar i\u00e7in de g\u00fcvenlidir. <\/p>\n<p><b>1 adet fiyat\u0131d\u0131r<\/b> <\/p>\n<p><p><b>\u00dcretici Markas\u0131 : ZERO LAND<\/b><\/p>\n<p><b>\u00dcretici Kodu : XUCZZZSUP400ATAR\u0130\u0130\u0130<\/b><\/p>\n<p><b>1 ADET F\u0130YATIDIR<\/b><\/p>\n<\/h4>\n<p><\/p>\n","protected":false},"excerpt":{"rendered":"<p>400 Oyunlu Ta\u015f\u0131nabilir Retro El Konsolu<\/p>\n","protected":false},"featured_media":203856,"comment_status":"open","ping_status":"closed","template":"","meta":[],"product_brand":[],"product_cat":[379,725],"product_tag":[4428,2059,3998,4167,1963,2982],"class_list":{"0":"post-203861","1":"product","2":"type-product","3":"status-publish","4":"has-post-thumbnail","6":"product_cat-ev-yasam","7":"product_cat-psp-and-vita-oyunu","8":"product_tag-4428","9":"product_tag-el","10":"product_tag-konsolu","11":"product_tag-oyunlu","12":"product_tag-retro","13":"product_tag-tasinabilir","15":"first","16":"instock","17":"taxable","18":"shipping-taxable","19":"purchasable","20":"product-type-simple"},"_links":{"self":[{"href":"https:\/\/depodanmusteriye.com\/urunler\/wp-json\/wp\/v2\/product\/203861","targetHints":{"allow":["GET"]}}],"collection":[{"href":"https:\/\/depodanmusteriye.com\/urunler\/wp-json\/wp\/v2\/product"}],"about":[{"href":"https:\/\/depodanmusteriye.com\/urunler\/wp-json\/wp\/v2\/types\/product"}],"replies":[{"embeddable":true,"href":"https:\/\/depodanmusteriye.com\/urunler\/wp-json\/wp\/v2\/comments?post=203861"}],"version-history":[{"count":0,"href":"https:\/\/depodanmusteriye.com\/urunler\/wp-json\/wp\/v2\/product\/203861\/revisions"}],"wp:featuredmedia":[{"embeddable":true,"href":"https:\/\/depodanmusteriye.com\/urunler\/wp-json\/wp\/v2\/media\/203856"}],"wp:attachment":[{"href":"https:\/\/depodanmusteriye.com\/urunler\/wp-json\/wp\/v2\/media?parent=203861"}],"wp:term":[{"taxonomy":"product_brand","embeddable":true,"href":"https:\/\/depodanmusteriye.com\/urunler\/wp-json\/wp\/v2\/product_brand?post=203861"},{"taxonomy":"product_cat","embeddable":true,"href":"https:\/\/depodanmusteriye.com\/urunler\/wp-json\/wp\/v2\/product_cat?post=203861"},{"taxonomy":"product_tag","embeddable":true,"href":"https:\/\/depodanmusteriye.com\/urunler\/wp-json\/wp\/v2\/product_tag?post=203861"}],"curies":[{"name":"wp","href":"https:\/\/api.w.org\/{rel}","templated":true}]}}