{"id":202482,"date":"2025-12-15T22:36:12","date_gmt":"2025-12-15T22:36:12","guid":{"rendered":"https:\/\/b2b.depodanmusteriye.com\/urun\/renkli-isikli-astronot-mini-bluetooth-speaker-ve-karaoke-mikrofon\/"},"modified":"2025-12-15T22:36:12","modified_gmt":"2025-12-15T22:36:12","slug":"renkli-isikli-astronot-mini-bluetooth-speaker-ve-karaoke-mikrofon","status":"publish","type":"product","link":"https:\/\/depodanmusteriye.com\/urunler\/urun\/renkli-isikli-astronot-mini-bluetooth-speaker-ve-karaoke-mikrofon\/","title":{"rendered":"Renkli I\u015f\u0131kl\u0131 Astronot Mini Bluetooth Speaker ve Karaoke Mikrofon"},"content":{"rendered":"<h4>Mini Karaoke Astronot Bluetooth Speaker, fonksiyonel ve e\u011flenceli bir tasar\u0131ma sahiptir. Astronot fig\u00fcr\u00fc, \u00fcr\u00fcn\u00fc yaln\u0131zca bir hoparl\u00f6r de\u011fil ayn\u0131 zamanda dekoratif bir aksesuar haline getirir.<\/p>\n<p>\u00dcr\u00fcnle birlikte gelen kablosuz mikrofon, karaoke partilerini kolayca organize etmenizi sa\u011flar. Bluetooth ba\u011flant\u0131s\u0131 ile telefon veya tablet \u00fczerinden \u015fark\u0131lar\u0131n\u0131z\u0131 a\u00e7abilir, kablosuz olarak s\u00f6ylemeye ba\u015flayabilirsiniz.<\/p>\n<p>Hoparl\u00f6r, g\u00fc\u00e7l\u00fc ses \u00e7\u0131k\u0131\u015f\u0131 ve kaliteli baslar\u0131yla y\u00fcksek performans sunar. Dahili RGB \u0131\u015f\u0131klar\u0131, \u015fark\u0131larla uyumlu \u015fekilde yan\u0131p s\u00f6ner ve e\u011flenceyi g\u00f6rsel olarak da zenginle\u015ftirir.<\/p>\n<p>Uzun pil \u00f6mr\u00fc, kesintisiz m\u00fczik ve karaoke keyfi sa\u011flar. Kablosuz yap\u0131s\u0131 sayesinde d\u0131\u015f mekanlarda da kullan\u0131labilir.<\/p>\n<p>\u00c7ocuklar i\u00e7in e\u011flenceli bir oyuncak, yeti\u015fkinler i\u00e7in ise arkada\u015f toplant\u0131lar\u0131nda keyifli bir e\u011flence arac\u0131 olarak tercih edilebilir. Ayr\u0131ca hediye olarak da \u015f\u0131k bir se\u00e7enektir. <\/p>\n<p><b>1 adet fiyat\u0131d\u0131r<\/b> <\/p>\n<p><p><b>\u00dcretici Markas\u0131 : ZERO LAND<\/b><\/p>\n<p><b>\u00dcretici Kodu : UCZZZTEKM\u0130KROFONASTROSPEAKER3<\/b><\/p>\n<p><b>1 ADET F\u0130YATIDIR<\/b><\/p>\n<\/h4>\n<p><\/p>\n","protected":false},"excerpt":{"rendered":"<p>Renkli I\u015f\u0131kl\u0131 Astronot Mini Bluetooth Speaker ve Karaoke Mikrofon<\/p>\n","protected":false},"featured_media":202477,"comment_status":"open","ping_status":"closed","template":"","meta":[],"product_brand":[],"product_cat":[462,374],"product_tag":[9522,3605,3901,13075,1984,2265,1556,4177,2104],"class_list":{"0":"post-202482","1":"product","2":"type-product","3":"status-publish","4":"has-post-thumbnail","6":"product_cat-mikrofon","7":"product_cat-mobil-aksesuar","8":"product_tag-astronot","9":"product_tag-bluetooth","10":"product_tag-isikli","11":"product_tag-karaoke","12":"product_tag-mikrofon","13":"product_tag-mini","14":"product_tag-renkli","15":"product_tag-speaker","16":"product_tag-ve","18":"first","19":"instock","20":"taxable","21":"shipping-taxable","22":"purchasable","23":"product-type-simple"},"_links":{"self":[{"href":"https:\/\/depodanmusteriye.com\/urunler\/wp-json\/wp\/v2\/product\/202482","targetHints":{"allow":["GET"]}}],"collection":[{"href":"https:\/\/depodanmusteriye.com\/urunler\/wp-json\/wp\/v2\/product"}],"about":[{"href":"https:\/\/depodanmusteriye.com\/urunler\/wp-json\/wp\/v2\/types\/product"}],"replies":[{"embeddable":true,"href":"https:\/\/depodanmusteriye.com\/urunler\/wp-json\/wp\/v2\/comments?post=202482"}],"version-history":[{"count":0,"href":"https:\/\/depodanmusteriye.com\/urunler\/wp-json\/wp\/v2\/product\/202482\/revisions"}],"wp:featuredmedia":[{"embeddable":true,"href":"https:\/\/depodanmusteriye.com\/urunler\/wp-json\/wp\/v2\/media\/202477"}],"wp:attachment":[{"href":"https:\/\/depodanmusteriye.com\/urunler\/wp-json\/wp\/v2\/media?parent=202482"}],"wp:term":[{"taxonomy":"product_brand","embeddable":true,"href":"https:\/\/depodanmusteriye.com\/urunler\/wp-json\/wp\/v2\/product_brand?post=202482"},{"taxonomy":"product_cat","embeddable":true,"href":"https:\/\/depodanmusteriye.com\/urunler\/wp-json\/wp\/v2\/product_cat?post=202482"},{"taxonomy":"product_tag","embeddable":true,"href":"https:\/\/depodanmusteriye.com\/urunler\/wp-json\/wp\/v2\/product_tag?post=202482"}],"curies":[{"name":"wp","href":"https:\/\/api.w.org\/{rel}","templated":true}]}}