{"id":201537,"date":"2025-12-15T21:44:39","date_gmt":"2025-12-15T21:44:39","guid":{"rendered":"https:\/\/b2b.depodanmusteriye.com\/urun\/gamepad-2\/"},"modified":"2025-12-15T21:44:39","modified_gmt":"2025-12-15T21:44:39","slug":"gamepad-2","status":"publish","type":"product","link":"https:\/\/depodanmusteriye.com\/urunler\/urun\/gamepad-2\/","title":{"rendered":"GAMEPAD"},"content":{"rendered":"<h4>Gamepad T\u00fcm Cihazlara Uyumlu<br \/>\n\u0130\u015flevler:<\/p>\n<p> \tPC i\u00e7in gamepad olarak kullan\u0131labilir.<br \/>\n \tPS3 joypad, PS3 gamepad denetleyicisi olarak kullan\u0131labilir.<br \/>\n \tAndroid i\u00e7in gamepad olarak kullan\u0131labilir.<br \/>\n \tAk\u0131ll\u0131 TV i\u00e7in joystick gamepad olarak kullan\u0131labilir.<br \/>\n \tPC i\u00e7in PK Xbox one denetleyici olarak kullan\u0131labilir.<br \/>\n \tGamepad T\u00fcm Cihazlara Uyumlu, geni\u015f uyumlulu\u011fu ve kullan\u0131m kolayl\u0131\u011f\u0131 ile oyun keyfinizi art\u0131racak bir se\u00e7enektir. <\/p>\n<p><b>1 adet fiyat\u0131d\u0131r<\/b> <\/p>\n<p><p><b>\u00dcretici Markas\u0131 : ZERO LAND<\/b><\/p>\n<p><b>\u00dcretici Kodu : UCZGAMEPAD<\/b><\/p>\n<p><b>1 ADET F\u0130YATIDIR<\/b><\/p>\n<\/h4>\n<p><\/p>\n","protected":false},"excerpt":{"rendered":"<p>GAMEPAD<\/p>\n","protected":false},"featured_media":201532,"comment_status":"open","ping_status":"closed","template":"","meta":[],"product_brand":[],"product_cat":[1036,374],"product_tag":[1964],"class_list":{"0":"post-201537","1":"product","2":"type-product","3":"status-publish","4":"has-post-thumbnail","6":"product_cat-konsol-gamepad-ve-joystick","7":"product_cat-mobil-aksesuar","8":"product_tag-gamepad","10":"first","11":"instock","12":"taxable","13":"shipping-taxable","14":"purchasable","15":"product-type-simple"},"_links":{"self":[{"href":"https:\/\/depodanmusteriye.com\/urunler\/wp-json\/wp\/v2\/product\/201537","targetHints":{"allow":["GET"]}}],"collection":[{"href":"https:\/\/depodanmusteriye.com\/urunler\/wp-json\/wp\/v2\/product"}],"about":[{"href":"https:\/\/depodanmusteriye.com\/urunler\/wp-json\/wp\/v2\/types\/product"}],"replies":[{"embeddable":true,"href":"https:\/\/depodanmusteriye.com\/urunler\/wp-json\/wp\/v2\/comments?post=201537"}],"version-history":[{"count":0,"href":"https:\/\/depodanmusteriye.com\/urunler\/wp-json\/wp\/v2\/product\/201537\/revisions"}],"wp:featuredmedia":[{"embeddable":true,"href":"https:\/\/depodanmusteriye.com\/urunler\/wp-json\/wp\/v2\/media\/201532"}],"wp:attachment":[{"href":"https:\/\/depodanmusteriye.com\/urunler\/wp-json\/wp\/v2\/media?parent=201537"}],"wp:term":[{"taxonomy":"product_brand","embeddable":true,"href":"https:\/\/depodanmusteriye.com\/urunler\/wp-json\/wp\/v2\/product_brand?post=201537"},{"taxonomy":"product_cat","embeddable":true,"href":"https:\/\/depodanmusteriye.com\/urunler\/wp-json\/wp\/v2\/product_cat?post=201537"},{"taxonomy":"product_tag","embeddable":true,"href":"https:\/\/depodanmusteriye.com\/urunler\/wp-json\/wp\/v2\/product_tag?post=201537"}],"curies":[{"name":"wp","href":"https:\/\/api.w.org\/{rel}","templated":true}]}}