{"id":198566,"date":"2025-12-15T18:42:23","date_gmt":"2025-12-15T18:42:23","guid":{"rendered":"https:\/\/b2b.depodanmusteriye.com\/urun\/agirlik-olcer-50-kg-el-terazisi-el-kantari-pilli-led-ekran-2\/"},"modified":"2025-12-15T18:42:23","modified_gmt":"2025-12-15T18:42:23","slug":"agirlik-olcer-50-kg-el-terazisi-el-kantari-pilli-led-ekran-2","status":"publish","type":"product","link":"https:\/\/depodanmusteriye.com\/urunler\/urun\/agirlik-olcer-50-kg-el-terazisi-el-kantari-pilli-led-ekran-2\/","title":{"rendered":"A\u011f\u0131rl\u0131k \u00d6l\u00e7er 50 Kg El Terazisi El Kantar\u0131 Pilli Led Ekran"},"content":{"rendered":"<h4>Pratik ve ta\u015f\u0131nabilir yap\u0131s\u0131yla Dijital El Terazisi El Kantar\u0131, 50 kg a\u011f\u0131rl\u0131\u011fa kadar hassas \u00f6l\u00e7\u00fcmler yapma imk\u00e2n\u0131 sunar. Kompakt tasar\u0131m\u0131 sayesinde bavullar\u0131n\u0131z\u0131, paketlerinizi veya al\u0131\u015fveri\u015f e\u015fyalar\u0131n\u0131z\u0131 kolayca tartabilirsiniz. Dijital ekran\u0131, \u00f6l\u00e7\u00fcm sonu\u00e7lar\u0131n\u0131 h\u0131zl\u0131 ve net bir \u015fekilde g\u00f6sterirken, pil ile \u00e7al\u0131\u015fan enerji tasarruflu yap\u0131s\u0131 uzun \u00f6m\u00fcrl\u00fc kullan\u0131m sa\u011flar. Seyahatlerde veya g\u00fcnl\u00fck hayatta kolay ta\u015f\u0131nabilir \u00f6zelli\u011fiyle kullan\u0131c\u0131lar\u0131na b\u00fcy\u00fck bir avantaj sunar. E\u011flenceli g\u00fclen y\u00fcz tasar\u0131m\u0131 ise bu fonksiyonel cihaz\u0131 daha \u00e7ekici hale getirir. <\/p>\n<p><b>1 adet fiyat\u0131d\u0131r<\/b> <\/p>\n<p><p><b>\u00dcretici Markas\u0131 : ZERO LAND<\/b><\/p>\n<p><b>\u00dcretici Kodu : UCZELKANTARI2<\/b><\/p>\n<p><b>1 ADET F\u0130YATIDIR<\/b><\/p>\n<\/h4>\n<p><\/p>\n","protected":false},"excerpt":{"rendered":"<p>A\u011f\u0131rl\u0131k \u00d6l\u00e7er 50 Kg El Terazisi El Kantar\u0131 Pilli Led Ekran<\/p>\n","protected":false},"featured_media":198561,"comment_status":"open","ping_status":"closed","template":"","meta":[],"product_brand":[],"product_cat":[379,1028],"product_tag":[1105,14503,2774,2059,4376,1543,2684,1811,3021,4375],"class_list":{"0":"post-198566","1":"product","2":"type-product","3":"status-publish","4":"has-post-thumbnail","6":"product_cat-ev-yasam","7":"product_cat-mutfak-tartisi","8":"product_tag-1105","9":"product_tag-agirlik","10":"product_tag-ekran","11":"product_tag-el","12":"product_tag-kantari","13":"product_tag-kg","14":"product_tag-led","15":"product_tag-olcer","16":"product_tag-pilli","17":"product_tag-terazisi","19":"first","20":"instock","21":"taxable","22":"shipping-taxable","23":"purchasable","24":"product-type-simple"},"_links":{"self":[{"href":"https:\/\/depodanmusteriye.com\/urunler\/wp-json\/wp\/v2\/product\/198566","targetHints":{"allow":["GET"]}}],"collection":[{"href":"https:\/\/depodanmusteriye.com\/urunler\/wp-json\/wp\/v2\/product"}],"about":[{"href":"https:\/\/depodanmusteriye.com\/urunler\/wp-json\/wp\/v2\/types\/product"}],"replies":[{"embeddable":true,"href":"https:\/\/depodanmusteriye.com\/urunler\/wp-json\/wp\/v2\/comments?post=198566"}],"version-history":[{"count":0,"href":"https:\/\/depodanmusteriye.com\/urunler\/wp-json\/wp\/v2\/product\/198566\/revisions"}],"wp:featuredmedia":[{"embeddable":true,"href":"https:\/\/depodanmusteriye.com\/urunler\/wp-json\/wp\/v2\/media\/198561"}],"wp:attachment":[{"href":"https:\/\/depodanmusteriye.com\/urunler\/wp-json\/wp\/v2\/media?parent=198566"}],"wp:term":[{"taxonomy":"product_brand","embeddable":true,"href":"https:\/\/depodanmusteriye.com\/urunler\/wp-json\/wp\/v2\/product_brand?post=198566"},{"taxonomy":"product_cat","embeddable":true,"href":"https:\/\/depodanmusteriye.com\/urunler\/wp-json\/wp\/v2\/product_cat?post=198566"},{"taxonomy":"product_tag","embeddable":true,"href":"https:\/\/depodanmusteriye.com\/urunler\/wp-json\/wp\/v2\/product_tag?post=198566"}],"curies":[{"name":"wp","href":"https:\/\/api.w.org\/{rel}","templated":true}]}}