{"id":194929,"date":"2025-12-15T14:54:28","date_gmt":"2025-12-15T14:54:28","guid":{"rendered":"https:\/\/b2b.depodanmusteriye.com\/urun\/3-kademe-hiz-ayarli-vantilator-telefon-standli-sarjli-katlanabilir-sogutucu-pervane-2\/"},"modified":"2025-12-15T14:54:28","modified_gmt":"2025-12-15T14:54:28","slug":"3-kademe-hiz-ayarli-vantilator-telefon-standli-sarjli-katlanabilir-sogutucu-pervane-2","status":"publish","type":"product","link":"https:\/\/depodanmusteriye.com\/urunler\/urun\/3-kademe-hiz-ayarli-vantilator-telefon-standli-sarjli-katlanabilir-sogutucu-pervane-2\/","title":{"rendered":"3 Kademe H\u0131z Ayarl\u0131 Vantilat\u00f6r Telefon Standl\u0131 \u015earjl\u0131 Katlanabilir So\u011futucu Pervane"},"content":{"rendered":"<h4>\u00dc\u00e7 farkl\u0131 h\u0131z ayar\u0131 bulunan mini fan, ki\u015fisel tercihinize g\u00f6re serinlik seviyesini ayarlaman\u0131za olanak tan\u0131r. Hafif bir esinti i\u00e7in d\u00fc\u015f\u00fck h\u0131z, daha g\u00fc\u00e7l\u00fc bir hava ak\u0131m\u0131 i\u00e7in ise y\u00fcksek h\u0131z se\u00e7ene\u011fi kullan\u0131labilir. B\u00f6ylece s\u0131cak havalarda diledi\u011finiz seviyede serinleme imkan\u0131 sunar. \u0130thalat\u00e7\u0131 garantisi alt\u0131nda 2 y\u0131l boyunca g\u00fcvenle kullanabilece\u011finiz bu \u00fcr\u00fcn, herhangi bir teknik sorun ya\u015faman\u0131z halinde destek alman\u0131z\u0131 da m\u00fcmk\u00fcn k\u0131lar. Uzun \u00f6m\u00fcrl\u00fc bataryas\u0131 ve dayan\u0131kl\u0131 yap\u0131s\u0131yla, mini fan her ortamda ferahlat\u0131c\u0131 bir deneyim sunar. <\/p>\n<p><b>1 adet fiyat\u0131d\u0131r<\/b> <\/p>\n<p><p><b>\u00dcretici Markas\u0131 : ZERO LAND<\/b><\/p>\n<p><b>\u00dcretici Kodu : UCZZZKATLANAB\u0130L\u0130RVANT\u0130LAT\u00d6RRR3<\/b><\/p>\n<p><b>1 ADET F\u0130YATIDIR<\/b><\/p>\n<\/h4>\n<p><\/p>\n","protected":false},"excerpt":{"rendered":"<p>3 Kademe H\u0131z Ayarl\u0131 Vantilat\u00f6r Telefon Standl\u0131 \u015earjl\u0131 Katlanabilir So\u011futucu Pervane<\/p>\n","protected":false},"featured_media":194924,"comment_status":"open","ping_status":"closed","template":"","meta":[],"product_brand":[],"product_cat":[379,2210],"product_tag":[1350,3165,13055,4138,4097,3296,3975,1972,2787,1971,13150],"class_list":{"0":"post-194929","1":"product","2":"type-product","3":"status-publish","4":"has-post-thumbnail","6":"product_cat-ev-yasam","7":"product_cat-vantilator-ev-ya-am","8":"product_tag-1350","9":"product_tag-ayarli","10":"product_tag-hiz","11":"product_tag-kademe","12":"product_tag-katlanabilir","13":"product_tag-pervane","14":"product_tag-sarjli","15":"product_tag-sogutucu","16":"product_tag-standli","17":"product_tag-telefon","18":"product_tag-vantilator","20":"first","21":"instock","22":"taxable","23":"shipping-taxable","24":"purchasable","25":"product-type-simple"},"_links":{"self":[{"href":"https:\/\/depodanmusteriye.com\/urunler\/wp-json\/wp\/v2\/product\/194929","targetHints":{"allow":["GET"]}}],"collection":[{"href":"https:\/\/depodanmusteriye.com\/urunler\/wp-json\/wp\/v2\/product"}],"about":[{"href":"https:\/\/depodanmusteriye.com\/urunler\/wp-json\/wp\/v2\/types\/product"}],"replies":[{"embeddable":true,"href":"https:\/\/depodanmusteriye.com\/urunler\/wp-json\/wp\/v2\/comments?post=194929"}],"version-history":[{"count":0,"href":"https:\/\/depodanmusteriye.com\/urunler\/wp-json\/wp\/v2\/product\/194929\/revisions"}],"wp:featuredmedia":[{"embeddable":true,"href":"https:\/\/depodanmusteriye.com\/urunler\/wp-json\/wp\/v2\/media\/194924"}],"wp:attachment":[{"href":"https:\/\/depodanmusteriye.com\/urunler\/wp-json\/wp\/v2\/media?parent=194929"}],"wp:term":[{"taxonomy":"product_brand","embeddable":true,"href":"https:\/\/depodanmusteriye.com\/urunler\/wp-json\/wp\/v2\/product_brand?post=194929"},{"taxonomy":"product_cat","embeddable":true,"href":"https:\/\/depodanmusteriye.com\/urunler\/wp-json\/wp\/v2\/product_cat?post=194929"},{"taxonomy":"product_tag","embeddable":true,"href":"https:\/\/depodanmusteriye.com\/urunler\/wp-json\/wp\/v2\/product_tag?post=194929"}],"curies":[{"name":"wp","href":"https:\/\/api.w.org\/{rel}","templated":true}]}}