{"id":194875,"date":"2025-12-15T14:51:03","date_gmt":"2025-12-15T14:51:03","guid":{"rendered":"https:\/\/b2b.depodanmusteriye.com\/urun\/isikli-kablosuz-mini-klavye-ve-dokunmatik-mouse-seti-turkce-kablosuz-2\/"},"modified":"2025-12-15T14:51:03","modified_gmt":"2025-12-15T14:51:03","slug":"isikli-kablosuz-mini-klavye-ve-dokunmatik-mouse-seti-turkce-kablosuz-2","status":"publish","type":"product","link":"https:\/\/depodanmusteriye.com\/urunler\/urun\/isikli-kablosuz-mini-klavye-ve-dokunmatik-mouse-seti-turkce-kablosuz-2\/","title":{"rendered":"I\u015f\u0131kl\u0131 Kablosuz Mini Klavye ve Dokunmatik Mouse Seti T\u00fcrk\u00e7e Kablosuz"},"content":{"rendered":"<h4>Yaln\u0131zca siyah renkte sunulan bu mini klavye, \u015f\u0131k ve modern bir g\u00f6r\u00fcn\u00fcme sahiptir. 92 gram a\u011f\u0131rl\u0131\u011f\u0131 ve 14.7&#215;9.8&#215;2 cm boyutlar\u0131 ile olduk\u00e7a ta\u015f\u0131nabilir bir yap\u0131dad\u0131r. 50mA voltaj g\u00fcc\u00fcne sahip olup, enerji t\u00fcketimi a\u00e7\u0131s\u0131ndan da olduk\u00e7a verimlidir. Kutu i\u00e7eri\u011finde bir adet mini klavye, bir adet USB verici ve bir adet kullan\u0131m k\u0131lavuzu bulunmaktad\u0131r. Hem g\u00fcnl\u00fck kullan\u0131mda hem de Smart TV veya oyun konsollar\u0131 gibi cihazlarla rahat bir kullan\u0131m sunan Smart I\u015f\u0131kl\u0131 Kablosuz Mini Klavye, pratikli\u011fi ve ta\u015f\u0131nabilirli\u011fi ile \u00f6n plana \u00e7\u0131kan ideal bir klavye modelidir. <\/p>\n<p><b>1 adet fiyat\u0131d\u0131r<\/b> <\/p>\n<p><p><b>\u00dcretici Markas\u0131 : ZERO LAND<\/b><\/p>\n<p><b>\u00dcretici Kodu : UCZZZM\u0130N\u0130KLAVYEEE3<\/b><\/p>\n<p><b>1 ADET F\u0130YATIDIR<\/b><\/p>\n<\/h4>\n<p><\/p>\n","protected":false},"excerpt":{"rendered":"<p>I\u015f\u0131kl\u0131 Kablosuz Mini Klavye ve Dokunmatik Mouse Seti T\u00fcrk\u00e7e Kablosuz<\/p>\n","protected":false},"featured_media":194870,"comment_status":"open","ping_status":"closed","template":"","meta":[],"product_brand":[],"product_cat":[606,374],"product_tag":[1985,3901,1640,3532,2265,4071,1172,4361,2104],"class_list":{"0":"post-194875","1":"product","2":"type-product","3":"status-publish","4":"has-post-thumbnail","6":"product_cat-klavye","7":"product_cat-mobil-aksesuar","8":"product_tag-dokunmatik","9":"product_tag-isikli","10":"product_tag-kablosuz","11":"product_tag-klavye","12":"product_tag-mini","13":"product_tag-mouse","14":"product_tag-seti","15":"product_tag-turkce","16":"product_tag-ve","18":"first","19":"instock","20":"taxable","21":"shipping-taxable","22":"purchasable","23":"product-type-simple"},"_links":{"self":[{"href":"https:\/\/depodanmusteriye.com\/urunler\/wp-json\/wp\/v2\/product\/194875","targetHints":{"allow":["GET"]}}],"collection":[{"href":"https:\/\/depodanmusteriye.com\/urunler\/wp-json\/wp\/v2\/product"}],"about":[{"href":"https:\/\/depodanmusteriye.com\/urunler\/wp-json\/wp\/v2\/types\/product"}],"replies":[{"embeddable":true,"href":"https:\/\/depodanmusteriye.com\/urunler\/wp-json\/wp\/v2\/comments?post=194875"}],"version-history":[{"count":0,"href":"https:\/\/depodanmusteriye.com\/urunler\/wp-json\/wp\/v2\/product\/194875\/revisions"}],"wp:featuredmedia":[{"embeddable":true,"href":"https:\/\/depodanmusteriye.com\/urunler\/wp-json\/wp\/v2\/media\/194870"}],"wp:attachment":[{"href":"https:\/\/depodanmusteriye.com\/urunler\/wp-json\/wp\/v2\/media?parent=194875"}],"wp:term":[{"taxonomy":"product_brand","embeddable":true,"href":"https:\/\/depodanmusteriye.com\/urunler\/wp-json\/wp\/v2\/product_brand?post=194875"},{"taxonomy":"product_cat","embeddable":true,"href":"https:\/\/depodanmusteriye.com\/urunler\/wp-json\/wp\/v2\/product_cat?post=194875"},{"taxonomy":"product_tag","embeddable":true,"href":"https:\/\/depodanmusteriye.com\/urunler\/wp-json\/wp\/v2\/product_tag?post=194875"}],"curies":[{"name":"wp","href":"https:\/\/api.w.org\/{rel}","templated":true}]}}