{"id":193515,"date":"2025-12-15T13:26:18","date_gmt":"2025-12-15T13:26:18","guid":{"rendered":"https:\/\/b2b.depodanmusteriye.com\/urun\/dijital-hd-video-kamera-cocuk-fotograf-makinesi-anlik-termal-rulo-2\/"},"modified":"2025-12-15T13:26:18","modified_gmt":"2025-12-15T13:26:18","slug":"dijital-hd-video-kamera-cocuk-fotograf-makinesi-anlik-termal-rulo-2","status":"publish","type":"product","link":"https:\/\/depodanmusteriye.com\/urunler\/urun\/dijital-hd-video-kamera-cocuk-fotograf-makinesi-anlik-termal-rulo-2\/","title":{"rendered":"Dijital HD Video Kamera \u00c7ocuk Foto\u011fraf Makinesi  Anl\u0131k Termal Rulo"},"content":{"rendered":"<h4>Bu bask\u0131 kamerayla an\u0131lar\u0131n\u0131z\u0131 yakalay\u0131n ve an\u0131nda bas\u0131n! Kutu i\u00e7erisinde 3 adet bask\u0131 rulosu bulunur, bu sayede 500 adede kadar foto\u011fraf basabilirsiniz. Y\u00fcksek kaliteli GCH62 sens\u00f6r\u00fc ve \u00e7ift lens sistemi ile keskin ve net g\u00f6r\u00fcnt\u00fcler elde edebilirsiniz. 10X dijital zoom, geni\u015f bir odaklama aral\u0131\u011f\u0131 (0.5m &#8211; sonsuz) ve 12 \u00f6zel efekt modeli ile foto\u011fraflar\u0131n\u0131za yarat\u0131c\u0131 dokunu\u015flar ekleyebilirsiniz. ISO ayarlar\u0131 (otomatik, 50, 100, 200, 400, 800, 1600) sayesinde her \u0131\u015f\u0131k ko\u015fulunda m\u00fckemmel sonu\u00e7lar al\u0131rs\u0131n\u0131z.<br \/>\nFoto\u011fraf boyutlar\u0131 3M, 5M, 8M, 10M, 20M, 25M, 30M, 48M aras\u0131nda de\u011fi\u015firken, video \u00e7ekimi AVI format\u0131nda 1080P ve 720P \u00e7\u00f6z\u00fcn\u00fcrl\u00fck se\u00e7enekleri sunar. Self-timer (2s, 5s, 10s) se\u00e7enekleriyle grup foto\u011fraflar\u0131 veya ki\u015fisel \u00e7ekimler i\u00e7in ideal bir cihazd\u0131r. Dahili mikrofonu ile radyo kayd\u0131 yapabilir ve MP3 fonksiyonu ile m\u00fczik dinleyebilirsiniz. 64GB&#8217;a kadar destekleyen TF kart\u0131 ve USB 2.0 PC aray\u00fcz\u00fc ile veri aktar\u0131m\u0131 olduk\u00e7a basittir. \u0130ngilizce, \u00c7ince, Japonca, Frans\u0131zca, Almanca, Korece, \u0130talyanca, Portekizce, Rus\u00e7a, \u0130spanyolca ve Arap\u00e7a gibi birden fazla dil deste\u011fiyle kullan\u0131m kolayl\u0131\u011f\u0131 sa\u011flar. Paket i\u00e7eri\u011finde bask\u0131 kamera ve 3 rulo ka\u011f\u0131t yer al\u0131r. Foto\u011fraflar\u0131n\u0131z\u0131 basarak an\u0131lar\u0131n\u0131z\u0131 hemen yakalay\u0131n!<\/p>\n<p>&nbsp; <\/p>\n<p><b>1 adet fiyat\u0131d\u0131r<\/b> <\/p>\n<p><p><b>\u00dcretici Markas\u0131 : ZERO LAND<\/b><\/p>\n<p><b>\u00dcretici Kodu : UCZZZPR\u0130NTERKAMERAAAA1<\/b><\/p>\n<p><b>1 ADET F\u0130YATIDIR<\/b><\/p>\n<\/h4>\n<p><\/p>\n","protected":false},"excerpt":{"rendered":"<p>Dijital HD Video Kamera \u00c7ocuk Foto\u011fraf Makinesi  Anl\u0131k Termal Rulo<\/p>\n","protected":false},"featured_media":193510,"comment_status":"open","ping_status":"closed","template":"","meta":[],"product_brand":[],"product_cat":[379,455],"product_tag":[14304,2338,3443,4067,3176,2017,3446,5153,1722,13204],"class_list":{"0":"post-193515","1":"product","2":"type-product","3":"status-publish","4":"has-post-thumbnail","6":"product_cat-ev-yasam","7":"product_cat-video-kamera","8":"product_tag-anlik","9":"product_tag-cocuk","10":"product_tag-dijital","11":"product_tag-fotograf","12":"product_tag-hd","13":"product_tag-kamera","14":"product_tag-makinesi","15":"product_tag-rulo","16":"product_tag-termal","17":"product_tag-video","19":"first","20":"instock","21":"taxable","22":"shipping-taxable","23":"purchasable","24":"product-type-simple"},"_links":{"self":[{"href":"https:\/\/depodanmusteriye.com\/urunler\/wp-json\/wp\/v2\/product\/193515","targetHints":{"allow":["GET"]}}],"collection":[{"href":"https:\/\/depodanmusteriye.com\/urunler\/wp-json\/wp\/v2\/product"}],"about":[{"href":"https:\/\/depodanmusteriye.com\/urunler\/wp-json\/wp\/v2\/types\/product"}],"replies":[{"embeddable":true,"href":"https:\/\/depodanmusteriye.com\/urunler\/wp-json\/wp\/v2\/comments?post=193515"}],"version-history":[{"count":0,"href":"https:\/\/depodanmusteriye.com\/urunler\/wp-json\/wp\/v2\/product\/193515\/revisions"}],"wp:featuredmedia":[{"embeddable":true,"href":"https:\/\/depodanmusteriye.com\/urunler\/wp-json\/wp\/v2\/media\/193510"}],"wp:attachment":[{"href":"https:\/\/depodanmusteriye.com\/urunler\/wp-json\/wp\/v2\/media?parent=193515"}],"wp:term":[{"taxonomy":"product_brand","embeddable":true,"href":"https:\/\/depodanmusteriye.com\/urunler\/wp-json\/wp\/v2\/product_brand?post=193515"},{"taxonomy":"product_cat","embeddable":true,"href":"https:\/\/depodanmusteriye.com\/urunler\/wp-json\/wp\/v2\/product_cat?post=193515"},{"taxonomy":"product_tag","embeddable":true,"href":"https:\/\/depodanmusteriye.com\/urunler\/wp-json\/wp\/v2\/product_tag?post=193515"}],"curies":[{"name":"wp","href":"https:\/\/api.w.org\/{rel}","templated":true}]}}