{"id":192953,"date":"2025-12-15T12:52:31","date_gmt":"2025-12-15T12:52:31","guid":{"rendered":"https:\/\/b2b.depodanmusteriye.com\/urun\/ayarlanabilir-kafa-lambasi-type-c-sarjli-kompakt-kamp-lambasi-2\/"},"modified":"2025-12-15T12:52:31","modified_gmt":"2025-12-15T12:52:31","slug":"ayarlanabilir-kafa-lambasi-type-c-sarjli-kompakt-kamp-lambasi-2","status":"publish","type":"product","link":"https:\/\/depodanmusteriye.com\/urunler\/urun\/ayarlanabilir-kafa-lambasi-type-c-sarjli-kompakt-kamp-lambasi-2\/","title":{"rendered":"Ayarlanabilir Kafa Lambas\u0131 Type-C \u015earjl\u0131 Kompakt Kamp Lambas\u0131"},"content":{"rendered":"<h4>Zorlu ko\u015fullarda maksimum g\u00f6r\u00fc\u015f ve kullan\u0131m konforu sunan bu \u00e7ok i\u015flevli LED kafa lambas\u0131, karanl\u0131k ortamlarda size g\u00fc\u00e7l\u00fc bir ayd\u0131nlatma \u00e7\u00f6z\u00fcm\u00fc sunar. XPG LED ve 2 adet COB \u0131\u015f\u0131k teknolojisiyle donat\u0131lm\u0131\u015f olan cihaz, 300 ila 1200 l\u00fcmen aras\u0131 y\u00fcksek parlakl\u0131k seviyesiyle \u00f6ne \u00e7\u0131kar. Geni\u015f \u0131\u015f\u0131k a\u00e7\u0131s\u0131, hem yak\u0131n hem de uzak mesafelerde net g\u00f6r\u00fc\u015f imkan\u0131 sa\u011flar. Kamp, do\u011fa y\u00fcr\u00fcy\u00fc\u015fleri, gece bal\u0131k\u00e7\u0131l\u0131\u011f\u0131, tamirat i\u015fleri gibi pek \u00e7ok senaryoda g\u00fcvenilir bir yard\u0131mc\u0131d\u0131r.<br \/>\nABS plastik malzemeden \u00fcretilmi\u015f sa\u011flam g\u00f6vdesi, darbelere ve d\u0131\u015f etkenlere kar\u015f\u0131 y\u00fcksek dayan\u0131kl\u0131l\u0131k sunarken; sadece 50 graml\u0131k hafif yap\u0131s\u0131yla uzun s\u00fcreli kullan\u0131mlarda dahi rahats\u0131zl\u0131k hissi yaratmaz. Kompakt \u00f6l\u00e7\u00fcleri (70x35x33 mm), onu cebinizde bile rahat\u00e7a ta\u015f\u0131yabilece\u011finiz pratik bir hale getirir. Esnek ve ayarlanabilir kafa band\u0131, farkl\u0131 kullan\u0131c\u0131 tiplerine uygun ergonomik bir deneyim sunar.<br \/>\nDahili lityum bataryas\u0131 sayesinde \u00e7evre dostu ve ekonomik bir kullan\u0131m imkan\u0131 sunan kafa lambas\u0131, USB kablosu ile kolayca \u015farj edilebilir. Uzun pil \u00f6mr\u00fc, tek \u015farjla uzun s\u00fcreli ayd\u0131nlatma sa\u011flar. Paket i\u00e7eri\u011finde kafa lambas\u0131, USB \u015farj kablosu ve kafa band\u0131 yer al\u0131r. Geli\u015fmi\u015f LED teknolojisi, kullan\u0131c\u0131 dostu tasar\u0131m\u0131 ve dayan\u0131kl\u0131 yap\u0131s\u0131yla bu kafa lambas\u0131, hem profesyonel hem de amat\u00f6r kullan\u0131c\u0131lar i\u00e7in vazge\u00e7ilmez bir ekipmand\u0131r.<\/p>\n<p>&nbsp;<\/p>\n<p>&nbsp; <\/p>\n<p><b>1 adet fiyat\u0131d\u0131r<\/b> <\/p>\n<p><p><b>\u00dcretici Markas\u0131 : ZERO LAND<\/b><\/p>\n<p><b>\u00dcretici Kodu : UCZZZHS43LAMBAAAAA3<\/b><\/p>\n<p><b>1 ADET F\u0130YATIDIR<\/b><\/p>\n<\/h4>\n<p><\/p>\n","protected":false},"excerpt":{"rendered":"<p>Ayarlanabilir Kafa Lambas\u0131 Type-C \u015earjl\u0131 Kompakt Kamp Lambas\u0131<\/p>\n","protected":false},"featured_media":192948,"comment_status":"open","ping_status":"closed","template":"","meta":[],"product_brand":[],"product_cat":[379,783],"product_tag":[3334,3599,4043,3986,2287,3975,1952],"class_list":{"0":"post-192953","1":"product","2":"type-product","3":"status-publish","4":"has-post-thumbnail","6":"product_cat-ev-yasam","7":"product_cat-kafa-lambasi","8":"product_tag-ayarlanabilir","9":"product_tag-kafa","10":"product_tag-kamp","11":"product_tag-kompakt","12":"product_tag-lambasi","13":"product_tag-sarjli","14":"product_tag-type-c","16":"first","17":"instock","18":"taxable","19":"shipping-taxable","20":"purchasable","21":"product-type-simple"},"_links":{"self":[{"href":"https:\/\/depodanmusteriye.com\/urunler\/wp-json\/wp\/v2\/product\/192953","targetHints":{"allow":["GET"]}}],"collection":[{"href":"https:\/\/depodanmusteriye.com\/urunler\/wp-json\/wp\/v2\/product"}],"about":[{"href":"https:\/\/depodanmusteriye.com\/urunler\/wp-json\/wp\/v2\/types\/product"}],"replies":[{"embeddable":true,"href":"https:\/\/depodanmusteriye.com\/urunler\/wp-json\/wp\/v2\/comments?post=192953"}],"version-history":[{"count":0,"href":"https:\/\/depodanmusteriye.com\/urunler\/wp-json\/wp\/v2\/product\/192953\/revisions"}],"wp:featuredmedia":[{"embeddable":true,"href":"https:\/\/depodanmusteriye.com\/urunler\/wp-json\/wp\/v2\/media\/192948"}],"wp:attachment":[{"href":"https:\/\/depodanmusteriye.com\/urunler\/wp-json\/wp\/v2\/media?parent=192953"}],"wp:term":[{"taxonomy":"product_brand","embeddable":true,"href":"https:\/\/depodanmusteriye.com\/urunler\/wp-json\/wp\/v2\/product_brand?post=192953"},{"taxonomy":"product_cat","embeddable":true,"href":"https:\/\/depodanmusteriye.com\/urunler\/wp-json\/wp\/v2\/product_cat?post=192953"},{"taxonomy":"product_tag","embeddable":true,"href":"https:\/\/depodanmusteriye.com\/urunler\/wp-json\/wp\/v2\/product_tag?post=192953"}],"curies":[{"name":"wp","href":"https:\/\/api.w.org\/{rel}","templated":true}]}}