{"id":192718,"date":"2025-12-15T12:38:28","date_gmt":"2025-12-15T12:38:28","guid":{"rendered":"https:\/\/b2b.depodanmusteriye.com\/urun\/bluetooth-hoparlor-uzun-pil-omru-yuksek-ses-kaliteli-kablosuz-telefon-tutma-2\/"},"modified":"2025-12-15T12:38:28","modified_gmt":"2025-12-15T12:38:28","slug":"bluetooth-hoparlor-uzun-pil-omru-yuksek-ses-kaliteli-kablosuz-telefon-tutma-2","status":"publish","type":"product","link":"https:\/\/depodanmusteriye.com\/urunler\/urun\/bluetooth-hoparlor-uzun-pil-omru-yuksek-ses-kaliteli-kablosuz-telefon-tutma-2\/","title":{"rendered":"Bluetooth Hoparl\u00f6r Uzun Pil \u00d6mr\u00fc Y\u00fcksek Ses Kaliteli Kablosuz Telefon Tutma"},"content":{"rendered":"<h4>Bu \u00fcr\u00fcn, 2 y\u0131l ithalat\u00e7\u0131 garantisiyle gelir, b\u00f6ylece olas\u0131 teknik aksakl\u0131klar durumunda endi\u015fe duyman\u0131za gerek kalmaz. \u00dcr\u00fcn\u00fcn\u00fcz\u00fcn garantisi sayesinde, herhangi bir ar\u0131za durumunda h\u0131zl\u0131 ve sorunsuz bir destek alarak g\u00fcvenle kullanabilirsiniz. Uzun \u00f6m\u00fcrl\u00fc kullan\u0131m ve kaliteli performans i\u00e7in size ek g\u00fcvence sunar.<\/p>\n<p>Uzun S\u00fcreli M\u00fczik Keyfi<\/p>\n<p>5 ila 10 saat aras\u0131nda kesintisiz m\u00fczik dinleme s\u00fcresi sa\u011flayan bu cihaz, uzun etkinlikler, geziler veya sosyal aktiviteler s\u0131ras\u0131nda m\u00fczikten keyif alman\u0131z\u0131 sa\u011flar. Batarya kapasitesi, uzun s\u00fcreli kullan\u0131mda dahi m\u00fczik kesintisi ya\u015fatmadan sizi yaln\u0131z b\u0131rakmaz, b\u00f6ylece s\u00fcrekli m\u00fczik ak\u0131\u015f\u0131n\u0131n tad\u0131n\u0131 \u00e7\u0131karabilirsiniz.<\/p>\n<p>Kablosuz Ba\u011flant\u0131 ile Esneklik<\/p>\n<p>Kablosuz ba\u011flant\u0131 \u00f6zelli\u011fi sayesinde, art\u0131k kablolarla u\u011fra\u015fmak zorunda de\u011filsiniz. Kolayca ba\u011flanabilir, istedi\u011finiz gibi hareket edebilirsiniz. Ba\u011flant\u0131 s\u0131k\u0131nt\u0131s\u0131 ya\u015famadan, m\u00fczi\u011finizi rahat\u00e7a dinlerken \u00f6zg\u00fcrl\u00fc\u011f\u00fcn tad\u0131n\u0131 \u00e7\u0131karabilirsiniz. Bu teknoloji, kullan\u0131m kolayl\u0131\u011f\u0131 ve pratiklik sunarak g\u00fcnl\u00fck hayat\u0131n\u0131za katk\u0131 sa\u011flar.<\/p>\n<p>&nbsp;<\/p>\n<p>&nbsp;<\/p>\n<p>&nbsp; <\/p>\n<p><b>1 adet fiyat\u0131d\u0131r<\/b> <\/p>\n<p><p><b>\u00dcretici Markas\u0131 : ZERO LAND<\/b><\/p>\n<p><b>\u00dcretici Kodu : UCZZZXM318HOPARL\u00d6RRRRRR3<\/b><\/p>\n<p><b>1 ADET F\u0130YATIDIR<\/b><\/p>\n<\/h4>\n<p><\/p>\n","protected":false},"excerpt":{"rendered":"<p>Bluetooth Hoparl\u00f6r Uzun Pil \u00d6mr\u00fc Y\u00fcksek Ses Kaliteli Kablosuz Telefon Tutma<\/p>\n","protected":false},"featured_media":192713,"comment_status":"open","ping_status":"closed","template":"","meta":[],"product_brand":[],"product_cat":[461,374],"product_tag":[3605,1968,1640,10547,13014,4199,1915,1971,2060,2357,2630],"class_list":{"0":"post-192718","1":"product","2":"type-product","3":"status-publish","4":"has-post-thumbnail","6":"product_cat-bluetooth-hoparlor","7":"product_cat-mobil-aksesuar","8":"product_tag-bluetooth","9":"product_tag-hoparlor","10":"product_tag-kablosuz","11":"product_tag-kaliteli","12":"product_tag-omru","13":"product_tag-pil","14":"product_tag-ses","15":"product_tag-telefon","16":"product_tag-tutma","17":"product_tag-uzun","18":"product_tag-yuksek","20":"first","21":"instock","22":"taxable","23":"shipping-taxable","24":"purchasable","25":"product-type-simple"},"_links":{"self":[{"href":"https:\/\/depodanmusteriye.com\/urunler\/wp-json\/wp\/v2\/product\/192718","targetHints":{"allow":["GET"]}}],"collection":[{"href":"https:\/\/depodanmusteriye.com\/urunler\/wp-json\/wp\/v2\/product"}],"about":[{"href":"https:\/\/depodanmusteriye.com\/urunler\/wp-json\/wp\/v2\/types\/product"}],"replies":[{"embeddable":true,"href":"https:\/\/depodanmusteriye.com\/urunler\/wp-json\/wp\/v2\/comments?post=192718"}],"version-history":[{"count":0,"href":"https:\/\/depodanmusteriye.com\/urunler\/wp-json\/wp\/v2\/product\/192718\/revisions"}],"wp:featuredmedia":[{"embeddable":true,"href":"https:\/\/depodanmusteriye.com\/urunler\/wp-json\/wp\/v2\/media\/192713"}],"wp:attachment":[{"href":"https:\/\/depodanmusteriye.com\/urunler\/wp-json\/wp\/v2\/media?parent=192718"}],"wp:term":[{"taxonomy":"product_brand","embeddable":true,"href":"https:\/\/depodanmusteriye.com\/urunler\/wp-json\/wp\/v2\/product_brand?post=192718"},{"taxonomy":"product_cat","embeddable":true,"href":"https:\/\/depodanmusteriye.com\/urunler\/wp-json\/wp\/v2\/product_cat?post=192718"},{"taxonomy":"product_tag","embeddable":true,"href":"https:\/\/depodanmusteriye.com\/urunler\/wp-json\/wp\/v2\/product_tag?post=192718"}],"curies":[{"name":"wp","href":"https:\/\/api.w.org\/{rel}","templated":true}]}}