{"id":190652,"date":"2025-12-15T10:33:27","date_gmt":"2025-12-15T10:33:27","guid":{"rendered":"https:\/\/b2b.depodanmusteriye.com\/urun\/tv-baglantili-500-oyunlu-mini-gameboy-konsol-2\/"},"modified":"2025-12-15T10:33:27","modified_gmt":"2025-12-15T10:33:27","slug":"tv-baglantili-500-oyunlu-mini-gameboy-konsol-2","status":"publish","type":"product","link":"https:\/\/depodanmusteriye.com\/urunler\/urun\/tv-baglantili-500-oyunlu-mini-gameboy-konsol-2\/","title":{"rendered":"TV Ba\u011flant\u0131l\u0131 500 Oyunlu Mini Gameboy Konsol"},"content":{"rendered":"<h4>\u0130sterseniz konsolu elinizde ta\u015f\u0131nabilir olarak kullanabilir, isterseniz AV kablo arac\u0131l\u0131\u011f\u0131yla TV\u2019ye ba\u011flayarak oyunlar\u0131 daha b\u00fcy\u00fck ekranda oynayabilirsiniz. Tek ba\u015f\u0131na ya da arkada\u015flar\u0131n\u0131zla birlikte oynayabilece\u011finiz bu cihaz, her ortamda e\u011flencenize e\u015flik eder. <\/p>\n<p><b>1 adet fiyat\u0131d\u0131r<\/b> <\/p>\n<p><p><b>\u00dcretici Markas\u0131 : ZERO LAND<\/b><\/p>\n<p><b>\u00dcretici Kodu : UCZZZG5ATER\u01302<\/b><\/p>\n<p><b>1 ADET F\u0130YATIDIR<\/b><\/p>\n<\/h4>\n<p><\/p>\n","protected":false},"excerpt":{"rendered":"<p>TV Ba\u011flant\u0131l\u0131 500 Oyunlu Mini Gameboy Konsol<\/p>\n","protected":false},"featured_media":190647,"comment_status":"open","ping_status":"closed","template":"","meta":[],"product_brand":[],"product_cat":[379,725],"product_tag":[2836,4247,14136,13486,2265,4167,4014],"class_list":{"0":"post-190652","1":"product","2":"type-product","3":"status-publish","4":"has-post-thumbnail","6":"product_cat-ev-yasam","7":"product_cat-psp-and-vita-oyunu","8":"product_tag-2836","9":"product_tag-baglantili","10":"product_tag-gameboy","11":"product_tag-konsol","12":"product_tag-mini","13":"product_tag-oyunlu","14":"product_tag-tv","16":"first","17":"instock","18":"taxable","19":"shipping-taxable","20":"purchasable","21":"product-type-simple"},"_links":{"self":[{"href":"https:\/\/depodanmusteriye.com\/urunler\/wp-json\/wp\/v2\/product\/190652","targetHints":{"allow":["GET"]}}],"collection":[{"href":"https:\/\/depodanmusteriye.com\/urunler\/wp-json\/wp\/v2\/product"}],"about":[{"href":"https:\/\/depodanmusteriye.com\/urunler\/wp-json\/wp\/v2\/types\/product"}],"replies":[{"embeddable":true,"href":"https:\/\/depodanmusteriye.com\/urunler\/wp-json\/wp\/v2\/comments?post=190652"}],"version-history":[{"count":0,"href":"https:\/\/depodanmusteriye.com\/urunler\/wp-json\/wp\/v2\/product\/190652\/revisions"}],"wp:featuredmedia":[{"embeddable":true,"href":"https:\/\/depodanmusteriye.com\/urunler\/wp-json\/wp\/v2\/media\/190647"}],"wp:attachment":[{"href":"https:\/\/depodanmusteriye.com\/urunler\/wp-json\/wp\/v2\/media?parent=190652"}],"wp:term":[{"taxonomy":"product_brand","embeddable":true,"href":"https:\/\/depodanmusteriye.com\/urunler\/wp-json\/wp\/v2\/product_brand?post=190652"},{"taxonomy":"product_cat","embeddable":true,"href":"https:\/\/depodanmusteriye.com\/urunler\/wp-json\/wp\/v2\/product_cat?post=190652"},{"taxonomy":"product_tag","embeddable":true,"href":"https:\/\/depodanmusteriye.com\/urunler\/wp-json\/wp\/v2\/product_tag?post=190652"}],"curies":[{"name":"wp","href":"https:\/\/api.w.org\/{rel}","templated":true}]}}