{"id":19049,"date":"2025-12-05T08:08:12","date_gmt":"2025-12-05T08:08:12","guid":{"rendered":"https:\/\/b2b.depodanmusteriye.com\/urun\/eurogold-kumlu-tunek\/"},"modified":"2025-12-05T08:08:12","modified_gmt":"2025-12-05T08:08:12","slug":"eurogold-kumlu-tunek","status":"publish","type":"product","link":"https:\/\/depodanmusteriye.com\/urunler\/urun\/eurogold-kumlu-tunek\/","title":{"rendered":"EuroGold Kumlu T\u00fcnek"},"content":{"rendered":"<h4><STRONG>EuroGold-nbsp;Ku\u015flar \u0130\u00e7in Kumlu T\u00fcnek<\/p>\n<p><STRONG>K\u00fc\u00e7\u00fck boy ku\u015flar i\u00e7in, \u00f6zel olarak \u00fcretilmi\u015f kumlu yap\u0131s\u0131 sayesinde a\u015f\u0131r\u0131 uzayan, zamanla ac\u0131 veren t\u0131rnaklar\u0131n ve gagan\u0131n t\u00f6rp\u00fclenmesine yard\u0131mc\u0131 olan kumlu ku\u015f t\u00fcne\u011fidir.<br \/>\n<P>* Paket i\u00e7erisinde-nbsp;4 adet bulunmaktad\u0131r.<P><br \/>\n<P><STRONG>\u00dcr\u00fcn\u00fcn Kullan\u0131m \u015eekli<STRONG><br \/>* Kafeste kullan\u0131lan t\u00fcne\u011fin \u00fcst\u00fcne ge\u00e7irilerek kullan\u0131lmaktad\u0131r.<br \/>*-nbsp;1 &#8211; 2 hafta arayla yenisiyle de\u011fi\u015ftirilmesi tavsiye edilmektedir.<P> <\/p>\n<p><b>10 adet fiyat\u0131d\u0131r<\/b> <\/p>\n<p><p><b>\u00dcretici Markas\u0131 : EUROGOLD<\/b><\/p>\n<p><b>\u00dcretici Kodu : 4513051<\/b><\/p>\n<p><b>10 ADET F\u0130YATIDIR<\/b><\/p>\n<\/h4>\n<p><\/p>\n","protected":false},"excerpt":{"rendered":"<p>EuroGold Kumlu T\u00fcnek<\/p>\n","protected":false},"featured_media":19048,"comment_status":"open","ping_status":"closed","template":"","meta":[],"product_brand":[],"product_cat":[536,370],"product_tag":[3245,3027,1553],"class_list":{"0":"post-19049","1":"product","2":"type-product","3":"status-publish","4":"has-post-thumbnail","6":"product_cat-kus-tunegi","7":"product_cat-pet-shop","8":"product_tag-eurogold","9":"product_tag-kumlu","10":"product_tag-tunek","12":"first","13":"instock","14":"taxable","15":"shipping-taxable","16":"purchasable","17":"product-type-simple"},"_links":{"self":[{"href":"https:\/\/depodanmusteriye.com\/urunler\/wp-json\/wp\/v2\/product\/19049","targetHints":{"allow":["GET"]}}],"collection":[{"href":"https:\/\/depodanmusteriye.com\/urunler\/wp-json\/wp\/v2\/product"}],"about":[{"href":"https:\/\/depodanmusteriye.com\/urunler\/wp-json\/wp\/v2\/types\/product"}],"replies":[{"embeddable":true,"href":"https:\/\/depodanmusteriye.com\/urunler\/wp-json\/wp\/v2\/comments?post=19049"}],"version-history":[{"count":0,"href":"https:\/\/depodanmusteriye.com\/urunler\/wp-json\/wp\/v2\/product\/19049\/revisions"}],"wp:featuredmedia":[{"embeddable":true,"href":"https:\/\/depodanmusteriye.com\/urunler\/wp-json\/wp\/v2\/media\/19048"}],"wp:attachment":[{"href":"https:\/\/depodanmusteriye.com\/urunler\/wp-json\/wp\/v2\/media?parent=19049"}],"wp:term":[{"taxonomy":"product_brand","embeddable":true,"href":"https:\/\/depodanmusteriye.com\/urunler\/wp-json\/wp\/v2\/product_brand?post=19049"},{"taxonomy":"product_cat","embeddable":true,"href":"https:\/\/depodanmusteriye.com\/urunler\/wp-json\/wp\/v2\/product_cat?post=19049"},{"taxonomy":"product_tag","embeddable":true,"href":"https:\/\/depodanmusteriye.com\/urunler\/wp-json\/wp\/v2\/product_tag?post=19049"}],"curies":[{"name":"wp","href":"https:\/\/api.w.org\/{rel}","templated":true}]}}