{"id":189850,"date":"2025-12-15T09:47:39","date_gmt":"2025-12-15T09:47:39","guid":{"rendered":"https:\/\/b2b.depodanmusteriye.com\/urun\/t10-ultra-2-akilli-saat\/"},"modified":"2025-12-15T09:47:39","modified_gmt":"2025-12-15T09:47:39","slug":"t10-ultra-2-akilli-saat","status":"publish","type":"product","link":"https:\/\/depodanmusteriye.com\/urunler\/urun\/t10-ultra-2-akilli-saat\/","title":{"rendered":"T10 Ultra 2 Ak\u0131ll\u0131 Saat"},"content":{"rendered":"<h4>T10 ULTRA AKILLI SAAT IOS ve android t\u00fcm telefonlarda uyumludur. Bluetooth ba\u011flant\u0131s\u0131 yaparak saat \u00fczerinden aramalara cevap verebilir, konu\u015fabilirsiniz &#8211; Saat ile telefonu e\u015fle\u015fme yaparak telefonunuzdaki rehberinizi g\u00f6rebilirsiniz ve arama yapabilirsiniz -bluetooth hat\u0131rlat\u0131c\u0131s\u0131 sms ve sosyal medya bildirimleri \/ whatsapp, instagram, facebook vb. Kalp at\u0131\u015f h\u0131z\u0131 alg\u0131lama kalp at\u0131\u015f h\u0131z\u0131 izleme g\u00fcn\u00fcn her saatinde izleme &#8211; Ad\u0131msayar, spor kalori, kalori t\u00fcketimi, egzersiz kilometre kayd\u0131 &#8211; Sa\u011fl\u0131ks\u0131z ya\u015fam tarz\u0131n\u0131 de\u011fi\u015ftirmek i\u00e7in yerle\u015fik hat\u0131rlatma -Uyku izleme -Hedef bilim -Uyku durumunuzu nicel olarak kaydedin ve analiz edin &#8211; Cep telefonu i\u015flevini bulma -Anti-Kay\u0131p hat\u0131rlatma &#8211; Iki y\u00f6nl\u00fc arama &#8211; Bluetooth m\u00fczik \u00e7alma &#8211; \u00c7a\u011fr\u0131 hat\u0131rlatma deste\u011fi -Bluetooth i\u015flevi ve s\u00fcr\u00fcm 3.0, 4.0 \u00e7a\u011fr\u0131s\u0131n\u0131 destekler -pil \u00f6zellikleri ve kapasitesi 210 mah y\u00fcksek kapasiteli polimer -Titre\u015fim motoru deste\u011fi &#8211; Di\u011fer \u00f6zellikler \u00e7alar saat, takvim, kronometre, \u00c7oklu dil paketi t\u00fcrk\u00e7e, ingilizce, almanca, ispanyolca, italyanca, frans\u0131zca, rus\u00e7a, arap\u00e7a, \u00e7ince vb. Ana ekran 2.09 hd \u0131ps, tam uyum dokunmatik ekran. <\/p>\n<p><b>1 adet fiyat\u0131d\u0131r<\/b> <\/p>\n<p><p><b>\u00dcretici Markas\u0131 : ZERO LAND<\/b><\/p>\n<p><b>\u00dcretici Kodu : UUCZT10ULTRASAAT<\/b><\/p>\n<p><b>1 ADET F\u0130YATIDIR<\/b><\/p>\n<\/h4>\n<p><\/p>\n","protected":false},"excerpt":{"rendered":"<p>T10 Ultra 2 Ak\u0131ll\u0131 Saat<\/p>\n","protected":false},"featured_media":189845,"comment_status":"open","ping_status":"closed","template":"","meta":[],"product_brand":[],"product_cat":[630,374],"product_tag":[1613,3636,3637,9098,1976],"class_list":{"0":"post-189850","1":"product","2":"type-product","3":"status-publish","4":"has-post-thumbnail","6":"product_cat-akilli-saat","7":"product_cat-mobil-aksesuar","8":"product_tag-1613","9":"product_tag-akilli","10":"product_tag-saat","11":"product_tag-t10","12":"product_tag-ultra","14":"first","15":"instock","16":"taxable","17":"shipping-taxable","18":"purchasable","19":"product-type-simple"},"_links":{"self":[{"href":"https:\/\/depodanmusteriye.com\/urunler\/wp-json\/wp\/v2\/product\/189850","targetHints":{"allow":["GET"]}}],"collection":[{"href":"https:\/\/depodanmusteriye.com\/urunler\/wp-json\/wp\/v2\/product"}],"about":[{"href":"https:\/\/depodanmusteriye.com\/urunler\/wp-json\/wp\/v2\/types\/product"}],"replies":[{"embeddable":true,"href":"https:\/\/depodanmusteriye.com\/urunler\/wp-json\/wp\/v2\/comments?post=189850"}],"version-history":[{"count":0,"href":"https:\/\/depodanmusteriye.com\/urunler\/wp-json\/wp\/v2\/product\/189850\/revisions"}],"wp:featuredmedia":[{"embeddable":true,"href":"https:\/\/depodanmusteriye.com\/urunler\/wp-json\/wp\/v2\/media\/189845"}],"wp:attachment":[{"href":"https:\/\/depodanmusteriye.com\/urunler\/wp-json\/wp\/v2\/media?parent=189850"}],"wp:term":[{"taxonomy":"product_brand","embeddable":true,"href":"https:\/\/depodanmusteriye.com\/urunler\/wp-json\/wp\/v2\/product_brand?post=189850"},{"taxonomy":"product_cat","embeddable":true,"href":"https:\/\/depodanmusteriye.com\/urunler\/wp-json\/wp\/v2\/product_cat?post=189850"},{"taxonomy":"product_tag","embeddable":true,"href":"https:\/\/depodanmusteriye.com\/urunler\/wp-json\/wp\/v2\/product_tag?post=189850"}],"curies":[{"name":"wp","href":"https:\/\/api.w.org\/{rel}","templated":true}]}}