{"id":18885,"date":"2025-12-05T08:02:54","date_gmt":"2025-12-05T08:02:54","guid":{"rendered":"https:\/\/b2b.depodanmusteriye.com\/urun\/pet-comfort-delta-varius-bej-kareli-kedi-ve-kopek-yatagi-s-60x75cm\/"},"modified":"2025-12-05T08:02:54","modified_gmt":"2025-12-05T08:02:54","slug":"pet-comfort-delta-varius-bej-kareli-kedi-ve-kopek-yatagi-s-60x75cm","status":"publish","type":"product","link":"https:\/\/depodanmusteriye.com\/urunler\/urun\/pet-comfort-delta-varius-bej-kareli-kedi-ve-kopek-yatagi-s-60x75cm\/","title":{"rendered":"Pet Comfort Delta Varius Bej Kareli Kedi ve K\u00f6pek Yata\u011f\u0131 S 60x75cm"},"content":{"rendered":"<h4>Pet Comfort Delta  Bej Kareli Kedi ve K\u00f6pek Yata\u011f\u0131 S 75x60cm <\/p>\n<p>Yeti\u015fkin A\u011f\u0131rl\u0131\u011f\u0131 10Kg yi ge\u00e7meyen k\u00fc\u00e7\u00fck \u0131rk k\u00f6pe\u011finizin veya t\u00fcm ya\u015f ve boylardaki kedinizin konforu ve rahat\u0131 i\u00e7in her ayr\u0131nt\u0131s\u0131 d\u00fc\u015f\u00fcn\u00fclm\u00fc\u015f, ergonomik, \u015f\u0131k ve \u00e7ok kaliteli kedi ve k\u00f6pek yata\u011f\u0131d\u0131r. Yata\u011f\u0131n y\u00fcksekli\u011fi 14cm dir. Yata\u011f\u0131n i\u00e7 \u00f6l\u00e7\u00fcleri 27x36cm dir. Yatak k\u0131l\u0131f\u0131 \u00e7ok kaliteli hayvan sa\u011fl\u0131\u011f\u0131na uygun kuma\u015ftan, i\u00e7 b\u00f6l\u00fcm\u00fc ayr\u0131 \u00f6zel k\u0131l\u0131f i\u00e7erisine 1. s\u0131n\u0131f elyaf dolgu ile \u00fcretilmi\u015ftir. Yatak i\u00e7erisinde yer alan i\u00e7 yast\u0131\u011f\u0131 sabittir.Taban yast\u0131\u011f\u0131 i\u00e7i 1.s\u0131n\u0131f yumu\u015fak s\u00fcngerdir. D\u0131\u015f k\u0131l\u0131f ve i\u00e7 yast\u0131k k\u0131l\u0131f\u0131 d\u00fc\u015f\u00fck \u0131s\u0131 kuru temizleme ile temizlenebilir veya \u00e7ama\u015f\u0131r makinas\u0131nda 30C de y\u0131kanabilirler. \u00d6zel k\u0131l\u0131f i\u00e7erisindeki kaliteli elyaf yast\u0131klar elde d\u00fc\u015f\u00fck \u0131s\u0131da veya \u00e7ama\u015f\u0131r makinas\u0131 elde y\u0131kama program\u0131nda d\u00fc\u015f\u00fck \u0131s\u0131da y\u0131kanabilirler. \u00dcr\u00fcn\u00fcn alt taraf\u0131nda yer alan \u00f6zel \u00fcretim kaymaz kuma\u015f sayesinde k\u00f6pek yata\u011f\u0131, parke, mermer vb y\u00fczeylerde kaymaz. K\u00f6pe\u011finiz g\u00fcvenle \u00fczerine \u00e7\u0131kabilir, yatabilir, kenarlar\u0131na s\u0131rt\u0131n\u0131 yaslayabilir ve oldu\u011fu yerde aya\u011fa kalk\u0131p kendi etraf\u0131nda d\u00f6nebilir. \u00d6zel vakumlu ambalaj\u0131nda el de\u011fmeden paketlenmekte ve size g\u00fcvenle ula\u015ft\u0131r\u0131lmaktad\u0131r. Do\u011fru k\u00f6pek yata\u011f\u0131 se\u00e7imi i\u00e7in blog yaz\u0131m\u0131z\u0131 okumay\u0131 unutmay\u0131n ltf. <\/p>\n<p><b>1 adet fiyat\u0131d\u0131r<\/b> <\/p>\n<p><p><b>\u00dcretici Markas\u0131 : Pet Comfort<\/b><\/p>\n<p><b>\u00dcretici Kodu : 8683181134379<\/b><\/p>\n<p><b>1 ADET F\u0130YATIDIR<\/b><\/p>\n<\/h4>\n<p><\/p>\n","protected":false},"excerpt":{"rendered":"<p>Pet Comfort Delta Varius Bej Kareli Kedi ve K\u00f6pek Yata\u011f\u0131 S 60x75cm<\/p>\n","protected":false},"featured_media":18881,"comment_status":"open","ping_status":"closed","template":"","meta":[],"product_brand":[],"product_cat":[509,370],"product_tag":[4805,2647,3194,4806,4821,1550,1491,1573,1583,4820,2104,3300],"class_list":{"0":"post-18885","1":"product","2":"type-product","3":"status-publish","4":"has-post-thumbnail","6":"product_cat-kedi-ve-kopek-yatagi","7":"product_cat-pet-shop","8":"product_tag-60x75cm","9":"product_tag-bej","10":"product_tag-comfort","11":"product_tag-delta","12":"product_tag-kareli","13":"product_tag-kedi","14":"product_tag-kopek","15":"product_tag-pet","16":"product_tag-s","17":"product_tag-varius","18":"product_tag-ve","19":"product_tag-yatagi","21":"first","22":"instock","23":"taxable","24":"shipping-taxable","25":"purchasable","26":"product-type-simple"},"_links":{"self":[{"href":"https:\/\/depodanmusteriye.com\/urunler\/wp-json\/wp\/v2\/product\/18885","targetHints":{"allow":["GET"]}}],"collection":[{"href":"https:\/\/depodanmusteriye.com\/urunler\/wp-json\/wp\/v2\/product"}],"about":[{"href":"https:\/\/depodanmusteriye.com\/urunler\/wp-json\/wp\/v2\/types\/product"}],"replies":[{"embeddable":true,"href":"https:\/\/depodanmusteriye.com\/urunler\/wp-json\/wp\/v2\/comments?post=18885"}],"version-history":[{"count":0,"href":"https:\/\/depodanmusteriye.com\/urunler\/wp-json\/wp\/v2\/product\/18885\/revisions"}],"wp:featuredmedia":[{"embeddable":true,"href":"https:\/\/depodanmusteriye.com\/urunler\/wp-json\/wp\/v2\/media\/18881"}],"wp:attachment":[{"href":"https:\/\/depodanmusteriye.com\/urunler\/wp-json\/wp\/v2\/media?parent=18885"}],"wp:term":[{"taxonomy":"product_brand","embeddable":true,"href":"https:\/\/depodanmusteriye.com\/urunler\/wp-json\/wp\/v2\/product_brand?post=18885"},{"taxonomy":"product_cat","embeddable":true,"href":"https:\/\/depodanmusteriye.com\/urunler\/wp-json\/wp\/v2\/product_cat?post=18885"},{"taxonomy":"product_tag","embeddable":true,"href":"https:\/\/depodanmusteriye.com\/urunler\/wp-json\/wp\/v2\/product_tag?post=18885"}],"curies":[{"name":"wp","href":"https:\/\/api.w.org\/{rel}","templated":true}]}}