{"id":183557,"date":"2025-12-15T01:53:55","date_gmt":"2025-12-15T01:53:55","guid":{"rendered":"https:\/\/b2b.depodanmusteriye.com\/urun\/yuksek-performansli-3-baslikli-profesyonel-sarjli-islak-ve-kuru-kullanima-uygun\/"},"modified":"2025-12-15T01:53:55","modified_gmt":"2025-12-15T01:53:55","slug":"yuksek-performansli-3-baslikli-profesyonel-sarjli-islak-ve-kuru-kullanima-uygun","status":"publish","type":"product","link":"https:\/\/depodanmusteriye.com\/urunler\/urun\/yuksek-performansli-3-baslikli-profesyonel-sarjli-islak-ve-kuru-kullanima-uygun\/","title":{"rendered":"Y\u00fcksek Performansl\u0131 3 Ba\u015fl\u0131kl\u0131 Profesyonel \u015earjl\u0131 Islak ve Kuru Kullan\u0131ma Uygun"},"content":{"rendered":"<h4>Bu t\u0131ra\u015f makinesi, sa\u00e7, sakal ve burun t\u00fcyleri i\u00e7in \u00f6zel olarak tasarlanm\u0131\u015f ba\u015fl\u0131klar\u0131yla \u00e7ok y\u00f6nl\u00fc kullan\u0131m sa\u011flar. Burun ve kulak temizleme ba\u015fl\u0131\u011f\u0131, hassas b\u00f6lgelere zarar vermeden, etkili bir \u015fekilde temizlik yapman\u0131za yard\u0131mc\u0131 olur. Ergonomik yap\u0131s\u0131 sayesinde her b\u00f6lgedeki t\u00fcyleri rahatl\u0131kla alabilir ve profesyonel bir sonu\u00e7 elde edebilir. <\/p>\n<p><b>1 adet fiyat\u0131d\u0131r<\/b> <\/p>\n<p><p><b>\u00dcretici Markas\u0131 : ZERO LAND<\/b><\/p>\n<p><b>\u00dcretici Kodu : UUCZZZHK3600TIRA\u015eMMM3<\/b><\/p>\n<p><b>1 ADET F\u0130YATIDIR<\/b><\/p>\n<\/h4>\n<p><\/p>\n","protected":false},"excerpt":{"rendered":"<p>Y\u00fcksek Performansl\u0131 3 Ba\u015fl\u0131kl\u0131 Profesyonel \u015earjl\u0131 Islak ve Kuru Kullan\u0131ma Uygun<\/p>\n","protected":false},"featured_media":183552,"comment_status":"open","ping_status":"closed","template":"","meta":[],"product_brand":[],"product_cat":[374,2200],"product_tag":[1350,2435,1861,4262,2893,13041,3984,3975,1397,2104,2630],"class_list":{"0":"post-183557","1":"product","2":"type-product","3":"status-publish","4":"has-post-thumbnail","6":"product_cat-mobil-aksesuar","7":"product_cat-tiras-makinesi-mobil-aksesuar","8":"product_tag-1350","9":"product_tag-baslikli","10":"product_tag-islak","11":"product_tag-kullanima","12":"product_tag-kuru","13":"product_tag-performansli","14":"product_tag-profesyonel","15":"product_tag-sarjli","16":"product_tag-uygun","17":"product_tag-ve","18":"product_tag-yuksek","20":"first","21":"instock","22":"taxable","23":"shipping-taxable","24":"purchasable","25":"product-type-simple"},"_links":{"self":[{"href":"https:\/\/depodanmusteriye.com\/urunler\/wp-json\/wp\/v2\/product\/183557","targetHints":{"allow":["GET"]}}],"collection":[{"href":"https:\/\/depodanmusteriye.com\/urunler\/wp-json\/wp\/v2\/product"}],"about":[{"href":"https:\/\/depodanmusteriye.com\/urunler\/wp-json\/wp\/v2\/types\/product"}],"replies":[{"embeddable":true,"href":"https:\/\/depodanmusteriye.com\/urunler\/wp-json\/wp\/v2\/comments?post=183557"}],"version-history":[{"count":0,"href":"https:\/\/depodanmusteriye.com\/urunler\/wp-json\/wp\/v2\/product\/183557\/revisions"}],"wp:featuredmedia":[{"embeddable":true,"href":"https:\/\/depodanmusteriye.com\/urunler\/wp-json\/wp\/v2\/media\/183552"}],"wp:attachment":[{"href":"https:\/\/depodanmusteriye.com\/urunler\/wp-json\/wp\/v2\/media?parent=183557"}],"wp:term":[{"taxonomy":"product_brand","embeddable":true,"href":"https:\/\/depodanmusteriye.com\/urunler\/wp-json\/wp\/v2\/product_brand?post=183557"},{"taxonomy":"product_cat","embeddable":true,"href":"https:\/\/depodanmusteriye.com\/urunler\/wp-json\/wp\/v2\/product_cat?post=183557"},{"taxonomy":"product_tag","embeddable":true,"href":"https:\/\/depodanmusteriye.com\/urunler\/wp-json\/wp\/v2\/product_tag?post=183557"}],"curies":[{"name":"wp","href":"https:\/\/api.w.org\/{rel}","templated":true}]}}