{"id":181111,"date":"2025-12-14T23:14:30","date_gmt":"2025-12-14T23:14:30","guid":{"rendered":"https:\/\/b2b.depodanmusteriye.com\/urun\/ergonomik-tasarim-kablosuz-siyah-mouse-hassas-uzun-omurlu\/"},"modified":"2025-12-14T23:14:30","modified_gmt":"2025-12-14T23:14:30","slug":"ergonomik-tasarim-kablosuz-siyah-mouse-hassas-uzun-omurlu","status":"publish","type":"product","link":"https:\/\/depodanmusteriye.com\/urunler\/urun\/ergonomik-tasarim-kablosuz-siyah-mouse-hassas-uzun-omurlu\/","title":{"rendered":"Ergonomik Tasar\u0131m Kablosuz Siyah Mouse Hassas Uzun \u00d6m\u00fcrl\u00fc"},"content":{"rendered":"<h4>Ergonomik Tasar\u0131m: Uzun s\u00fcreli kullan\u0131mlarda bile konforlu bir deneyim sunan ergonomik tasar\u0131m, elinizi do\u011fal bir \u015fekilde destekler. Bu \u00f6zellik, bilek a\u011fr\u0131lar\u0131n\u0131 \u00f6nlemeye yard\u0131mc\u0131 olur.1600 DPI Optik Sens\u00f6r: 1600 DPI optik sens\u00f6r, hassas ve h\u0131zl\u0131 hareketler i\u00e7in m\u00fckemmel bir \u00e7\u00f6z\u00fcm sunar. Y\u00fcksek hassasiyet, \u00f6zellikle oyun oynarken veya hassas i\u015flerde b\u00fcy\u00fck avantaj sa\u011flar.USB Ba\u011flant\u0131s\u0131: USB ba\u011flant\u0131 noktas\u0131 \u00fczerinden bilgisayar\u0131n\u0131za kolayca ba\u011flanabilir, s\u00fcr\u00fcc\u00fc gereksinimi olmadan h\u0131zl\u0131ca kullan\u0131lmaya ba\u015flanabilir.Ayarlanabilir DPI Se\u00e7enekleri: 1000 ile 5000 DPI aras\u0131nda ayarlanabilir hassasiyet se\u00e7enekleri ile kullan\u0131c\u0131ya, ihtiya\u00e7 duydu\u011fu hassasiyet seviyesini se\u00e7me olana\u011f\u0131 sunar. Oyun veya tasar\u0131m gibi farkl\u0131 kullan\u0131m senaryolar\u0131 i\u00e7in \u00f6zelle\u015ftirilmi\u015f bir deneyim sa\u011flar. <\/p>\n<p><b>1 adet fiyat\u0131d\u0131r<\/b> <\/p>\n<p><p><b>\u00dcretici Markas\u0131 : ZERO LAND<\/b><\/p>\n<p><b>\u00dcretici Kodu : UUCZZZPG908MOUSEEEEEEE2<\/b><\/p>\n<p><b>1 ADET F\u0130YATIDIR<\/b><\/p>\n<\/h4>\n<p><\/p>\n","protected":false},"excerpt":{"rendered":"<p>Ergonomik Tasar\u0131m Kablosuz Siyah Mouse Hassas Uzun \u00d6m\u00fcrl\u00fc<\/p>\n","protected":false},"featured_media":181106,"comment_status":"open","ping_status":"closed","template":"","meta":[],"product_brand":[],"product_cat":[377,2208],"product_tag":[3992,4254,1640,4071,4187,1391,4035,2357],"class_list":{"0":"post-181111","1":"product","2":"type-product","3":"status-publish","4":"has-post-thumbnail","6":"product_cat-gsm-mobil-aksesuar","7":"product_cat-mouse-gsm-mobil-aksesuar","8":"product_tag-ergonomik","9":"product_tag-hassas","10":"product_tag-kablosuz","11":"product_tag-mouse","12":"product_tag-omurlu","13":"product_tag-siyah","14":"product_tag-tasarim","15":"product_tag-uzun","17":"first","18":"instock","19":"taxable","20":"shipping-taxable","21":"purchasable","22":"product-type-simple"},"_links":{"self":[{"href":"https:\/\/depodanmusteriye.com\/urunler\/wp-json\/wp\/v2\/product\/181111","targetHints":{"allow":["GET"]}}],"collection":[{"href":"https:\/\/depodanmusteriye.com\/urunler\/wp-json\/wp\/v2\/product"}],"about":[{"href":"https:\/\/depodanmusteriye.com\/urunler\/wp-json\/wp\/v2\/types\/product"}],"replies":[{"embeddable":true,"href":"https:\/\/depodanmusteriye.com\/urunler\/wp-json\/wp\/v2\/comments?post=181111"}],"version-history":[{"count":0,"href":"https:\/\/depodanmusteriye.com\/urunler\/wp-json\/wp\/v2\/product\/181111\/revisions"}],"wp:featuredmedia":[{"embeddable":true,"href":"https:\/\/depodanmusteriye.com\/urunler\/wp-json\/wp\/v2\/media\/181106"}],"wp:attachment":[{"href":"https:\/\/depodanmusteriye.com\/urunler\/wp-json\/wp\/v2\/media?parent=181111"}],"wp:term":[{"taxonomy":"product_brand","embeddable":true,"href":"https:\/\/depodanmusteriye.com\/urunler\/wp-json\/wp\/v2\/product_brand?post=181111"},{"taxonomy":"product_cat","embeddable":true,"href":"https:\/\/depodanmusteriye.com\/urunler\/wp-json\/wp\/v2\/product_cat?post=181111"},{"taxonomy":"product_tag","embeddable":true,"href":"https:\/\/depodanmusteriye.com\/urunler\/wp-json\/wp\/v2\/product_tag?post=181111"}],"curies":[{"name":"wp","href":"https:\/\/api.w.org\/{rel}","templated":true}]}}