{"id":180421,"date":"2025-12-14T22:35:15","date_gmt":"2025-12-14T22:35:15","guid":{"rendered":"https:\/\/b2b.depodanmusteriye.com\/urun\/android-ve-ios-uyumlu-bluetooth-kablosuz-turkce-q-klavye-renkli\/"},"modified":"2025-12-14T22:35:15","modified_gmt":"2025-12-14T22:35:15","slug":"android-ve-ios-uyumlu-bluetooth-kablosuz-turkce-q-klavye-renkli","status":"publish","type":"product","link":"https:\/\/depodanmusteriye.com\/urunler\/urun\/android-ve-ios-uyumlu-bluetooth-kablosuz-turkce-q-klavye-renkli\/","title":{"rendered":"Android ve \u0130OS Uyumlu Bluetooth Kablosuz T\u00fcrk\u00e7e Q Klavye Renkli"},"content":{"rendered":"<h4>Bluetooth kablosuz ba\u011flant\u0131s\u0131 sayesinde bilgisayar\u0131n\u0131za veya tabletinize kolayca ba\u011flanarak kablo karma\u015fas\u0131na son verir. T\u00fcrk\u00e7e Q klavye d\u00fczeni ile yaz\u0131 yazarken h\u0131zl\u0131 ve verimli bir deneyim sunar. Kompakt tasar\u0131m\u0131 sayesinde her alanda pratik kullan\u0131m sa\u011flar ve ta\u015f\u0131nabilirli\u011fi ile her yere kolayca g\u00f6t\u00fcr\u00fclebilir.Multimedya tu\u015flar\u0131, m\u00fczik ve video kontrol\u00fcn\u00fc bir parmak hareketiyle ger\u00e7ekle\u015ftirmenize imkan tan\u0131r. Ayr\u0131ca, numerik tu\u015f tak\u0131m\u0131 sayesinde say\u0131sal verileri h\u0131zl\u0131ca girerek i\u015flemlerinizi pratik hale getirebilirsiniz. \u015e\u0131k ve modern tasar\u0131m\u0131yla hem ev hem de ofis kullan\u0131m\u0131 i\u00e7in ideal bir tercihtir. <\/p>\n<p><b>1 adet fiyat\u0131d\u0131r<\/b> <\/p>\n<p><p><b>\u00dcretici Markas\u0131 : ZERO LAND<\/b><\/p>\n<p><b>\u00dcretici Kodu : UUCZZZJ330KLAVYEEEEE5<\/b><\/p>\n<p><b>1 ADET F\u0130YATIDIR<\/b><\/p>\n<\/h4>\n<p><\/p>\n","protected":false},"excerpt":{"rendered":"<p>Android ve \u0130OS Uyumlu Bluetooth Kablosuz T\u00fcrk\u00e7e Q Klavye Renkli<\/p>\n","protected":false},"featured_media":180416,"comment_status":"open","ping_status":"closed","template":"","meta":[],"product_brand":[],"product_cat":[606,374],"product_tag":[1956,3605,3685,1640,3532,9373,1556,4361,1951,2104],"class_list":{"0":"post-180421","1":"product","2":"type-product","3":"status-publish","4":"has-post-thumbnail","6":"product_cat-klavye","7":"product_cat-mobil-aksesuar","8":"product_tag-android","9":"product_tag-bluetooth","10":"product_tag-ios","11":"product_tag-kablosuz","12":"product_tag-klavye","13":"product_tag-q","14":"product_tag-renkli","15":"product_tag-turkce","16":"product_tag-uyumlu","17":"product_tag-ve","19":"first","20":"instock","21":"taxable","22":"shipping-taxable","23":"purchasable","24":"product-type-simple"},"_links":{"self":[{"href":"https:\/\/depodanmusteriye.com\/urunler\/wp-json\/wp\/v2\/product\/180421","targetHints":{"allow":["GET"]}}],"collection":[{"href":"https:\/\/depodanmusteriye.com\/urunler\/wp-json\/wp\/v2\/product"}],"about":[{"href":"https:\/\/depodanmusteriye.com\/urunler\/wp-json\/wp\/v2\/types\/product"}],"replies":[{"embeddable":true,"href":"https:\/\/depodanmusteriye.com\/urunler\/wp-json\/wp\/v2\/comments?post=180421"}],"version-history":[{"count":0,"href":"https:\/\/depodanmusteriye.com\/urunler\/wp-json\/wp\/v2\/product\/180421\/revisions"}],"wp:featuredmedia":[{"embeddable":true,"href":"https:\/\/depodanmusteriye.com\/urunler\/wp-json\/wp\/v2\/media\/180416"}],"wp:attachment":[{"href":"https:\/\/depodanmusteriye.com\/urunler\/wp-json\/wp\/v2\/media?parent=180421"}],"wp:term":[{"taxonomy":"product_brand","embeddable":true,"href":"https:\/\/depodanmusteriye.com\/urunler\/wp-json\/wp\/v2\/product_brand?post=180421"},{"taxonomy":"product_cat","embeddable":true,"href":"https:\/\/depodanmusteriye.com\/urunler\/wp-json\/wp\/v2\/product_cat?post=180421"},{"taxonomy":"product_tag","embeddable":true,"href":"https:\/\/depodanmusteriye.com\/urunler\/wp-json\/wp\/v2\/product_tag?post=180421"}],"curies":[{"name":"wp","href":"https:\/\/api.w.org\/{rel}","templated":true}]}}