{"id":178268,"date":"2025-12-14T20:58:15","date_gmt":"2025-12-14T20:58:15","guid":{"rendered":"https:\/\/b2b.depodanmusteriye.com\/urun\/usb-sarjli-boyun-fani-hafif-katlanabilir-tasinabilir-dusuk-gurultulu-fan\/"},"modified":"2025-12-14T20:58:15","modified_gmt":"2025-12-14T20:58:15","slug":"usb-sarjli-boyun-fani-hafif-katlanabilir-tasinabilir-dusuk-gurultulu-fan","status":"publish","type":"product","link":"https:\/\/depodanmusteriye.com\/urunler\/urun\/usb-sarjli-boyun-fani-hafif-katlanabilir-tasinabilir-dusuk-gurultulu-fan\/","title":{"rendered":"USB \u015earjl\u0131 Boyun Fan\u0131 | Hafif, Katlanabilir, Ta\u015f\u0131nabilir, D\u00fc\u015f\u00fck G\u00fcr\u00fclt\u00fcl\u00fc Fan"},"content":{"rendered":"<h4>USB \u015farjl\u0131 as\u0131labilir boyun tipi mini fan, yaz aylar\u0131n\u0131n s\u0131cak ve bunalt\u0131c\u0131 havas\u0131n\u0131 konforla kar\u015f\u0131laman\u0131z\u0131 sa\u011flar. 3 kademe ayarlanabilir r\u00fczgar h\u0131z\u0131na sahip bu \u00fcr\u00fcn, ister hafif bir esinti ister g\u00fc\u00e7l\u00fc bir hava ak\u0131m\u0131 arayanlara uygundur.\u015earjl\u0131 ve kablosuz yap\u0131s\u0131 sayesinde nerede olursan\u0131z olun kullan\u0131m kolayl\u0131\u011f\u0131 sunar. Lityum pil teknolojisi sayesinde 1\u20133 saat aras\u0131 kesintisiz serinlik sa\u011flar. D\u00fc\u015f\u00fck ses seviyesi, ofiste \u00e7al\u0131\u015f\u0131rken, kitap okurken veya uyurken bile rahat\u00e7a kullan\u0131lmas\u0131na olanak tan\u0131r. 5 b\u0131\u00e7akl\u0131 fan tasar\u0131m\u0131 ile dengeli ve g\u00fc\u00e7l\u00fc hava ak\u0131\u015f\u0131 sunar. Katlanabilir g\u00f6vdesiyle her yere kolayca ta\u015f\u0131nabilir. Kablolara ihtiya\u00e7 duymadan \u00f6zg\u00fcrce serin kal\u0131n!<br \/>\n&nbsp; <\/p>\n<p><b>1 adet fiyat\u0131d\u0131r<\/b> <\/p>\n<p><p><b>\u00dcretici Markas\u0131 : ZERO LAND<\/b><\/p>\n<p><b>\u00dcretici Kodu : UCZZZZB135BOYUNVANT\u0130LAT\u00d6R4<\/b><\/p>\n<p><b>1 ADET F\u0130YATIDIR<\/b><\/p>\n<\/h4>\n<p><\/p>\n","protected":false},"excerpt":{"rendered":"<p>USB \u015earjl\u0131 Boyun Fan\u0131 | Hafif, Katlanabilir, Ta\u015f\u0131nabilir, D\u00fc\u015f\u00fck G\u00fcr\u00fclt\u00fcl\u00fc Fan<\/p>\n","protected":false},"featured_media":178263,"comment_status":"open","ping_status":"closed","template":"","meta":[],"product_brand":[],"product_cat":[379,2210],"product_tag":[1802,4315,1217,9624,14046,3996,4097,3975,2982,2511],"class_list":{"0":"post-178268","1":"product","2":"type-product","3":"status-publish","4":"has-post-thumbnail","6":"product_cat-ev-yasam","7":"product_cat-vantilator-ev-ya-am","8":"product_tag-boyun","9":"product_tag-dusuk","10":"product_tag-fan","11":"product_tag-fani","12":"product_tag-gurultulu","13":"product_tag-hafif","14":"product_tag-katlanabilir","15":"product_tag-sarjli","16":"product_tag-tasinabilir","17":"product_tag-usb","19":"first","20":"instock","21":"taxable","22":"shipping-taxable","23":"purchasable","24":"product-type-simple"},"_links":{"self":[{"href":"https:\/\/depodanmusteriye.com\/urunler\/wp-json\/wp\/v2\/product\/178268","targetHints":{"allow":["GET"]}}],"collection":[{"href":"https:\/\/depodanmusteriye.com\/urunler\/wp-json\/wp\/v2\/product"}],"about":[{"href":"https:\/\/depodanmusteriye.com\/urunler\/wp-json\/wp\/v2\/types\/product"}],"replies":[{"embeddable":true,"href":"https:\/\/depodanmusteriye.com\/urunler\/wp-json\/wp\/v2\/comments?post=178268"}],"version-history":[{"count":0,"href":"https:\/\/depodanmusteriye.com\/urunler\/wp-json\/wp\/v2\/product\/178268\/revisions"}],"wp:featuredmedia":[{"embeddable":true,"href":"https:\/\/depodanmusteriye.com\/urunler\/wp-json\/wp\/v2\/media\/178263"}],"wp:attachment":[{"href":"https:\/\/depodanmusteriye.com\/urunler\/wp-json\/wp\/v2\/media?parent=178268"}],"wp:term":[{"taxonomy":"product_brand","embeddable":true,"href":"https:\/\/depodanmusteriye.com\/urunler\/wp-json\/wp\/v2\/product_brand?post=178268"},{"taxonomy":"product_cat","embeddable":true,"href":"https:\/\/depodanmusteriye.com\/urunler\/wp-json\/wp\/v2\/product_cat?post=178268"},{"taxonomy":"product_tag","embeddable":true,"href":"https:\/\/depodanmusteriye.com\/urunler\/wp-json\/wp\/v2\/product_tag?post=178268"}],"curies":[{"name":"wp","href":"https:\/\/api.w.org\/{rel}","templated":true}]}}