{"id":177905,"date":"2025-12-14T20:44:38","date_gmt":"2025-12-14T20:44:38","guid":{"rendered":"https:\/\/b2b.depodanmusteriye.com\/urun\/hizli-isinan-kompakt-ve-guvenli-tum-sac-tiplerine-uygun-kivirma-cihazi\/"},"modified":"2025-12-14T20:44:38","modified_gmt":"2025-12-14T20:44:38","slug":"hizli-isinan-kompakt-ve-guvenli-tum-sac-tiplerine-uygun-kivirma-cihazi","status":"publish","type":"product","link":"https:\/\/depodanmusteriye.com\/urunler\/urun\/hizli-isinan-kompakt-ve-guvenli-tum-sac-tiplerine-uygun-kivirma-cihazi\/","title":{"rendered":"H\u0131zl\u0131 Is\u0131nan, Kompakt ve G\u00fcvenli \u2013 T\u00fcm Sa\u00e7 Tiplerine Uygun K\u0131v\u0131rma Cihaz\u0131"},"content":{"rendered":"<h4>GW Ta\u015f\u0131nabilir Sa\u00e7 Ma\u015fas\u0131, kad\u0131nlar\u0131n en \u00e7ok ihtiya\u00e7 duydu\u011fu \u00fc\u00e7 \u015feyi sunar: h\u0131z, g\u00fcvenlik ve profesyonellik. \u00dcr\u00fcn yaln\u0131zca bir sa\u00e7 \u015fekillendirici de\u011fil, ayn\u0131 zamanda g\u00fczellik rutininizin vazge\u00e7ilmez bir par\u00e7as\u0131d\u0131r. Hafif yap\u0131s\u0131 sayesinde bile\u011fi yormaz, uzun s\u00fcreli kullan\u0131mda konfor sa\u011flar.<br \/>\nTourmaline kaplamal\u0131 seramik plakalar, y\u00fcksek s\u0131cakl\u0131\u011fa dayan\u0131kl\u0131d\u0131r ve sa\u00e7 teline yap\u0131\u015fmadan kayar. Bu da k\u0131vr\u0131m olu\u015ftururken sa\u00e7\u0131n k\u0131r\u0131lmas\u0131n\u0131, kopmas\u0131n\u0131 ya da zarar g\u00f6rmesini \u00f6nler. \u00dcstelik iyon teknolojisiyle sa\u00e7lar\u0131n\u0131z daha yumu\u015fak ve daha sa\u011fl\u0131kl\u0131 g\u00f6r\u00fcn\u00fcr. \u00d6zellikle kabaran, elektriklenen sa\u00e7lar i\u00e7in idealdir.<br \/>\nS\u0131cakl\u0131k ayar\u0131 sayesinde farkl\u0131 ihtiya\u00e7lara hitap eder: D\u00fc\u015f\u00fck s\u0131cakl\u0131kta \u015fekillendirme, y\u00fcksek s\u0131cakl\u0131kta daha uzun s\u00fcreli kal\u0131c\u0131l\u0131k sa\u011flar. 360\u00b0 d\u00f6ner kablosu, kullan\u0131m kolayl\u0131\u011f\u0131 sa\u011flayarak her y\u00f6nden rahat hareket etmenize olanak tan\u0131r. Pratik, etkili ve kullan\u0131m\u0131 g\u00fcvenli!<br \/>\n&nbsp; <\/p>\n<p><b>1 adet fiyat\u0131d\u0131r<\/b> <\/p>\n<p><p><b>\u00dcretici Markas\u0131 : ZERO LAND<\/b><\/p>\n<p><b>\u00dcretici Kodu : UCZZZGW76641<\/b><\/p>\n<p><b>1 ADET F\u0130YATIDIR<\/b><\/p>\n<\/h4>\n<p><\/p>\n","protected":false},"excerpt":{"rendered":"<p>H\u0131zl\u0131 Is\u0131nan, Kompakt ve G\u00fcvenli \u2013 T\u00fcm Sa\u00e7 Tiplerine Uygun K\u0131v\u0131rma Cihaz\u0131<\/p>\n","protected":false},"featured_media":177900,"comment_status":"open","ping_status":"closed","template":"","meta":[],"product_brand":[],"product_cat":[379,473],"product_tag":[2756,13116,1825,4321,11821,3986,2321,13993,4251,1397,2104],"class_list":{"0":"post-177905","1":"product","2":"type-product","3":"status-publish","4":"has-post-thumbnail","6":"product_cat-ev-yasam","7":"product_cat-sac-masasi","8":"product_tag-cihazi","9":"product_tag-guvenli","10":"product_tag-hizli","11":"product_tag-isinan","12":"product_tag-kivirma","13":"product_tag-kompakt","14":"product_tag-sac","15":"product_tag-tiplerine","16":"product_tag-tum","17":"product_tag-uygun","18":"product_tag-ve","20":"first","21":"instock","22":"taxable","23":"shipping-taxable","24":"purchasable","25":"product-type-simple"},"_links":{"self":[{"href":"https:\/\/depodanmusteriye.com\/urunler\/wp-json\/wp\/v2\/product\/177905","targetHints":{"allow":["GET"]}}],"collection":[{"href":"https:\/\/depodanmusteriye.com\/urunler\/wp-json\/wp\/v2\/product"}],"about":[{"href":"https:\/\/depodanmusteriye.com\/urunler\/wp-json\/wp\/v2\/types\/product"}],"replies":[{"embeddable":true,"href":"https:\/\/depodanmusteriye.com\/urunler\/wp-json\/wp\/v2\/comments?post=177905"}],"version-history":[{"count":0,"href":"https:\/\/depodanmusteriye.com\/urunler\/wp-json\/wp\/v2\/product\/177905\/revisions"}],"wp:featuredmedia":[{"embeddable":true,"href":"https:\/\/depodanmusteriye.com\/urunler\/wp-json\/wp\/v2\/media\/177900"}],"wp:attachment":[{"href":"https:\/\/depodanmusteriye.com\/urunler\/wp-json\/wp\/v2\/media?parent=177905"}],"wp:term":[{"taxonomy":"product_brand","embeddable":true,"href":"https:\/\/depodanmusteriye.com\/urunler\/wp-json\/wp\/v2\/product_brand?post=177905"},{"taxonomy":"product_cat","embeddable":true,"href":"https:\/\/depodanmusteriye.com\/urunler\/wp-json\/wp\/v2\/product_cat?post=177905"},{"taxonomy":"product_tag","embeddable":true,"href":"https:\/\/depodanmusteriye.com\/urunler\/wp-json\/wp\/v2\/product_tag?post=177905"}],"curies":[{"name":"wp","href":"https:\/\/api.w.org\/{rel}","templated":true}]}}