{"id":175563,"date":"2025-12-14T19:08:09","date_gmt":"2025-12-14T19:08:09","guid":{"rendered":"https:\/\/b2b.depodanmusteriye.com\/urun\/ici-sarilabilen-kablo-ve-yaka-klipsli-bluetooth-kulaklik\/"},"modified":"2025-12-14T19:08:09","modified_gmt":"2025-12-14T19:08:09","slug":"ici-sarilabilen-kablo-ve-yaka-klipsli-bluetooth-kulaklik","status":"publish","type":"product","link":"https:\/\/depodanmusteriye.com\/urunler\/urun\/ici-sarilabilen-kablo-ve-yaka-klipsli-bluetooth-kulaklik\/","title":{"rendered":"\u0130\u00e7i Sar\u0131labilen Kablo ve Yaka Klipsli Bluetooth Kulakl\u0131k"},"content":{"rendered":"<h4>Bluetooth ba\u011flant\u0131s\u0131, microSD kart modu ve otomatik ge\u00e7i\u015f \u00f6zelli\u011fiyle bu kulakl\u0131k m\u00fczik, \u00e7a\u011fr\u0131 ve haf\u0131za kart\u0131 modu aras\u0131nda nahts\u0131z ge\u00e7i\u015f sa\u011flar. Telefonunuza gelen arama m\u00fczi\u011fi durdurtur ve otomatik olarak g\u00f6r\u00fc\u015fmeye ge\u00e7i\u015f yapar. M\u00fczik dinlerken \u00e7a\u011fr\u0131 geldi\u011finde pratik \u015fekilde ileti\u015fim kurman\u0131z\u0131 sa\u011flar.<\/p>\n<p>HD ses kalitesi, y\u00fcksek g\u00fcr\u00fclt\u00fc engelleme, dinamik s\u00fcr\u00fcc\u00fcler ve titre\u015fimli arama bildirimi ile donat\u0131lm\u0131\u015ft\u0131r. Bluetooth\u00a05.2 teknolojisi stabil bir ba\u011flant\u0131 sunarken, dijital ekran sayesinde pil ve ba\u011flant\u0131 izlenebilir. Makaral\u0131 kablo, yaka klipsi ve pratik tasar\u0131m\u0131yla hem seyahatlerde hem g\u00fcnl\u00fck kullan\u0131mda d\u00fczen sunar.<\/p>\n<p>20 saat kullan\u0131m s\u00fcresi ve 20 dakikal\u0131k h\u0131zl\u0131 \u015farj ile batarya \u00f6mr\u00fc y\u00fcksek; Type\u2011C \u015farj giri\u015fi kullan\u0131m kolayl\u0131\u011f\u0131 sa\u011flar. Hem arka plan m\u00fczik hem kesintisiz \u00e7a\u011fr\u0131 kullan\u0131m\u0131 isteyenler i\u00e7in y\u00fcksek fonksiyonlu bir kulakl\u0131kt\u0131r. <\/p>\n<p><b>1 adet fiyat\u0131d\u0131r<\/b> <\/p>\n<p><p><b>\u00dcretici Markas\u0131 : ZERO LAND<\/b><\/p>\n<p><b>\u00dcretici Kodu : XUCZPG20KULAKLIKKKKK4<\/b><\/p>\n<p><b>1 ADET F\u0130YATIDIR<\/b><\/p>\n<\/h4>\n<p><\/p>\n","protected":false},"excerpt":{"rendered":"<p>\u0130\u00e7i Sar\u0131labilen Kablo ve Yaka Klipsli Bluetooth Kulakl\u0131k<\/p>\n","protected":false},"featured_media":175558,"comment_status":"open","ping_status":"closed","template":"","meta":[],"product_brand":[],"product_cat":[494,374],"product_tag":[3605,1904,2512,2038,1641,13727,2104,3738],"class_list":{"0":"post-175563","1":"product","2":"type-product","3":"status-publish","4":"has-post-thumbnail","6":"product_cat-kulak-ici-tws-bluetooth-kulaklik","7":"product_cat-mobil-aksesuar","8":"product_tag-bluetooth","9":"product_tag-ici","10":"product_tag-kablo","11":"product_tag-klipsli","12":"product_tag-kulaklik","13":"product_tag-sarilabilen","14":"product_tag-ve","15":"product_tag-yaka","17":"first","18":"instock","19":"taxable","20":"shipping-taxable","21":"purchasable","22":"product-type-simple"},"_links":{"self":[{"href":"https:\/\/depodanmusteriye.com\/urunler\/wp-json\/wp\/v2\/product\/175563","targetHints":{"allow":["GET"]}}],"collection":[{"href":"https:\/\/depodanmusteriye.com\/urunler\/wp-json\/wp\/v2\/product"}],"about":[{"href":"https:\/\/depodanmusteriye.com\/urunler\/wp-json\/wp\/v2\/types\/product"}],"replies":[{"embeddable":true,"href":"https:\/\/depodanmusteriye.com\/urunler\/wp-json\/wp\/v2\/comments?post=175563"}],"version-history":[{"count":0,"href":"https:\/\/depodanmusteriye.com\/urunler\/wp-json\/wp\/v2\/product\/175563\/revisions"}],"wp:featuredmedia":[{"embeddable":true,"href":"https:\/\/depodanmusteriye.com\/urunler\/wp-json\/wp\/v2\/media\/175558"}],"wp:attachment":[{"href":"https:\/\/depodanmusteriye.com\/urunler\/wp-json\/wp\/v2\/media?parent=175563"}],"wp:term":[{"taxonomy":"product_brand","embeddable":true,"href":"https:\/\/depodanmusteriye.com\/urunler\/wp-json\/wp\/v2\/product_brand?post=175563"},{"taxonomy":"product_cat","embeddable":true,"href":"https:\/\/depodanmusteriye.com\/urunler\/wp-json\/wp\/v2\/product_cat?post=175563"},{"taxonomy":"product_tag","embeddable":true,"href":"https:\/\/depodanmusteriye.com\/urunler\/wp-json\/wp\/v2\/product_tag?post=175563"}],"curies":[{"name":"wp","href":"https:\/\/api.w.org\/{rel}","templated":true}]}}