{"id":175551,"date":"2025-12-14T19:07:32","date_gmt":"2025-12-14T19:07:32","guid":{"rendered":"https:\/\/b2b.depodanmusteriye.com\/urun\/katlanabilir-bluetooth-v5-0-kablosuz-kulaklik-400-mah-gurultu-azaltma\/"},"modified":"2025-12-14T19:07:32","modified_gmt":"2025-12-14T19:07:32","slug":"katlanabilir-bluetooth-v5-0-kablosuz-kulaklik-400-mah-gurultu-azaltma","status":"publish","type":"product","link":"https:\/\/depodanmusteriye.com\/urunler\/urun\/katlanabilir-bluetooth-v5-0-kablosuz-kulaklik-400-mah-gurultu-azaltma\/","title":{"rendered":"Katlanabilir Bluetooth V5.0 Kablosuz Kulakl\u0131k | 400 mAh, G\u00fcr\u00fclt\u00fc Azaltma"},"content":{"rendered":"<h4>Bu kablosuz kulakl\u0131k, 400 mAh batarya kapasitesi sayesinde 4-5 saate kadar kesintisiz m\u00fczik dinleme veya telefon g\u00f6r\u00fc\u015fmesi yapma imk\u00e2n\u0131 sunar. Mikro USB \u015farj giri\u015fi ile kolayca \u015farj edilebilir. Katlanabilir ve ayarlanabilir yap\u0131s\u0131 sayesinde farkl\u0131 ba\u015f yap\u0131lar\u0131na uyum sa\u011flar. Yumu\u015fak suni deri kaplamas\u0131 ise uzun kullan\u0131mlarda bile konfor sa\u011flar. G\u00fcnl\u00fck kullan\u0131m, yolculuk ve spor aktiviteleri i\u00e7in ideal bir se\u00e7imdir. <\/p>\n<p><b>1 adet fiyat\u0131d\u0131r<\/b> <\/p>\n<p><p><b>\u00dcretici Markas\u0131 : ZERO LAND<\/b><\/p>\n<p><b>\u00dcretici Kodu : XUCZP9PLUSS<\/b><\/p>\n<p><b>1 ADET F\u0130YATIDIR<\/b><\/p>\n<\/h4>\n<p><\/p>\n","protected":false},"excerpt":{"rendered":"<p>Katlanabilir Bluetooth V5.0 Kablosuz Kulakl\u0131k | 400 mAh, G\u00fcr\u00fclt\u00fc Azaltma<\/p>\n","protected":false},"featured_media":175546,"comment_status":"open","ping_status":"closed","template":"","meta":[],"product_brand":[],"product_cat":[1026,374],"product_tag":[4428,13044,3605,9196,1640,4097,1641,3595,13638],"class_list":{"0":"post-175551","1":"product","2":"type-product","3":"status-publish","4":"has-post-thumbnail","6":"product_cat-kulak-ustu-bluetooth-kulaklik","7":"product_cat-mobil-aksesuar","8":"product_tag-4428","9":"product_tag-azaltma","10":"product_tag-bluetooth","11":"product_tag-gurultu","12":"product_tag-kablosuz","13":"product_tag-katlanabilir","14":"product_tag-kulaklik","15":"product_tag-mah","16":"product_tag-v5-0","18":"first","19":"instock","20":"taxable","21":"shipping-taxable","22":"purchasable","23":"product-type-simple"},"_links":{"self":[{"href":"https:\/\/depodanmusteriye.com\/urunler\/wp-json\/wp\/v2\/product\/175551","targetHints":{"allow":["GET"]}}],"collection":[{"href":"https:\/\/depodanmusteriye.com\/urunler\/wp-json\/wp\/v2\/product"}],"about":[{"href":"https:\/\/depodanmusteriye.com\/urunler\/wp-json\/wp\/v2\/types\/product"}],"replies":[{"embeddable":true,"href":"https:\/\/depodanmusteriye.com\/urunler\/wp-json\/wp\/v2\/comments?post=175551"}],"version-history":[{"count":0,"href":"https:\/\/depodanmusteriye.com\/urunler\/wp-json\/wp\/v2\/product\/175551\/revisions"}],"wp:featuredmedia":[{"embeddable":true,"href":"https:\/\/depodanmusteriye.com\/urunler\/wp-json\/wp\/v2\/media\/175546"}],"wp:attachment":[{"href":"https:\/\/depodanmusteriye.com\/urunler\/wp-json\/wp\/v2\/media?parent=175551"}],"wp:term":[{"taxonomy":"product_brand","embeddable":true,"href":"https:\/\/depodanmusteriye.com\/urunler\/wp-json\/wp\/v2\/product_brand?post=175551"},{"taxonomy":"product_cat","embeddable":true,"href":"https:\/\/depodanmusteriye.com\/urunler\/wp-json\/wp\/v2\/product_cat?post=175551"},{"taxonomy":"product_tag","embeddable":true,"href":"https:\/\/depodanmusteriye.com\/urunler\/wp-json\/wp\/v2\/product_tag?post=175551"}],"curies":[{"name":"wp","href":"https:\/\/api.w.org\/{rel}","templated":true}]}}