{"id":175533,"date":"2025-12-14T19:06:40","date_gmt":"2025-12-14T19:06:40","guid":{"rendered":"https:\/\/b2b.depodanmusteriye.com\/urun\/bluetooth-v5-0-kablosuz-kulak-ustu-kulaklik-katlanabilir-mikro-usb-girisli\/"},"modified":"2025-12-14T19:06:40","modified_gmt":"2025-12-14T19:06:40","slug":"bluetooth-v5-0-kablosuz-kulak-ustu-kulaklik-katlanabilir-mikro-usb-girisli","status":"publish","type":"product","link":"https:\/\/depodanmusteriye.com\/urunler\/urun\/bluetooth-v5-0-kablosuz-kulak-ustu-kulaklik-katlanabilir-mikro-usb-girisli\/","title":{"rendered":"Bluetooth V5.0 Kablosuz Kulak \u00dcst\u00fc Kulakl\u0131k | Katlanabilir, Mikro USB Giri\u015fli"},"content":{"rendered":"<h4>Ergonomik yap\u0131s\u0131 ve katlanabilir mekanizmas\u0131 sayesinde g\u00fcnl\u00fck ta\u015f\u0131ma kolayl\u0131\u011f\u0131 sunan bu kulakl\u0131k, uzun s\u00fcreli kullan\u0131mlarda bile ba\u015f ve kulaklar\u0131n\u0131z\u0131 yormaz. Hem \u00e7ocuklar hem yeti\u015fkinler i\u00e7in uygundur. Sa\u011flam yap\u0131s\u0131 ve kaliteli malzemeleriyle uzun \u00f6m\u00fcrl\u00fc bir aksesuar olarak \u00f6ne \u00e7\u0131kar. Seyahatlerde, i\u015fte veya evde ideal kullan\u0131m deneyimi sunar. <\/p>\n<p><b>1 adet fiyat\u0131d\u0131r<\/b> <\/p>\n<p><p><b>\u00dcretici Markas\u0131 : ZERO LAND<\/b><\/p>\n<p><b>\u00dcretici Kodu : XUCZP9PLUSS3<\/b><\/p>\n<p><b>1 ADET F\u0130YATIDIR<\/b><\/p>\n<\/h4>\n<p><\/p>\n","protected":false},"excerpt":{"rendered":"<p>Bluetooth V5.0 Kablosuz Kulak \u00dcst\u00fc Kulakl\u0131k | Katlanabilir, Mikro USB Giri\u015fli<\/p>\n","protected":false},"featured_media":175528,"comment_status":"open","ping_status":"closed","template":"","meta":[],"product_brand":[],"product_cat":[1026,374],"product_tag":[3605,4082,1640,4097,1638,1641,8174,2511,1639,13638],"class_list":{"0":"post-175533","1":"product","2":"type-product","3":"status-publish","4":"has-post-thumbnail","6":"product_cat-kulak-ustu-bluetooth-kulaklik","7":"product_cat-mobil-aksesuar","8":"product_tag-bluetooth","9":"product_tag-girisli","10":"product_tag-kablosuz","11":"product_tag-katlanabilir","12":"product_tag-kulak","13":"product_tag-kulaklik","14":"product_tag-mikro","15":"product_tag-usb","16":"product_tag-ustu","17":"product_tag-v5-0","19":"first","20":"instock","21":"taxable","22":"shipping-taxable","23":"purchasable","24":"product-type-simple"},"_links":{"self":[{"href":"https:\/\/depodanmusteriye.com\/urunler\/wp-json\/wp\/v2\/product\/175533","targetHints":{"allow":["GET"]}}],"collection":[{"href":"https:\/\/depodanmusteriye.com\/urunler\/wp-json\/wp\/v2\/product"}],"about":[{"href":"https:\/\/depodanmusteriye.com\/urunler\/wp-json\/wp\/v2\/types\/product"}],"replies":[{"embeddable":true,"href":"https:\/\/depodanmusteriye.com\/urunler\/wp-json\/wp\/v2\/comments?post=175533"}],"version-history":[{"count":0,"href":"https:\/\/depodanmusteriye.com\/urunler\/wp-json\/wp\/v2\/product\/175533\/revisions"}],"wp:featuredmedia":[{"embeddable":true,"href":"https:\/\/depodanmusteriye.com\/urunler\/wp-json\/wp\/v2\/media\/175528"}],"wp:attachment":[{"href":"https:\/\/depodanmusteriye.com\/urunler\/wp-json\/wp\/v2\/media?parent=175533"}],"wp:term":[{"taxonomy":"product_brand","embeddable":true,"href":"https:\/\/depodanmusteriye.com\/urunler\/wp-json\/wp\/v2\/product_brand?post=175533"},{"taxonomy":"product_cat","embeddable":true,"href":"https:\/\/depodanmusteriye.com\/urunler\/wp-json\/wp\/v2\/product_cat?post=175533"},{"taxonomy":"product_tag","embeddable":true,"href":"https:\/\/depodanmusteriye.com\/urunler\/wp-json\/wp\/v2\/product_tag?post=175533"}],"curies":[{"name":"wp","href":"https:\/\/api.w.org\/{rel}","templated":true}]}}