{"id":175491,"date":"2025-12-14T19:04:36","date_gmt":"2025-12-14T19:04:36","guid":{"rendered":"https:\/\/b2b.depodanmusteriye.com\/urun\/nostaljik-mini-gamepad-520-hazir-oyun-tak-ve-oyna\/"},"modified":"2025-12-14T19:04:36","modified_gmt":"2025-12-14T19:04:36","slug":"nostaljik-mini-gamepad-520-hazir-oyun-tak-ve-oyna","status":"publish","type":"product","link":"https:\/\/depodanmusteriye.com\/urunler\/urun\/nostaljik-mini-gamepad-520-hazir-oyun-tak-ve-oyna\/","title":{"rendered":"Nostaljik Mini GamePad | 520 Haz\u0131r Oyun, Tak ve Oyna"},"content":{"rendered":"<h4>P5 GamePad, retro oyunlara olan ilginizi modern bir konforla bulu\u015fturuyor. Hafif, ta\u015f\u0131nabilir ve ergonomik yap\u0131s\u0131yla her yerde oynanabilir. 520 oyunluk geni\u015f ar\u015fivi ile s\u0131k\u0131lman\u0131za olanak tan\u0131maz. Tak-\u00e7al\u0131\u015ft\u0131r \u00f6zelli\u011fi sayesinde sadece birka\u00e7 saniyede oyuna ba\u015flayabilirsiniz. TV\u2019ye kolayca ba\u011flanan yap\u0131s\u0131 sayesinde b\u00fcy\u00fck ekranda oyun keyfi ya\u015fayabilir, arkada\u015flar\u0131n\u0131zla e\u011flenceli an\u0131lar biriktirebilirsiniz. <\/p>\n<p><b>1 adet fiyat\u0131d\u0131r<\/b> <\/p>\n<p><p><b>\u00dcretici Markas\u0131 : ZERO LAND<\/b><\/p>\n<p><b>\u00dcretici Kodu : XUCZP5ATAR\u0130\u0130\u0130\u0130\u0130\u01304<\/b><\/p>\n<p><b>1 ADET F\u0130YATIDIR<\/b><\/p>\n<\/h4>\n<p><\/p>\n","protected":false},"excerpt":{"rendered":"<p>Nostaljik Mini GamePad | 520 Haz\u0131r Oyun, Tak ve Oyna<\/p>\n","protected":false},"featured_media":175486,"comment_status":"open","ping_status":"closed","template":"","meta":[],"product_brand":[],"product_cat":[379,725],"product_tag":[4236,1964,13722,2265,13033,13723,3997,7814,2104],"class_list":{"0":"post-175491","1":"product","2":"type-product","3":"status-publish","4":"has-post-thumbnail","6":"product_cat-ev-yasam","7":"product_cat-psp-and-vita-oyunu","8":"product_tag-4236","9":"product_tag-gamepad","10":"product_tag-hazir","11":"product_tag-mini","12":"product_tag-nostaljik","13":"product_tag-oyna","14":"product_tag-oyun","15":"product_tag-tak","16":"product_tag-ve","18":"first","19":"instock","20":"taxable","21":"shipping-taxable","22":"purchasable","23":"product-type-simple"},"_links":{"self":[{"href":"https:\/\/depodanmusteriye.com\/urunler\/wp-json\/wp\/v2\/product\/175491","targetHints":{"allow":["GET"]}}],"collection":[{"href":"https:\/\/depodanmusteriye.com\/urunler\/wp-json\/wp\/v2\/product"}],"about":[{"href":"https:\/\/depodanmusteriye.com\/urunler\/wp-json\/wp\/v2\/types\/product"}],"replies":[{"embeddable":true,"href":"https:\/\/depodanmusteriye.com\/urunler\/wp-json\/wp\/v2\/comments?post=175491"}],"version-history":[{"count":0,"href":"https:\/\/depodanmusteriye.com\/urunler\/wp-json\/wp\/v2\/product\/175491\/revisions"}],"wp:featuredmedia":[{"embeddable":true,"href":"https:\/\/depodanmusteriye.com\/urunler\/wp-json\/wp\/v2\/media\/175486"}],"wp:attachment":[{"href":"https:\/\/depodanmusteriye.com\/urunler\/wp-json\/wp\/v2\/media?parent=175491"}],"wp:term":[{"taxonomy":"product_brand","embeddable":true,"href":"https:\/\/depodanmusteriye.com\/urunler\/wp-json\/wp\/v2\/product_brand?post=175491"},{"taxonomy":"product_cat","embeddable":true,"href":"https:\/\/depodanmusteriye.com\/urunler\/wp-json\/wp\/v2\/product_cat?post=175491"},{"taxonomy":"product_tag","embeddable":true,"href":"https:\/\/depodanmusteriye.com\/urunler\/wp-json\/wp\/v2\/product_tag?post=175491"}],"curies":[{"name":"wp","href":"https:\/\/api.w.org\/{rel}","templated":true}]}}