{"id":174051,"date":"2025-12-14T17:55:34","date_gmt":"2025-12-14T17:55:34","guid":{"rendered":"https:\/\/b2b.depodanmusteriye.com\/urun\/led-fenerli-tasinabilir-bluetooth-hoparlor\/"},"modified":"2025-12-14T17:55:34","modified_gmt":"2025-12-14T17:55:34","slug":"led-fenerli-tasinabilir-bluetooth-hoparlor","status":"publish","type":"product","link":"https:\/\/depodanmusteriye.com\/urunler\/urun\/led-fenerli-tasinabilir-bluetooth-hoparlor\/","title":{"rendered":"LED Fenerli Ta\u015f\u0131nabilir Bluetooth Hoparl\u00f6r"},"content":{"rendered":"<h4>Bu kablosuz Bluetooth hoparl\u00f6r, hem modern teknolojiyi hem de nostaljik g\u00f6r\u00fcn\u00fcm\u00fc bir araya getirerek kullan\u0131c\u0131lar\u0131na farkl\u0131 bir ses deneyimi sunuyor. Mobil cihazlarla tam uyumlulu\u011fu sayesinde Bluetooth \u00fczerinden diledi\u011finiz m\u00fczi\u011fi kablosuz olarak dinleyebilirsiniz.<br \/>\nFM radyo \u00f6zelli\u011fi ile klasik radyo yay\u0131nlar\u0131n\u0131 takip etmek isteyenler i\u00e7in de ideal bir se\u00e7enek. 8 band FM destekli sistem, 87.5 \u2013 108.0 MHz aral\u0131\u011f\u0131nda yay\u0131n yapan t\u00fcm kanallar\u0131 net bi\u00e7imde iletir. Antenli tasar\u0131m\u0131, sinyal kalitesini art\u0131r\u0131r.<br \/>\nUSB ve SD kart giri\u015fleri sayesinde do\u011frudan m\u00fczik dosyalar\u0131n\u0131z\u0131 oynatabilirsiniz. MP3 format deste\u011fi ile diledi\u011finiz listeleri kolayca \u00e7alabilirsiniz. LED ekran\u0131, t\u00fcm kontrolleri kolayla\u015ft\u0131r\u0131r ve LED el feneri \u00f6zelli\u011fi sayesinde cihaz karanl\u0131k ortamlarda da i\u015flevini s\u00fcrd\u00fcr\u00fcr.<br \/>\nAh\u015fap g\u00f6r\u00fcn\u00fcml\u00fc d\u0131\u015f y\u00fczeyi ve kompakt tasar\u0131m\u0131 ile masa\u00fcst\u00fc kullan\u0131mlar i\u00e7in \u015f\u0131k bir alternatif sunar. Ayn\u0131 zamanda ta\u015f\u0131ma kolu sayesinde kolayca ta\u015f\u0131nabilir. \u0130ster evde ister d\u0131\u015f mekan etkinliklerinde rahatl\u0131kla kullan\u0131labilir.<br \/>\nCihaz micro USB ile \u015farj edilebilir ve dahili olarak 18650 \u015farjl\u0131 pil ile gelir. Alternatif olarak 2 b\u00fcy\u00fck boy pille de \u00e7al\u0131\u015fabilir. Bu \u00f6zellik, farkl\u0131 ortamlarda enerjiye eri\u015fimin olmad\u0131\u011f\u0131 durumlarda b\u00fcy\u00fck avantaj sa\u011flar. <\/p>\n<p><b>1 adet fiyat\u0131d\u0131r<\/b> <\/p>\n<p><p><b>\u00dcretici Markas\u0131 : ZERO LAND<\/b><\/p>\n<p><b>\u00dcretici Kodu : UCZZZKTF1655RADYO2<\/b><\/p>\n<p><b>1 ADET F\u0130YATIDIR<\/b><\/p>\n<\/h4>\n<p><\/p>\n","protected":false},"excerpt":{"rendered":"<p>LED Fenerli Ta\u015f\u0131nabilir Bluetooth Hoparl\u00f6r<\/p>\n","protected":false},"featured_media":174046,"comment_status":"open","ping_status":"closed","template":"","meta":[],"product_brand":[],"product_cat":[461,374],"product_tag":[3605,4023,1968,2684,2982],"class_list":{"0":"post-174051","1":"product","2":"type-product","3":"status-publish","4":"has-post-thumbnail","6":"product_cat-bluetooth-hoparlor","7":"product_cat-mobil-aksesuar","8":"product_tag-bluetooth","9":"product_tag-fenerli","10":"product_tag-hoparlor","11":"product_tag-led","12":"product_tag-tasinabilir","14":"first","15":"instock","16":"taxable","17":"shipping-taxable","18":"purchasable","19":"product-type-simple"},"_links":{"self":[{"href":"https:\/\/depodanmusteriye.com\/urunler\/wp-json\/wp\/v2\/product\/174051","targetHints":{"allow":["GET"]}}],"collection":[{"href":"https:\/\/depodanmusteriye.com\/urunler\/wp-json\/wp\/v2\/product"}],"about":[{"href":"https:\/\/depodanmusteriye.com\/urunler\/wp-json\/wp\/v2\/types\/product"}],"replies":[{"embeddable":true,"href":"https:\/\/depodanmusteriye.com\/urunler\/wp-json\/wp\/v2\/comments?post=174051"}],"version-history":[{"count":0,"href":"https:\/\/depodanmusteriye.com\/urunler\/wp-json\/wp\/v2\/product\/174051\/revisions"}],"wp:featuredmedia":[{"embeddable":true,"href":"https:\/\/depodanmusteriye.com\/urunler\/wp-json\/wp\/v2\/media\/174046"}],"wp:attachment":[{"href":"https:\/\/depodanmusteriye.com\/urunler\/wp-json\/wp\/v2\/media?parent=174051"}],"wp:term":[{"taxonomy":"product_brand","embeddable":true,"href":"https:\/\/depodanmusteriye.com\/urunler\/wp-json\/wp\/v2\/product_brand?post=174051"},{"taxonomy":"product_cat","embeddable":true,"href":"https:\/\/depodanmusteriye.com\/urunler\/wp-json\/wp\/v2\/product_cat?post=174051"},{"taxonomy":"product_tag","embeddable":true,"href":"https:\/\/depodanmusteriye.com\/urunler\/wp-json\/wp\/v2\/product_tag?post=174051"}],"curies":[{"name":"wp","href":"https:\/\/api.w.org\/{rel}","templated":true}]}}