{"id":171734,"date":"2025-12-14T16:02:58","date_gmt":"2025-12-14T16:02:58","guid":{"rendered":"https:\/\/b2b.depodanmusteriye.com\/urun\/arac-ici-ve-ev-icin-guclu-hava-ufleyici-toz-temizleme-makinesi\/"},"modified":"2025-12-14T16:02:58","modified_gmt":"2025-12-14T16:02:58","slug":"arac-ici-ve-ev-icin-guclu-hava-ufleyici-toz-temizleme-makinesi","status":"publish","type":"product","link":"https:\/\/depodanmusteriye.com\/urunler\/urun\/arac-ici-ve-ev-icin-guclu-hava-ufleyici-toz-temizleme-makinesi\/","title":{"rendered":"Ara\u00e7 \u0130\u00e7i ve Ev \u0130\u00e7in G\u00fc\u00e7l\u00fc Hava \u00dcfleyici Toz Temizleme Makinesi"},"content":{"rendered":"<h4>Ara\u00e7 i\u00e7i detayl\u0131 temizlik i\u00e7in ideal olan bu hava \u00fcfleyici, g\u00fc\u00e7l\u00fc motoruyla tozu ve k\u0131r\u0131nt\u0131lar\u0131 tek hamlede uzakla\u015ft\u0131r\u0131r. Klimal\u0131 ortamlarda veya yaz aylar\u0131nda so\u011futma amac\u0131yla da kullan\u0131labilir. \u015earjl\u0131 yap\u0131s\u0131 sayesinde priz arama derdi olmadan her yerde kullanabilirsiniz. \u00dc\u00e7 kademeli h\u0131z ayar\u0131 ile d\u00fc\u015f\u00fck, orta ve y\u00fcksek seviyelerde \u00e7al\u0131\u015ft\u0131r\u0131labilir. Kompakt tasar\u0131m\u0131 ile kolayca ta\u015f\u0131n\u0131r, ergonomik yap\u0131s\u0131 sayesinde uzun s\u00fcreli kullan\u0131mda bile rahatl\u0131k sa\u011flar. Farkl\u0131 ba\u015fl\u0131klarla donat\u0131lm\u0131\u015ft\u0131r, bu sayede klavye, fan, filtre, elektronik cihazlar ve dar alanlarda maksimum verim al\u0131n\u0131r. Dayan\u0131kl\u0131 g\u00f6vdesi ile uzun y\u0131llar g\u00fcvenle kullan\u0131labilir. <\/p>\n<p><b>1 adet fiyat\u0131d\u0131r<\/b> <\/p>\n<p><p><b>\u00dcretici Markas\u0131 : ZERO LAND<\/b><\/p>\n<p><b>\u00dcretici Kodu : UCZZZF72S\u00dcP\u00dcRGEVEFAN2<\/b><\/p>\n<p><b>1 ADET F\u0130YATIDIR<\/b><\/p>\n<\/h4>\n<p><\/p>\n","protected":false},"excerpt":{"rendered":"<p>Ara\u00e7 \u0130\u00e7i ve Ev \u0130\u00e7in G\u00fc\u00e7l\u00fc Hava \u00dcfleyici Toz Temizleme Makinesi<\/p>\n","protected":false},"featured_media":171729,"comment_status":"open","ping_status":"closed","template":"","meta":[],"product_brand":[],"product_cat":[379,2210],"product_tag":[3278,4099,4038,1085,1904,1853,3446,1939,1666,13345,2104],"class_list":{"0":"post-171734","1":"product","2":"type-product","3":"status-publish","4":"has-post-thumbnail","6":"product_cat-ev-yasam","7":"product_cat-vantilator-ev-ya-am","8":"product_tag-arac","9":"product_tag-ev","10":"product_tag-guclu","11":"product_tag-hava","12":"product_tag-ici","13":"product_tag-icin","14":"product_tag-makinesi","15":"product_tag-temizleme","16":"product_tag-toz","17":"product_tag-ufleyici","18":"product_tag-ve","20":"first","21":"instock","22":"taxable","23":"shipping-taxable","24":"purchasable","25":"product-type-simple"},"_links":{"self":[{"href":"https:\/\/depodanmusteriye.com\/urunler\/wp-json\/wp\/v2\/product\/171734","targetHints":{"allow":["GET"]}}],"collection":[{"href":"https:\/\/depodanmusteriye.com\/urunler\/wp-json\/wp\/v2\/product"}],"about":[{"href":"https:\/\/depodanmusteriye.com\/urunler\/wp-json\/wp\/v2\/types\/product"}],"replies":[{"embeddable":true,"href":"https:\/\/depodanmusteriye.com\/urunler\/wp-json\/wp\/v2\/comments?post=171734"}],"version-history":[{"count":0,"href":"https:\/\/depodanmusteriye.com\/urunler\/wp-json\/wp\/v2\/product\/171734\/revisions"}],"wp:featuredmedia":[{"embeddable":true,"href":"https:\/\/depodanmusteriye.com\/urunler\/wp-json\/wp\/v2\/media\/171729"}],"wp:attachment":[{"href":"https:\/\/depodanmusteriye.com\/urunler\/wp-json\/wp\/v2\/media?parent=171734"}],"wp:term":[{"taxonomy":"product_brand","embeddable":true,"href":"https:\/\/depodanmusteriye.com\/urunler\/wp-json\/wp\/v2\/product_brand?post=171734"},{"taxonomy":"product_cat","embeddable":true,"href":"https:\/\/depodanmusteriye.com\/urunler\/wp-json\/wp\/v2\/product_cat?post=171734"},{"taxonomy":"product_tag","embeddable":true,"href":"https:\/\/depodanmusteriye.com\/urunler\/wp-json\/wp\/v2\/product_tag?post=171734"}],"curies":[{"name":"wp","href":"https:\/\/api.w.org\/{rel}","templated":true}]}}