{"id":17100,"date":"2025-12-05T05:08:22","date_gmt":"2025-12-05T05:08:22","guid":{"rendered":"https:\/\/b2b.depodanmusteriye.com\/urun\/versele-laga-col-ideal-bloc-5-1-guvercin-mineral-dest-6-li\/"},"modified":"2025-12-05T05:08:22","modified_gmt":"2025-12-05T05:08:22","slug":"versele-laga-col-ideal-bloc-5-1-guvercin-mineral-dest-6-li","status":"publish","type":"product","link":"https:\/\/depodanmusteriye.com\/urunler\/urun\/versele-laga-col-ideal-bloc-5-1-guvercin-mineral-dest-6-li\/","title":{"rendered":"VERSELE LAGA  COL. IDEAL BLOC 5 1 G\u00dcVERC\u0130N M\u0130NERAL DEST. 6 LI"},"content":{"rendered":"<h4>\n<p><strong>Colombine Ideal Bloc Tray 5+1<\/strong><\/p>\n<p>T\u00fcm g\u00fcvercinler i\u00e7in kil temelli mineral ve iz element kar\u0131\u015f\u0131m\u0131<br \/>\n<strong>\u0130\u00e7indekiler:<\/strong> Kil, istiridye kabu\u011fu k\u0131r\u0131\u011f\u0131, deniz kabu\u011fu k\u0131r\u0131\u011f\u0131, k\u0131z\u0131l kum, kursak ta\u015f\u0131.<br \/>\n<strong>G\u00fcnl\u00fck kullan\u0131m miktar\u0131:<\/strong> Yemle ayr\u0131 bir kapta olmak ve g\u00fcnl\u00fck olarak tazelenmek \u00fczere diledi\u011finiz kadar verebilirsiniz.<\/p>\n<p><img decoding=\"async\" alt=\"\" src=\"https:\/\/petgarden.com.tr\/image\/data\/motto_vl.jpg\" style=\"float:left;height:567px;width:870px\" \/><\/p>\n<p><b>1 adet fiyat\u0131d\u0131r<\/b> <\/p>\n<p><p><b>\u00dcretici Markas\u0131 : VERSELE LAGA G\u00fcvercin<\/b><\/p>\n<p><b>\u00dcretici Kodu : 5410340129005<\/b><\/p>\n<p><b>1 ADET F\u0130YATIDIR<\/b><\/p>\n<\/h4>\n<p><\/p>\n","protected":false},"excerpt":{"rendered":"<p>VERSELE LAGA  COL. IDEAL BLOC 5 1 G\u00dcVERC\u0130N M\u0130NERAL DEST. 6 LI<\/p>\n","protected":false},"featured_media":17099,"comment_status":"open","ping_status":"closed","template":"","meta":[],"product_brand":[],"product_cat":[537,370],"product_tag":[1056,1606,1224,4426,2904,2907,2906,4425,2903,1864,1656,2902],"class_list":{"0":"post-17100","1":"product","2":"type-product","3":"status-publish","4":"has-post-thumbnail","6":"product_cat-kus-sagligi-urunu","7":"product_cat-pet-shop","8":"product_tag-1056","9":"product_tag-1606","10":"product_tag-1224","11":"product_tag-bloc","12":"product_tag-col","13":"product_tag-dest","14":"product_tag-guvercin","15":"product_tag-ideal","16":"product_tag-laga","17":"product_tag-li","18":"product_tag-mineral","19":"product_tag-versele","21":"first","22":"instock","23":"taxable","24":"shipping-taxable","25":"purchasable","26":"product-type-simple"},"_links":{"self":[{"href":"https:\/\/depodanmusteriye.com\/urunler\/wp-json\/wp\/v2\/product\/17100","targetHints":{"allow":["GET"]}}],"collection":[{"href":"https:\/\/depodanmusteriye.com\/urunler\/wp-json\/wp\/v2\/product"}],"about":[{"href":"https:\/\/depodanmusteriye.com\/urunler\/wp-json\/wp\/v2\/types\/product"}],"replies":[{"embeddable":true,"href":"https:\/\/depodanmusteriye.com\/urunler\/wp-json\/wp\/v2\/comments?post=17100"}],"version-history":[{"count":0,"href":"https:\/\/depodanmusteriye.com\/urunler\/wp-json\/wp\/v2\/product\/17100\/revisions"}],"wp:featuredmedia":[{"embeddable":true,"href":"https:\/\/depodanmusteriye.com\/urunler\/wp-json\/wp\/v2\/media\/17099"}],"wp:attachment":[{"href":"https:\/\/depodanmusteriye.com\/urunler\/wp-json\/wp\/v2\/media?parent=17100"}],"wp:term":[{"taxonomy":"product_brand","embeddable":true,"href":"https:\/\/depodanmusteriye.com\/urunler\/wp-json\/wp\/v2\/product_brand?post=17100"},{"taxonomy":"product_cat","embeddable":true,"href":"https:\/\/depodanmusteriye.com\/urunler\/wp-json\/wp\/v2\/product_cat?post=17100"},{"taxonomy":"product_tag","embeddable":true,"href":"https:\/\/depodanmusteriye.com\/urunler\/wp-json\/wp\/v2\/product_tag?post=17100"}],"curies":[{"name":"wp","href":"https:\/\/api.w.org\/{rel}","templated":true}]}}