{"id":168457,"date":"2025-12-14T10:58:19","date_gmt":"2025-12-14T10:58:19","guid":{"rendered":"https:\/\/b2b.depodanmusteriye.com\/urun\/4-adet-x-250-yaprak-soso-ozel-formullu-kova-yag-cozucu-yuzey-temizleme-mendili\/"},"modified":"2025-12-30T13:03:17","modified_gmt":"2025-12-30T13:03:17","slug":"4-adet-x-250-yaprak-soso-ozel-formullu-kova-yag-cozucu-yuzey-temizleme-mendili","status":"publish","type":"product","link":"https:\/\/depodanmusteriye.com\/urunler\/urun\/4-adet-x-250-yaprak-soso-ozel-formullu-kova-yag-cozucu-yuzey-temizleme-mendili\/","title":{"rendered":"4 adet X 250 Yaprak &#8211; Soso \u00d6zel Form\u00fcll\u00fc Kova Ya\u011f \u00c7\u00f6z\u00fcc\u00fc Y\u00fczey Temizleme Mendili"},"content":{"rendered":"<h4>\n<p>4 adet X 250 Yaprak &#8211; Soso \u00d6zel Form\u00fcll\u00fc Kova Ya\u011f \u00c7\u00f6z\u00fcc\u00fc Y\u00fczey Temizleme Mendili<\/p>\n<p>\u00dcR\u00dcN ADI:<br \/>4 adet X 250 Yaprak &#8211; Soso \u00d6zel Form\u00fcll\u00fc Kova Ya\u011f \u00c7\u00f6z\u00fcc\u00fc Y\u00fczey Temizleme Mendili<\/p>\n<p>MODEL KODU:<br \/>KOVAS34<\/p>\n<p>MARKA:<br \/>Soso Sa\u011fl\u0131k<\/p>\n<p>MEN\u015eE\u0130: TR \u00a0 \u00a0 \u00a0 \u00a0 \u00a0 \u00a0 \u00a0 \u00a0 \u00a0 \u00a0 \u00a0 \u00a0 \u00a0 \u00a0 \u00a0 \u00a0 \u00a0 \u00a0 \u00a0 \u00a0 \u00a0 \u00a0 \u00a0 \u00a0 \u00a0 \u00a0 \u00a0 \u00a0 \u00a0 \u00a0 \u00a0 \u00a0 \u00a0 \u00a0 \u00a0 \u00a0 \u00a0 \u00a0 \u00a0<\/p>\n<p>BAKIM TAL\u0130MATI:<br \/>Durulama gerektirmez.<\/p>\n<p>\u00dcR\u00dcN A\u00c7IKLAMASI:<br \/>Soso \u00d6zel Form\u00fcll\u00fc Kova Ya\u011f \u00c7\u00f6z\u00fcc\u00fc Y\u00fczey Temizleyici Mendil<br \/>Soso Sa\u011fl\u0131k\u2019\u0131n \u00f6zel ya\u011f \u00e7\u00f6z\u00fcc\u00fc form\u00fcle sahip y\u00fczey temizleme mendilleri, mutfak ba\u015fta olmak \u00fczere bir\u00e7ok alanda biriken zorlu ya\u011f ve kiri etkili \u015fekilde temizler. Pratik ambalaj\u0131 sayesinde her an elinizin alt\u0131nda!<\/p>\n<p>1-\u00dcr\u00fcn \u00d6zellikleri:<br \/>&#8211; \u00dcr\u00fcn 4 kova X 250 mendildir.<br \/>&#8211; \u00d6zel form\u00fcl\u00fc ile ya\u011f ve inat\u00e7\u0131 kirleri kolayca \u00e7\u00f6zer.<br \/>&#8211; Mutfak tezgah\u0131, ocak, f\u0131r\u0131n, davlumbaz ve benzeri y\u00fczeylerde etkilidir.<br \/>&#8211; Kolay \u00e7ekilen mendil yap\u0131s\u0131 ile h\u0131zl\u0131 ve pratik temizlik sa\u011flar.<br \/>&#8211; Ciltle uyumlu form\u00fcl (uzun s\u00fcreli temas \u00f6nerilmez).<br \/>&#8211; Ho\u015f kokuludur, k\u00f6t\u00fc kokular\u0131 bast\u0131r\u0131r.<br \/>&#8211; kimyasallar i\u00e7ermez.<br \/>&#8211; Ev, ofis, kafe, restoran gibi alanlar i\u00e7in idealdir.<\/p>\n<p>2-Kullan\u0131m Talimat\u0131:<br \/>&#8211; Kova kapa\u011f\u0131n\u0131 a\u00e7\u0131n ve bir adet mendili \u00e7\u0131kar\u0131n.<br \/>&#8211; Ya\u011fl\u0131 veya kirli y\u00fczeye do\u011frudan uygulay\u0131n.<br \/>&#8211; Gerekirse birka\u00e7 kez silerek temizli\u011fi tamamlay\u0131n.<br \/>&#8211; Kulland\u0131ktan sonra kova kapa\u011f\u0131n\u0131 kapatarak mendillerin kurumas\u0131n\u0131 \u00f6nleyin.<br \/>&#8211; G\u0131da temas y\u00fczeylerinde kullan\u0131m sonras\u0131 durulama \u00f6nerilir.<\/p>\n<p>3-Uyar\u0131lar:<br \/>&#8211; Sadece y\u00fczey temizli\u011fi i\u00e7in uygundur.<br \/>&#8211; Cilt, g\u00f6z veya g\u0131da ile do\u011frudan temas ettirmeyiniz.<br \/>&#8211; G\u00f6z ile temas halinde bol su ile y\u0131kay\u0131n\u0131z.<br \/>&#8211; Ciltte hassasiyet olu\u015fursa kullan\u0131m\u0131 durdurunuz.<br \/>&#8211; \u00c7ocuklar\u0131n eri\u015femeyece\u011fi yerlerde saklay\u0131n\u0131z.<\/p>\n<p>4-Saklama Ko\u015fullar\u0131:<br \/>&#8211; Serin ve kuru bir yerde, do\u011frudan g\u00fcne\u015f \u0131\u015f\u0131\u011f\u0131ndan uzakta saklay\u0131n\u0131z.<br \/>&#8211; Ambalaj a\u00e7\u0131ld\u0131ktan sonra \u00fcr\u00fcn\u00fcn kurumas\u0131n\u0131 \u00f6nlemek i\u00e7in a\u011fz\u0131n\u0131 daima kapal\u0131 tutunuz.<\/p>\n<p>5-Stok Bilgisi:<br \/>&#8211; \u00dcr\u00fcn stoklar\u0131 daimi mevcuttur. (Kampanya s\u0131n\u0131rlamalar\u0131 hari\u00e7.)<\/p>\n<p>6-Sat\u0131\u015f:<br \/>&#8211; \u00dcr\u00fcn \u00fcretici ve \u00fcreticinin belirledi\u011fi noktalar taraf\u0131ndan sat\u0131\u015f\u0131 yap\u0131lmaktad\u0131r. Birden hari\u00e7 sat\u0131\u015f noktas\u0131 mevcuttur. Sat\u0131\u015f fiyat\u0131, termin, teslimat ile alakal\u0131 sat\u0131\u015f noktalar\u0131 taraf\u0131ndan belirlenmi\u015ftir.<\/p>\n<p><b>\u00dcretici Markas\u0131 : SOSO<\/b><\/p>\n<p><b>\u00dcretici Kodu : KOVAS34<\/b><\/p>\n<p><b>1 ADET F\u0130YATIDIR<\/b><\/p>\n<\/h4>\n<p><\/p>\n","protected":false},"excerpt":{"rendered":"<p>4 adet X 250 Yaprak &#8211; Soso \u00d6zel Form\u00fcll\u00fc Kova Ya\u011f \u00c7\u00f6z\u00fcc\u00fc Y\u00fczey Temizleme Mendili<\/p>\n","protected":false},"featured_media":168454,"comment_status":"open","ping_status":"closed","template":"","meta":[],"product_brand":[],"product_cat":[379,2207],"product_tag":[1769,1058,1301,3700,3699,3244,1940,3698,3697,1939,1595,1095,3277,3288],"class_list":{"0":"post-168457","1":"product","2":"type-product","3":"status-publish","4":"has-post-thumbnail","6":"product_cat-ev-yasam","7":"product_cat-islak-mendil-ev-ya-am","8":"product_tag-1769","9":"product_tag-1058","10":"product_tag-adet","11":"product_tag-cozucu","12":"product_tag-formullu","13":"product_tag-kova","14":"product_tag-mendili","15":"product_tag-ozel","16":"product_tag-soso","17":"product_tag-temizleme","18":"product_tag-x","19":"product_tag-yag","20":"product_tag-yaprak","21":"product_tag-yuzey","23":"first","24":"outofstock","25":"taxable","26":"shipping-taxable","27":"purchasable","28":"product-type-simple"},"_links":{"self":[{"href":"https:\/\/depodanmusteriye.com\/urunler\/wp-json\/wp\/v2\/product\/168457","targetHints":{"allow":["GET"]}}],"collection":[{"href":"https:\/\/depodanmusteriye.com\/urunler\/wp-json\/wp\/v2\/product"}],"about":[{"href":"https:\/\/depodanmusteriye.com\/urunler\/wp-json\/wp\/v2\/types\/product"}],"replies":[{"embeddable":true,"href":"https:\/\/depodanmusteriye.com\/urunler\/wp-json\/wp\/v2\/comments?post=168457"}],"version-history":[{"count":0,"href":"https:\/\/depodanmusteriye.com\/urunler\/wp-json\/wp\/v2\/product\/168457\/revisions"}],"wp:featuredmedia":[{"embeddable":true,"href":"https:\/\/depodanmusteriye.com\/urunler\/wp-json\/wp\/v2\/media\/168454"}],"wp:attachment":[{"href":"https:\/\/depodanmusteriye.com\/urunler\/wp-json\/wp\/v2\/media?parent=168457"}],"wp:term":[{"taxonomy":"product_brand","embeddable":true,"href":"https:\/\/depodanmusteriye.com\/urunler\/wp-json\/wp\/v2\/product_brand?post=168457"},{"taxonomy":"product_cat","embeddable":true,"href":"https:\/\/depodanmusteriye.com\/urunler\/wp-json\/wp\/v2\/product_cat?post=168457"},{"taxonomy":"product_tag","embeddable":true,"href":"https:\/\/depodanmusteriye.com\/urunler\/wp-json\/wp\/v2\/product_tag?post=168457"}],"curies":[{"name":"wp","href":"https:\/\/api.w.org\/{rel}","templated":true}]}}