{"id":157904,"date":"2025-12-12T15:11:34","date_gmt":"2025-12-12T15:11:34","guid":{"rendered":"https:\/\/b2b.depodanmusteriye.com\/urun\/cam-kapakli-anfora-kumas-kelepce-yuzuk-standi-24x34-cm-acik-pembe\/"},"modified":"2025-12-12T15:11:34","modified_gmt":"2025-12-12T15:11:34","slug":"cam-kapakli-anfora-kumas-kelepce-yuzuk-standi-24x34-cm-acik-pembe","status":"publish","type":"product","link":"https:\/\/depodanmusteriye.com\/urunler\/urun\/cam-kapakli-anfora-kumas-kelepce-yuzuk-standi-24x34-cm-acik-pembe\/","title":{"rendered":"Cam Kapakl\u0131 Anfora Kuma\u015f Kelep\u00e7e Y\u00fcz\u00fck Stand\u0131 24X34 cm-A\u00e7\u0131k Pembe"},"content":{"rendered":"<h4>\n<p>Cam Kapakl\u0131 Anfora Kuma\u015f Kelep\u00e7e Y\u00fcz\u00fck Stand\u0131 24X34 cm-A\u00e7\u0131k Pembe<\/p>\n<p> Cam Kapakl\u0131 Anfora Kuma\u015f Kelep\u00e7e Y\u00fcz\u00fck Stand\u0131 24X34 cm <\/p>\n<p><b>1 adet fiyat\u0131d\u0131r<\/b> <\/p>\n<p><p><b>\u00dcretici Markas\u0131 : ZERO<\/b><\/p>\n<p><b>\u00dcretici Kodu : 11780137A\u00e7\u0131kPembe<\/b><\/p>\n<p><b>1 ADET F\u0130YATIDIR<\/b><\/p>\n<\/h4>\n<p><\/p>\n","protected":false},"excerpt":{"rendered":"<p>Cam Kapakl\u0131 Anfora Kuma\u015f Kelep\u00e7e Y\u00fcz\u00fck Stand\u0131 24X34 cm-A\u00e7\u0131k Pembe<\/p>\n","protected":false},"featured_media":157901,"comment_status":"open","ping_status":"closed","template":"","meta":[],"product_brand":[],"product_cat":[371,946],"product_tag":[3940,2055,1366,12256,1333,3881,2051,2166,2394,2068],"class_list":{"0":"post-157904","1":"product","2":"type-product","3":"status-publish","4":"has-post-thumbnail","6":"product_cat-bijuteri-hediyelik","7":"product_cat-dekoratif-kutu","8":"product_tag-24x34","9":"product_tag-anfora","10":"product_tag-cam","11":"product_tag-cm-acik","12":"product_tag-kapakli","13":"product_tag-kelepce","14":"product_tag-kumas","15":"product_tag-pembe","16":"product_tag-standi","17":"product_tag-yuzuk","19":"first","20":"instock","21":"taxable","22":"shipping-taxable","23":"purchasable","24":"product-type-simple"},"_links":{"self":[{"href":"https:\/\/depodanmusteriye.com\/urunler\/wp-json\/wp\/v2\/product\/157904","targetHints":{"allow":["GET"]}}],"collection":[{"href":"https:\/\/depodanmusteriye.com\/urunler\/wp-json\/wp\/v2\/product"}],"about":[{"href":"https:\/\/depodanmusteriye.com\/urunler\/wp-json\/wp\/v2\/types\/product"}],"replies":[{"embeddable":true,"href":"https:\/\/depodanmusteriye.com\/urunler\/wp-json\/wp\/v2\/comments?post=157904"}],"version-history":[{"count":0,"href":"https:\/\/depodanmusteriye.com\/urunler\/wp-json\/wp\/v2\/product\/157904\/revisions"}],"wp:featuredmedia":[{"embeddable":true,"href":"https:\/\/depodanmusteriye.com\/urunler\/wp-json\/wp\/v2\/media\/157901"}],"wp:attachment":[{"href":"https:\/\/depodanmusteriye.com\/urunler\/wp-json\/wp\/v2\/media?parent=157904"}],"wp:term":[{"taxonomy":"product_brand","embeddable":true,"href":"https:\/\/depodanmusteriye.com\/urunler\/wp-json\/wp\/v2\/product_brand?post=157904"},{"taxonomy":"product_cat","embeddable":true,"href":"https:\/\/depodanmusteriye.com\/urunler\/wp-json\/wp\/v2\/product_cat?post=157904"},{"taxonomy":"product_tag","embeddable":true,"href":"https:\/\/depodanmusteriye.com\/urunler\/wp-json\/wp\/v2\/product_tag?post=157904"}],"curies":[{"name":"wp","href":"https:\/\/api.w.org\/{rel}","templated":true}]}}