{"id":156679,"date":"2025-12-12T14:03:13","date_gmt":"2025-12-12T14:03:13","guid":{"rendered":"https:\/\/b2b.depodanmusteriye.com\/urun\/pratik-epilasyon-yayi-kirmizi\/"},"modified":"2025-12-12T14:03:13","modified_gmt":"2025-12-12T14:03:13","slug":"pratik-epilasyon-yayi-kirmizi","status":"publish","type":"product","link":"https:\/\/depodanmusteriye.com\/urunler\/urun\/pratik-epilasyon-yayi-kirmizi\/","title":{"rendered":"Pratik Epilasyon Yay\u0131-K\u0131rm\u0131z\u0131"},"content":{"rendered":"<h4>\n<p>Pratik Epilasyon Yay\u0131-K\u0131rm\u0131z\u0131<\/p>\n<p> Pratik Epilasyon Yay\u0131 <\/p>\n<p><b>1 adet fiyat\u0131d\u0131r<\/b> <\/p>\n<p><p><b>\u00dcretici Markas\u0131 : ZERO<\/b><\/p>\n<p><b>\u00dcretici Kodu : 10955383K\u0131rm\u0131z\u0131<\/b><\/p>\n<p><b>1 ADET F\u0130YATIDIR<\/b><\/p>\n<\/h4>\n<p><\/p>\n","protected":false},"excerpt":{"rendered":"<p>Pratik Epilasyon Yay\u0131-K\u0131rm\u0131z\u0131<\/p>\n","protected":false},"featured_media":156677,"comment_status":"open","ping_status":"closed","template":"","meta":[],"product_brand":[],"product_cat":[697,371],"product_tag":[2158,4096,12128],"class_list":{"0":"post-156679","1":"product","2":"type-product","3":"status-publish","4":"has-post-thumbnail","6":"product_cat-agda","7":"product_cat-bijuteri-hediyelik","8":"product_tag-epilasyon","9":"product_tag-pratik","10":"product_tag-yayi-kirmizi","12":"first","13":"instock","14":"taxable","15":"shipping-taxable","16":"purchasable","17":"product-type-simple"},"_links":{"self":[{"href":"https:\/\/depodanmusteriye.com\/urunler\/wp-json\/wp\/v2\/product\/156679","targetHints":{"allow":["GET"]}}],"collection":[{"href":"https:\/\/depodanmusteriye.com\/urunler\/wp-json\/wp\/v2\/product"}],"about":[{"href":"https:\/\/depodanmusteriye.com\/urunler\/wp-json\/wp\/v2\/types\/product"}],"replies":[{"embeddable":true,"href":"https:\/\/depodanmusteriye.com\/urunler\/wp-json\/wp\/v2\/comments?post=156679"}],"version-history":[{"count":0,"href":"https:\/\/depodanmusteriye.com\/urunler\/wp-json\/wp\/v2\/product\/156679\/revisions"}],"wp:featuredmedia":[{"embeddable":true,"href":"https:\/\/depodanmusteriye.com\/urunler\/wp-json\/wp\/v2\/media\/156677"}],"wp:attachment":[{"href":"https:\/\/depodanmusteriye.com\/urunler\/wp-json\/wp\/v2\/media?parent=156679"}],"wp:term":[{"taxonomy":"product_brand","embeddable":true,"href":"https:\/\/depodanmusteriye.com\/urunler\/wp-json\/wp\/v2\/product_brand?post=156679"},{"taxonomy":"product_cat","embeddable":true,"href":"https:\/\/depodanmusteriye.com\/urunler\/wp-json\/wp\/v2\/product_cat?post=156679"},{"taxonomy":"product_tag","embeddable":true,"href":"https:\/\/depodanmusteriye.com\/urunler\/wp-json\/wp\/v2\/product_tag?post=156679"}],"curies":[{"name":"wp","href":"https:\/\/api.w.org\/{rel}","templated":true}]}}