{"id":151572,"date":"2025-12-12T09:42:14","date_gmt":"2025-12-12T09:42:14","guid":{"rendered":"https:\/\/b2b.depodanmusteriye.com\/urun\/6-mm-kaplangozu-tasi-kahverengi\/"},"modified":"2025-12-12T09:42:14","modified_gmt":"2025-12-12T09:42:14","slug":"6-mm-kaplangozu-tasi-kahverengi","status":"publish","type":"product","link":"https:\/\/depodanmusteriye.com\/urunler\/urun\/6-mm-kaplangozu-tasi-kahverengi\/","title":{"rendered":"6 mm Kaplang\u00f6z\u00fc Ta\u015f\u0131-Kahverengi"},"content":{"rendered":"<h4>\n<p>6 mm Kaplang\u00f6z\u00fc Ta\u015f\u0131-Kahverengi<\/p>\n<p> 6 mm Kaplang\u00f6z\u00fc Ta\u015f\u0131 <\/p>\n<p><b>1 adet fiyat\u0131d\u0131r<\/b> <\/p>\n<p><p><b>\u00dcretici Markas\u0131 : ZERO<\/b><\/p>\n<p><b>\u00dcretici Kodu : 11557944Kahve<\/b><\/p>\n<p><b>1 ADET F\u0130YATIDIR<\/b><\/p>\n<\/h4>\n<p><\/p>\n","protected":false},"excerpt":{"rendered":"<p>6 mm Kaplang\u00f6z\u00fc Ta\u015f\u0131-Kahverengi<\/p>\n","protected":false},"featured_media":151570,"comment_status":"open","ping_status":"closed","template":"","meta":[],"product_brand":[],"product_cat":[371,498],"product_tag":[1224,3904,2098,11522],"class_list":{"0":"post-151572","1":"product","2":"type-product","3":"status-publish","4":"has-post-thumbnail","6":"product_cat-bijuteri-hediyelik","7":"product_cat-bijuteri-kolye","8":"product_tag-1224","9":"product_tag-kaplangozu","10":"product_tag-mm","11":"product_tag-tasi-kahverengi","13":"first","14":"instock","15":"taxable","16":"shipping-taxable","17":"purchasable","18":"product-type-simple"},"_links":{"self":[{"href":"https:\/\/depodanmusteriye.com\/urunler\/wp-json\/wp\/v2\/product\/151572","targetHints":{"allow":["GET"]}}],"collection":[{"href":"https:\/\/depodanmusteriye.com\/urunler\/wp-json\/wp\/v2\/product"}],"about":[{"href":"https:\/\/depodanmusteriye.com\/urunler\/wp-json\/wp\/v2\/types\/product"}],"replies":[{"embeddable":true,"href":"https:\/\/depodanmusteriye.com\/urunler\/wp-json\/wp\/v2\/comments?post=151572"}],"version-history":[{"count":0,"href":"https:\/\/depodanmusteriye.com\/urunler\/wp-json\/wp\/v2\/product\/151572\/revisions"}],"wp:featuredmedia":[{"embeddable":true,"href":"https:\/\/depodanmusteriye.com\/urunler\/wp-json\/wp\/v2\/media\/151570"}],"wp:attachment":[{"href":"https:\/\/depodanmusteriye.com\/urunler\/wp-json\/wp\/v2\/media?parent=151572"}],"wp:term":[{"taxonomy":"product_brand","embeddable":true,"href":"https:\/\/depodanmusteriye.com\/urunler\/wp-json\/wp\/v2\/product_brand?post=151572"},{"taxonomy":"product_cat","embeddable":true,"href":"https:\/\/depodanmusteriye.com\/urunler\/wp-json\/wp\/v2\/product_cat?post=151572"},{"taxonomy":"product_tag","embeddable":true,"href":"https:\/\/depodanmusteriye.com\/urunler\/wp-json\/wp\/v2\/product_tag?post=151572"}],"curies":[{"name":"wp","href":"https:\/\/api.w.org\/{rel}","templated":true}]}}