{"id":135313,"date":"2025-12-10T01:24:15","date_gmt":"2025-12-10T01:24:15","guid":{"rendered":"https:\/\/b2b.depodanmusteriye.com\/urun\/onegif-apple-iphone-16-pro-max-hulk-magsafe-kapak-beyaz\/"},"modified":"2025-12-10T01:24:15","modified_gmt":"2025-12-10T01:24:15","slug":"onegif-apple-iphone-16-pro-max-hulk-magsafe-kapak-beyaz","status":"publish","type":"product","link":"https:\/\/depodanmusteriye.com\/urunler\/urun\/onegif-apple-iphone-16-pro-max-hulk-magsafe-kapak-beyaz\/","title":{"rendered":"Onegif Apple iPhone 16 Pro Max Hulk Magsafe Kapak &#8211; Beyaz"},"content":{"rendered":"<h4>Onegif Apple iPhone 16 Pro Max Hulk Magsafe Kapak &#8211; Beyaz<\/p>\n<p><strong>Onegif Hulk Magsafe Kapak<\/strong><\/p>\n<p><\/p>\n<p>\u2705<strong> Ger\u00e7ek Hava Yast\u0131\u011f\u0131 D\u00fc\u015fme Korumas\u0131:<\/strong> Telefonunuzu d\u00fc\u015fme ve darbelerden \u00fcst\u00fcn koruma sa\u011flayan ger\u00e7ek hava yast\u0131\u011f\u0131 teknolojisiyle g\u00fcvende tutar. D\u00fc\u015fme an\u0131nda darbe emici etkisi sayesinde telefonunuzu maksimum seviyede korur.<\/p>\n<p><\/p>\n<p>\u2705 <strong>S\u00fcper Darbe Filtreleme \u00d6zelli\u011f<\/strong>i : Telefonunuzu ani \u015foklara kar\u015f\u0131 etkili bir \u015fekilde koruyarak uzun \u00f6m\u00fcrl\u00fc kullan\u0131m sa\u011flar.<\/p>\n<p><\/p>\n<p>\u2705<strong> Yar\u0131 Saydam PC Kaplama:<\/strong> \u015e\u0131k ve kaliteli yar\u0131 saydam tasar\u0131m, telefonunuzun g\u00f6r\u00fcn\u00fcm\u00fcn\u00fc bozmadan koruma sunar. Dayan\u0131kl\u0131 ve esnek malzeme yap\u0131s\u0131yla hem darbelere kar\u015f\u0131 dayan\u0131kl\u0131 hem de kullan\u0131m\u0131 kolayd\u0131r.<\/p>\n<p><\/p>\n<p>\u2705<strong> Kamera Koruyucu Y\u00fcksek \u00c7er\u00e7eve :<\/strong> Kameran\u0131z\u0131n do\u011frudan darbelerden zarar g\u00f6rmesini engelleyen, kameradan daha y\u00fcksek koruma \u00e7er\u00e7evesi.<\/p>\n<p><\/p>\n<p>\u2705 <strong>Manyetik Kablosuz \u015earj Uyumlulu\u011fu :<\/strong> Manyetik kablosuz \u015farj cihazlar\u0131yla tam uyumlu, basit\u00e7e takarak kablosuz \u015farj yapabilirsiniz.<\/p>\n<p><\/p>\n<p><b>1 adet fiyat\u0131d\u0131r<\/b> <\/p>\n<p><p><b>\u00dcretici Markas\u0131 : ONE G\u0130F<\/b><\/p>\n<p><b>\u00dcretici Kodu : 8683140871079<\/b><\/p>\n<p><b>1 ADET F\u0130YATIDIR<\/b><\/p>\n<\/h4>\n<p><\/p>\n","protected":false},"excerpt":{"rendered":"<p>Onegif Apple iPhone 16 Pro Max Hulk Magsafe Kapak &#8211; Beyaz<\/p>\n","protected":false},"featured_media":135308,"comment_status":"open","ping_status":"closed","template":"","meta":[],"product_brand":[],"product_cat":[457,374],"product_tag":[1300,3162,1663,3706,1950,1389,3238,2496,1990,2484],"class_list":{"0":"post-135313","1":"product","2":"type-product","3":"status-publish","4":"has-post-thumbnail","6":"product_cat-kapak-and-kilif","7":"product_cat-mobil-aksesuar","8":"product_tag-1300","9":"product_tag-apple","10":"product_tag-beyaz","11":"product_tag-hulk","12":"product_tag-iphone","13":"product_tag-kapak","14":"product_tag-magsafe","15":"product_tag-max","16":"product_tag-onegif","17":"product_tag-pro","19":"first","20":"instock","21":"taxable","22":"shipping-taxable","23":"purchasable","24":"product-type-simple"},"_links":{"self":[{"href":"https:\/\/depodanmusteriye.com\/urunler\/wp-json\/wp\/v2\/product\/135313","targetHints":{"allow":["GET"]}}],"collection":[{"href":"https:\/\/depodanmusteriye.com\/urunler\/wp-json\/wp\/v2\/product"}],"about":[{"href":"https:\/\/depodanmusteriye.com\/urunler\/wp-json\/wp\/v2\/types\/product"}],"replies":[{"embeddable":true,"href":"https:\/\/depodanmusteriye.com\/urunler\/wp-json\/wp\/v2\/comments?post=135313"}],"version-history":[{"count":0,"href":"https:\/\/depodanmusteriye.com\/urunler\/wp-json\/wp\/v2\/product\/135313\/revisions"}],"wp:featuredmedia":[{"embeddable":true,"href":"https:\/\/depodanmusteriye.com\/urunler\/wp-json\/wp\/v2\/media\/135308"}],"wp:attachment":[{"href":"https:\/\/depodanmusteriye.com\/urunler\/wp-json\/wp\/v2\/media?parent=135313"}],"wp:term":[{"taxonomy":"product_brand","embeddable":true,"href":"https:\/\/depodanmusteriye.com\/urunler\/wp-json\/wp\/v2\/product_brand?post=135313"},{"taxonomy":"product_cat","embeddable":true,"href":"https:\/\/depodanmusteriye.com\/urunler\/wp-json\/wp\/v2\/product_cat?post=135313"},{"taxonomy":"product_tag","embeddable":true,"href":"https:\/\/depodanmusteriye.com\/urunler\/wp-json\/wp\/v2\/product_tag?post=135313"}],"curies":[{"name":"wp","href":"https:\/\/api.w.org\/{rel}","templated":true}]}}