{"id":135278,"date":"2025-12-10T01:21:49","date_gmt":"2025-12-10T01:21:49","guid":{"rendered":"https:\/\/b2b.depodanmusteriye.com\/urun\/newface-samsung-galaxy-t870-tab-s7-11-kilif-like-stantli-tablet-silikon-mavi\/"},"modified":"2025-12-10T01:21:49","modified_gmt":"2025-12-10T01:21:49","slug":"newface-samsung-galaxy-t870-tab-s7-11-kilif-like-stantli-tablet-silikon-mavi","status":"publish","type":"product","link":"https:\/\/depodanmusteriye.com\/urunler\/urun\/newface-samsung-galaxy-t870-tab-s7-11-kilif-like-stantli-tablet-silikon-mavi\/","title":{"rendered":"Newface Samsung Galaxy T870 Tab S7 11 K\u0131l\u0131f Like Stantl\u0131 Tablet Silikon &#8211; Mavi"},"content":{"rendered":"<h4>Newface Samsung Galaxy T870 Tab S7 11 K\u0131l\u0131f Like Stantl\u0131 Tablet Silikon &#8211; Mavi<\/p>\n<p><b>NEWFACE TABLET L\u0130KE S\u0130L\u0130KON KILIF<\/b><\/p>\n<p>Soft ve p\u00fcr\u00fczs\u00fcz y\u00fczey ile tabletinize farkl\u0131 bir g\u00f6r\u00fcn\u00fcm kazand\u0131r\u0131r.<br \/>&#8212;- ile uyumludur.<br \/>M\u00fckemmel kal\u0131b\u0131 sayesinde cihaz\u0131n\u0131za tam uyum sa\u011flar.<br \/><span style=\"font-size: 1rem\">\u00dcr\u00fcn\u00fcm\u00fcz, \u00f6zel tasar\u0131ml\u0131 bir k\u0131l\u0131ft\u0131r.<br \/>Son derece modern g\u00f6r\u00fcn\u00fcml\u00fcd\u00fcr. <br \/>Yumu\u015fak esnek k\u0131l\u0131f cihaz\u0131n\u0131z\u0131n kal\u0131plar\u0131na bire bir uyumludur.<br \/>Cihaz\u0131n\u0131z\u0131 sararak \u00e7izilmesini engeller.<br \/>D\u0131\u015f y\u00fczeyi soft ve p\u00fcr\u00fczs\u00fczd\u00fcr, tam kavraman\u0131z\u0131 sa\u011flar.<br \/><\/span><span style=\"font-size: 1rem\">K\u0131l\u0131f tak\u0131l\u0131 iken cihaz\u0131n t\u00fcm ba\u011flant\u0131 noktalar\u0131na rahatl\u0131kla ula\u015f\u0131labilir.<br \/>Kolayca tak\u0131p \u00e7\u0131kar\u0131labilir.<br \/>\u0130\u00e7eri\u011finde sa\u011fl\u0131\u011fa zararl\u0131 materyal bulunmamaktad\u0131r.<\/span><\/p>\n<p><span style=\"font-size: 1rem\"><br \/><\/span><span style=\"font-size: 1rem\">\u00d6zellikler;<br \/><\/span><span style=\"font-size: 1rem\">Soft d\u0131\u015f y\u00fczey ince yap\u0131l\u0131 esnek.<br \/><\/span><span style=\"font-size: 1rem\">Tabletinizi tam sarar ve zarar vermez, d\u0131\u015f etkenlerden korur.<br \/><\/span><span style=\"font-size: 1rem\">Darbelere maximum koruma sa\u011flar.<br \/><\/span><span style=\"font-size: 1rem\">Kolayca tak\u0131p \u00e7\u0131karabilirsiniz.<br \/><\/span><span style=\"font-size: 1rem\">Kapak tak\u0131l\u0131 iken t\u00fcm slotlara eri\u015febilirsiniz.<\/span><\/p>\n<p><b>1 adet fiyat\u0131d\u0131r<\/b> <\/p>\n<p><p><b>\u00dcretici Markas\u0131 : NEWFACE<\/b><\/p>\n<p><b>\u00dcretici Kodu : 8683140715151<\/b><\/p>\n<p><b>1 ADET F\u0130YATIDIR<\/b><\/p>\n<\/h4>\n<p><\/p>\n","protected":false},"excerpt":{"rendered":"<p>Newface Samsung Galaxy T870 Tab S7 11 K\u0131l\u0131f Like Stantl\u0131 Tablet Silikon &#8211; Mavi<\/p>\n","protected":false},"featured_media":135275,"comment_status":"open","ping_status":"closed","template":"","meta":[],"product_brand":[],"product_cat":[374,756],"product_tag":[2483,1974,1514,2760,1737,1510,3472,1973,2486,2761,3471,2003,1516],"class_list":{"0":"post-135278","1":"product","2":"type-product","3":"status-publish","4":"has-post-thumbnail","6":"product_cat-mobil-aksesuar","7":"product_cat-tablet-kilifi","8":"product_tag-2483","9":"product_tag-galaxy","10":"product_tag-kilif","11":"product_tag-like","12":"product_tag-mavi","13":"product_tag-newface","14":"product_tag-s7","15":"product_tag-samsung","16":"product_tag-silikon","17":"product_tag-stantli","18":"product_tag-t870","19":"product_tag-tab","20":"product_tag-tablet","22":"first","23":"instock","24":"taxable","25":"shipping-taxable","26":"purchasable","27":"product-type-simple"},"_links":{"self":[{"href":"https:\/\/depodanmusteriye.com\/urunler\/wp-json\/wp\/v2\/product\/135278","targetHints":{"allow":["GET"]}}],"collection":[{"href":"https:\/\/depodanmusteriye.com\/urunler\/wp-json\/wp\/v2\/product"}],"about":[{"href":"https:\/\/depodanmusteriye.com\/urunler\/wp-json\/wp\/v2\/types\/product"}],"replies":[{"embeddable":true,"href":"https:\/\/depodanmusteriye.com\/urunler\/wp-json\/wp\/v2\/comments?post=135278"}],"version-history":[{"count":0,"href":"https:\/\/depodanmusteriye.com\/urunler\/wp-json\/wp\/v2\/product\/135278\/revisions"}],"wp:featuredmedia":[{"embeddable":true,"href":"https:\/\/depodanmusteriye.com\/urunler\/wp-json\/wp\/v2\/media\/135275"}],"wp:attachment":[{"href":"https:\/\/depodanmusteriye.com\/urunler\/wp-json\/wp\/v2\/media?parent=135278"}],"wp:term":[{"taxonomy":"product_brand","embeddable":true,"href":"https:\/\/depodanmusteriye.com\/urunler\/wp-json\/wp\/v2\/product_brand?post=135278"},{"taxonomy":"product_cat","embeddable":true,"href":"https:\/\/depodanmusteriye.com\/urunler\/wp-json\/wp\/v2\/product_cat?post=135278"},{"taxonomy":"product_tag","embeddable":true,"href":"https:\/\/depodanmusteriye.com\/urunler\/wp-json\/wp\/v2\/product_tag?post=135278"}],"curies":[{"name":"wp","href":"https:\/\/api.w.org\/{rel}","templated":true}]}}