{"id":12568,"date":"2025-11-21T12:30:25","date_gmt":"2025-11-21T12:30:25","guid":{"rendered":"https:\/\/b2b.depodanmusteriye.com\/index.php\/\/urun\/newface-cx03-15w-radyator-telefon-sogutucu-fan-siyah\/"},"modified":"2025-12-03T18:30:58","modified_gmt":"2025-12-03T18:30:58","slug":"newface-cx03-15w-radyator-telefon-sogutucu-fan-siyah","status":"publish","type":"product","link":"https:\/\/depodanmusteriye.com\/urunler\/urun\/newface-cx03-15w-radyator-telefon-sogutucu-fan-siyah\/","title":{"rendered":"Newface CX03 15W Radyat\u00f6r Telefon So\u011futucu Fan &#8211; Siyah"},"content":{"rendered":"<h4>Newface CX03 15W Radyat\u00f6r Telefon So\u011futucu Fan &#8211; Siyah<\/p>\n<\/p>\n<\/p>\n<\/p>\n<p class=\"MsoNormal\" style=\"vertical-align:baseline\"><b>Newface CX03 15W Radyat\u00f6r Telefon So\u011futucu Fan<\/b><\/p>\n<p class=\"MsoNormal\" style=\"vertical-align:baseline\"><\/p>\n<p class=\"MsoNormal\" style=\"vertical-align:baseline\">Bu telefon so\u011futucusu, cebinizde veya \u00e7antan\u0131zda kolayca ta\u015f\u0131nabilecek hafif ve ince bir profilde tasarlanm\u0131\u015ft\u0131r.\u00a0<\/p>\n<p class=\"MsoNormal\" style=\"vertical-align:baseline\">Telefon so\u011futucusunun sessiz \u00e7al\u0131\u015fmas\u0131ndan bahsetmeye de\u011fer. Etkili so\u011futma sa\u011flarken, cihaz\u0131n\u0131z\u0131 dikkatiniz da\u011f\u0131lmadan kullanabilmenizi sa\u011flayan d\u00fc\u015f\u00fck g\u00fcr\u00fclt\u00fcl\u00fc fan kanatlar\u0131yla tasarlanm\u0131\u015ft\u0131r.<\/p>\n<p class=\"MsoNormal\" style=\"vertical-align:baseline\">Telefon radyat\u00f6r\u00fc, hem kullan\u0131\u015fl\u0131 hem de h\u0131zl\u0131 olan kablosuz \u015farj\u0131 destekler. Kablolar\u0131 \u015farj etme zorlu\u011funu ortadan kald\u0131rarak size verimli ve g\u00fcvenilir bir deneyim sunar.<\/p>\n<p class=\"MsoNormal\" style=\"vertical-align:baseline\">\u00a0Kablosuz telefon so\u011futucusu, \u0131s\u0131y\u0131 h\u0131zla da\u011f\u0131tmak ve telefonunuzu kullan\u0131m s\u0131ras\u0131nda serin tutmak i\u00e7in ileri teknolojiden yararlanan verimli bir so\u011futma performans\u0131yla birlikte gelir.<\/p>\n<p class=\"MsoNormal\" style=\"vertical-align:baseline\">\n<p class=\"MsoNormal\" style=\"vertical-align:baseline\">Kablosuz \u015farjl\u0131 telefon so\u011futucumuz \u00e7e\u015fitli ak\u0131ll\u0131 telefonlarla uyumludur. Hi\u00e7bir ek adapt\u00f6re gerek yoktur, bu da size profesyonel ve pratik sonu\u00e7lar getirecek evrensel bir uyum sa\u011flar.<\/p>\n<p class=\"MsoNormal\" style=\"vertical-align:baseline\"><\/p>\n<p class=\"MsoNormal\" style=\"vertical-align:baseline\"><\/p>\n<p class=\"MsoNormal\" style=\"vertical-align:baseline\"><\/p>\n<p><img decoding=\"async\" src=\"https:\/\/www.newface.com.tr\/img\/descriptions\/668912c32a419.jpg\" style=\"width: 50%\"> <\/p>\n<p><b>1 adet fiyat\u0131d\u0131r<\/b> <\/p>\n<p><p><b>\u00dcretici Markas\u0131 : NEWFACE<\/b><\/p>\n<p><b>\u00dcretici Kodu : 8683140766795<\/b><\/p>\n<p><b>1 ADET F\u0130YATIDIR<\/b><\/p>\n<\/h4>\n","protected":false},"excerpt":{"rendered":"<p>Newface CX03 15W Radyat\u00f6r Telefon So\u011futucu Fan &#8211; Siyah<\/p>\n","protected":false},"featured_media":12565,"comment_status":"open","ping_status":"closed","template":"","meta":[],"product_brand":[],"product_cat":[374,609],"product_tag":[1970,1969,1217,1510,1413,1391,1972,1971],"class_list":{"0":"post-12568","1":"product","2":"type-product","3":"status-publish","4":"has-post-thumbnail","6":"product_cat-mobil-aksesuar","7":"product_cat-notebook-sogutucu","8":"product_tag-15w","9":"product_tag-cx03","10":"product_tag-fan","11":"product_tag-newface","12":"product_tag-radyator","13":"product_tag-siyah","14":"product_tag-sogutucu","15":"product_tag-telefon","16":"pa_brand-newface","18":"first","19":"instock","20":"sale","21":"taxable","22":"shipping-taxable","23":"purchasable","24":"product-type-simple"},"_links":{"self":[{"href":"https:\/\/depodanmusteriye.com\/urunler\/wp-json\/wp\/v2\/product\/12568","targetHints":{"allow":["GET"]}}],"collection":[{"href":"https:\/\/depodanmusteriye.com\/urunler\/wp-json\/wp\/v2\/product"}],"about":[{"href":"https:\/\/depodanmusteriye.com\/urunler\/wp-json\/wp\/v2\/types\/product"}],"replies":[{"embeddable":true,"href":"https:\/\/depodanmusteriye.com\/urunler\/wp-json\/wp\/v2\/comments?post=12568"}],"version-history":[{"count":0,"href":"https:\/\/depodanmusteriye.com\/urunler\/wp-json\/wp\/v2\/product\/12568\/revisions"}],"wp:featuredmedia":[{"embeddable":true,"href":"https:\/\/depodanmusteriye.com\/urunler\/wp-json\/wp\/v2\/media\/12565"}],"wp:attachment":[{"href":"https:\/\/depodanmusteriye.com\/urunler\/wp-json\/wp\/v2\/media?parent=12568"}],"wp:term":[{"taxonomy":"product_brand","embeddable":true,"href":"https:\/\/depodanmusteriye.com\/urunler\/wp-json\/wp\/v2\/product_brand?post=12568"},{"taxonomy":"product_cat","embeddable":true,"href":"https:\/\/depodanmusteriye.com\/urunler\/wp-json\/wp\/v2\/product_cat?post=12568"},{"taxonomy":"product_tag","embeddable":true,"href":"https:\/\/depodanmusteriye.com\/urunler\/wp-json\/wp\/v2\/product_tag?post=12568"}],"curies":[{"name":"wp","href":"https:\/\/api.w.org\/{rel}","templated":true}]}}