{"id":12377,"date":"2025-11-21T12:13:37","date_gmt":"2025-11-21T12:13:37","guid":{"rendered":"https:\/\/b2b.depodanmusteriye.com\/index.php\/\/urun\/bizim-mutfak-bulyon-tavuk-1-x-5-kg-bizim-mutfak-lezzet-ustasi\/"},"modified":"2025-12-18T08:49:35","modified_gmt":"2025-12-18T08:49:35","slug":"bizim-mutfak-bulyon-tavuk-1-x-5-kg-bizim-mutfak-lezzet-ustasi","status":"publish","type":"product","link":"https:\/\/depodanmusteriye.com\/urunler\/urun\/bizim-mutfak-bulyon-tavuk-1-x-5-kg-bizim-mutfak-lezzet-ustasi\/","title":{"rendered":"B\u0130Z\u0130M MUTFAK &#8211; BULYON TAVUK (1 X 5 KG) BIZIM MUTFAK LEZZET USTASI"},"content":{"rendered":"<h4>\n<p>B\u0130Z\u0130M MUTFAK &#8211; BULYON TAVUK (1 X 5 KG) BIZIM MUTFAK LEZZET USTASI<\/p>\n<p>1 &#8211; ADET F\u0130YATIDIR &#8211; <\/p>\n<div id=\"tabpanel-0-0\" role=\"tabpanel\" aria-labelledby=\"tab-0-0\">\t\t\t\t\t<\/p>\n<div class=\"txt\">\t\t\t\t\t\t<\/p>\n<h3><strong>B\u0130Z\u0130M MUTFAK LEZZET USTASI TAVUK BULYON (1*5KG) \u00d6zellikleri Nelerdir?<\/strong><\/h3>\n<ul>\t<\/p>\n<li>Malzeme T\u00fcr\u00fc: Kuru G\u0131da<\/li>\n<p>\t<\/p>\n<li>Grubu: Tavuk Bulyon<\/li>\n<p>\t<\/p>\n<li>Adet: 1<\/li>\n<p>\t<\/p>\n<li>A\u011f\u0131rl\u0131k: 5 Kg<\/li>\n<p><\/ul>\n<p>\u00a0<\/p>\n<h3><strong>Bizim Mutfak Lezzet Ustas\u0131 Tavuk Bulyon (1*5kg)<\/strong><\/h3>\n<p><strong>Bulyon<\/strong>, profesyonel mutfaklarda yemeklere ekstra lezzet ve tat sa\u011flayan \u00f6zel bir \u00fcr\u00fcnd\u00fcr. Bulyon yap\u0131m\u0131nda kullan\u0131lan bir\u00e7ok teknik, \u00e7ok daha eskiye dayan\u0131r. Etlerin saklanma ama\u00e7l\u0131 kurutulmas\u0131, t\u00fcts\u00fclenmesi ve dondurulmas\u0131 gibi y\u00f6ntemler zaman i\u00e7erisinde bulyon \u00fcretimini de geli\u015ftirdi.<\/p>\n<p>Toz veya tablet halindeki bulyonlar, pili\u00e7 veya dana etinin \u00e7e\u015fitli sebzelerle iyice ha\u015flanarak \u00f6zle\u015ftirilmi\u015f halidir. Bu \u00f6zl\u00fc ve aromatik suya eklenen baharatlar da bulyonun tad\u0131n\u0131 iki kat\u0131na \u00e7\u0131kar\u0131r. Do\u011fru y\u00f6ntemlerle haz\u0131rlanm\u0131\u015f bulyonlar profesyonel mutfaklarda s\u0131kl\u0131kla tercih edilir. <strong>Bizim Mutfak lezzet ustas\u0131 tavuk bulyon \u00f6zellikleri<\/strong> nelerdir?<\/p>\n<p>Bizim Mutfak markas\u0131n\u0131n \u00fcretti\u011fi lezzet ustas\u0131 tavuk bulyon, 5 kilograml\u0131k ambalajlar halinde ev d\u0131\u015f\u0131 t\u00fcketim merkezlerine sunulur. Tavuk bulyonu hem tablet hem de toz halinde g\u00f6rebiliriz. Her ikisinin de kullan\u0131m\u0131 kolay ve pratiktir. Tablet halindeki tavuk suyu bulyonlar suyun i\u00e7erisinde \u00e7\u00f6z\u00fclebilirken,\u00a0 toz halindeki bulyonlar\u0131 ise yeme\u011fe do\u011frudan katmak m\u00fcmk\u00fcnd\u00fcr.<\/p>\n<p>Tavuk suyu, toz bulyon hem sulu yemeklere hem de kat\u0131 yemeklere g\u00f6n\u00fcl rahatl\u0131\u011f\u0131yla eklenebilir. Yeme\u011fin tad\u0131n\u0131 ve kokusunu art\u0131ran \u00fcr\u00fcn sayesinde lezzetli men\u00fcler \u00e7\u0131kar\u0131labilir, normal \u015fartlarda tavu\u011fu bu \u015fekilde \u00f6zle\u015ftirerek bir aroma yakalamak profesyonel mutfaklarda dahi \u00e7ok m\u00fcmk\u00fcn olmayabilir. Bulyon yap\u0131m\u0131 uzun bir s\u00fcre\u00e7 oldu\u011fu i\u00e7in usta \u015fefler daha pratik kullan\u0131mlara y\u00f6nelirler. Toz tavuk bulyon da bu pratik kullan\u0131mlardan birisidir.<\/p>\n<h3><strong>Bizim Mutfak Lezzet Ustas\u0131 Tavuk Bulyon \u00d6zellikleri<\/strong><\/h3>\n<p>Tavuk suyu toz bulyonun yemeklere katt\u0131\u011f\u0131 lezzet ve ekstra tat \u00f6nemlidir. Bunun yan\u0131 s\u0131ra \u00fcr\u00fcn pratiktir ve kolay kullan\u0131ml\u0131d\u0131r. Bu sebeple de i\u015f yo\u011funlu\u011fu fazla olan i\u015fletme mutfaklar\u0131nda s\u0131kl\u0131kla tercih edilir. Bizim Mutfak markas\u0131n\u0131n Lezzet Ustas\u0131 Tavuk Bulyonu hemen her yeme\u011fe kullan\u0131labilecek \u00f6zelliktedir. T\u00fcketicilerin damak tad\u0131na ve yeme\u011fin miktar\u0131na g\u00f6re de\u011fi\u015fen oranlarda tavuk bulyon kullan\u0131m\u0131 m\u00fcmk\u00fcnd\u00fcr.<\/p>\n<p>\u00d6zel t\u00fcm yemeklere, \u00e7orbalara, pilavlara, soslara, makarnalara kat\u0131labilen tavuk suyu bulyon h\u0131zl\u0131 ve pratik men\u00fc \u00e7\u0131kar\u0131lmas\u0131na da yard\u0131mc\u0131 olur. \u00dcr\u00fcn sat\u0131n al\u0131nd\u0131ktan sonra kokudan nemden ve \u0131s\u0131dan uzak tutulmal\u0131d\u0131r aksi takdirde \u00fcr\u00fcn\u00fcn tad\u0131n\u0131 ve kokusunu kaybetti\u011fi g\u00f6r\u00fclebilir.<\/p>\n<p>Profesyonel mutfaklar toz tavuk bulyonu s\u00fcrekli kullan\u0131r. Bu sebeple s\u00fcrekli sat\u0131n al\u0131rlar, saklama ko\u015fullar\u0131na riayet edildi\u011finde \u00fcr\u00fcn uzun s\u00fcre dayan\u0131r. Men\u00fclere h\u0131z ve pratiklik katmak isteyen usta \u015fefler, tavuk toz bulyon ile harikalar yarat\u0131r.\u00a0 \u00dcr\u00fcn\u00fc hem g2m g\u00fcvencesi ile hem de uyguna gelen <strong>Bizim Mutfak Lezzet Ustas\u0131 Tavuk Bulyon fiyatlar\u0131 <\/strong>ile sat\u0131n alabilirsiniz.<\/p>\n<p>\u00a0<\/p>\n<p>\u2026\u2026\u2026\u2026.<\/p>\n<p>\u00dcr\u00fcn\u00fcn iade al\u0131nabilmesi i\u00e7in a\u015fa\u011f\u0131daki ko\u015fullar\u0131 sa\u011flamas\u0131 gerekmektedir.<\/p>\n<p>\u2022\tDonuk, +4 ve raf \u00f6mr\u00fc 15 g\u00fcn ve alt\u0131 olan \u00fcr\u00fcnlerde, sadece m\u00fc\u015fteriye teslimat s\u0131ras\u0131nda iade al\u0131n\u0131r. \u00dcr\u00fcn ay\u0131pl\u0131 veya gizli ay\u0131pl\u0131 ise sevkiyat sonras\u0131 da iade al\u0131nabilir.<\/p>\n<p>\u2022\tPeynir, tereya\u011f\u0131 i\u00e7in teneke a\u00e7\u0131l\u0131p sadece 1 kal\u0131p kullan\u0131lm\u0131\u015f olmas\u0131 \u015fart\u0131yla iade kabul edilir.<\/p>\n<p>\u2022\tZeytin, sal\u00e7a, tur\u015fu gibi di\u011fer teneke ambalajl\u0131 \u00fcr\u00fcnlerde, teneke a\u00e7\u0131l\u0131p sadece 1 kg. kullanma \u015fart\u0131 ile iade kabul edilir.<\/p>\n<p>\u2022\tKoli, \u00c7uval ve paket (makarnalar vb.) \u00fcr\u00fcnlerin iadesinde, \u00fcr\u00fcnlerin kullan\u0131lm\u0131\u015f olmas\u0131 durumunda, \u00fcr\u00fcn ambalajlar\u0131n\u0131 geri almak (parti no ve SKT bilgisi okunabilecek \u015fekilde) \u015fart\u0131yla iade kabul edilir.<\/p>\n<p>\u2022\tFirmam\u0131zdan kaynaklanan sorunlardan (son kullanma tarihi ge\u00e7mi\u015f, hasarl\u0131 ambalaj vb.) m\u00fc\u015fteri \u00fcr\u00fcn\u00fc iade etmek isterse, \u00fcr\u00fcn\u00fcn a\u00e7\u0131lmam\u0131\u015f, kullan\u0131lmam\u0131\u015f olmas\u0131 ve \u00fcr\u00fcn iade talebi sevk tarihi \u00fczerinden 15 g\u00fcn ge\u00e7memi\u015f ise m\u00fc\u015fteri iadesi al\u0131n\u0131r. Aksi taktirde m\u00fc\u015fteri iadesi al\u0131nmaz.<\/p>\n<p>\u2022\tDonuk, +4 ve raf \u00f6mr\u00fc 15 g\u00fcn ve alt\u0131 olan \u00fcr\u00fcnlerde, sadece m\u00fc\u015fteriye teslimat s\u0131ras\u0131nda iade al\u0131n\u0131r. Ambalaj\u0131 a\u00e7\u0131lmam\u0131\u015f, kullan\u0131lmam\u0131\u015f ve 15 g\u00fcn iade s\u00fcresi ge\u00e7memi\u015f t\u00fcm \u00fcr\u00fcnler i\u00e7in iade talebi olu\u015fturabilirsiniz.<\/p>\n<\/div>\n<\/div>\n<p><b>\u00dcretici Markas\u0131 : B\u0130Z\u0130M MUTFAK<\/b><\/p>\n<p><b>\u00dcretici Kodu : 1020905<\/b><\/p>\n<p><b>1 ADET F\u0130YATIDIR<\/b><\/p>\n<\/h4>\n","protected":false},"excerpt":{"rendered":"<p>B\u0130Z\u0130M MUTFAK &#8211; BULYON TAVUK (1 X 5 KG) BIZIM MUTFAK LEZZET USTASI<\/p>\n","protected":false},"featured_media":12376,"comment_status":"open","ping_status":"closed","template":"","meta":[],"product_brand":[],"product_cat":[568,369],"product_tag":[1056,1606,1597,1604,1543,1607,1598,1605,1608,1595],"class_list":{"0":"post-12377","1":"product","2":"type-product","3":"status-publish","4":"has-post-thumbnail","6":"product_cat-bulyon","7":"product_cat-supermarket","8":"product_tag-1056","9":"product_tag-1606","10":"product_tag-bizim","11":"product_tag-bulyon","12":"product_tag-kg","13":"product_tag-lezzet","14":"product_tag-mutfak","15":"product_tag-tavuk","16":"product_tag-ustasi","17":"product_tag-x","18":"pa_brand-bizim-mutfak","20":"first","21":"outofstock","22":"sale","23":"taxable","24":"shipping-taxable","25":"purchasable","26":"product-type-simple"},"_links":{"self":[{"href":"https:\/\/depodanmusteriye.com\/urunler\/wp-json\/wp\/v2\/product\/12377","targetHints":{"allow":["GET"]}}],"collection":[{"href":"https:\/\/depodanmusteriye.com\/urunler\/wp-json\/wp\/v2\/product"}],"about":[{"href":"https:\/\/depodanmusteriye.com\/urunler\/wp-json\/wp\/v2\/types\/product"}],"replies":[{"embeddable":true,"href":"https:\/\/depodanmusteriye.com\/urunler\/wp-json\/wp\/v2\/comments?post=12377"}],"version-history":[{"count":0,"href":"https:\/\/depodanmusteriye.com\/urunler\/wp-json\/wp\/v2\/product\/12377\/revisions"}],"wp:featuredmedia":[{"embeddable":true,"href":"https:\/\/depodanmusteriye.com\/urunler\/wp-json\/wp\/v2\/media\/12376"}],"wp:attachment":[{"href":"https:\/\/depodanmusteriye.com\/urunler\/wp-json\/wp\/v2\/media?parent=12377"}],"wp:term":[{"taxonomy":"product_brand","embeddable":true,"href":"https:\/\/depodanmusteriye.com\/urunler\/wp-json\/wp\/v2\/product_brand?post=12377"},{"taxonomy":"product_cat","embeddable":true,"href":"https:\/\/depodanmusteriye.com\/urunler\/wp-json\/wp\/v2\/product_cat?post=12377"},{"taxonomy":"product_tag","embeddable":true,"href":"https:\/\/depodanmusteriye.com\/urunler\/wp-json\/wp\/v2\/product_tag?post=12377"}],"curies":[{"name":"wp","href":"https:\/\/api.w.org\/{rel}","templated":true}]}}