{"id":113147,"date":"2025-12-08T18:44:17","date_gmt":"2025-12-08T18:44:17","guid":{"rendered":"https:\/\/b2b.depodanmusteriye.com\/urun\/newface-memo-gw03-magsafe-arac-tutucu\/"},"modified":"2025-12-08T18:44:17","modified_gmt":"2025-12-08T18:44:17","slug":"newface-memo-gw03-magsafe-arac-tutucu","status":"publish","type":"product","link":"https:\/\/depodanmusteriye.com\/urunler\/urun\/newface-memo-gw03-magsafe-arac-tutucu\/","title":{"rendered":"Newface Memo GW03 Magsafe Ara\u00e7 Tutucu"},"content":{"rendered":"<h4>Newface Memo GW03 Magsafe Ara\u00e7 Tutucu<\/p>\n<p>\n<p>\n<p>\n<\/p>\n<\/p>\n<\/p>\n<\/p>\n<\/p>\n<p><b>NEWFACE GW03 MAGSAFE ARA\u00c7 TUTUCU<\/b><\/p>\n<p>\u015earj G\u00fcc\u00fc: Android 30W \/ Iphone 15W<\/p>\n<p>\u015earj Giri\u015fi: 9V \/ 3A<\/p>\n<p>\u00d6l\u00e7\u00fcler: 70x70x102mm<\/p>\n<p>A\u011f\u0131rl\u0131k: 127g<\/p>\n<\/p>\n<p>Fonksiyon: Kablosuz h\u0131zl\u0131 \u015farj, so\u011futma<\/p>\n<p><\/p>\n<\/p>\n<p><img decoding=\"async\" src=\"https:\/\/www.newface.com.tr\/img\/descriptions\/64f83e37a21ec.jpg\" style=\"width: 50%\"><\/p>\n<p><\/p>\n<p><img decoding=\"async\" src=\"https:\/\/www.newface.com.tr\/img\/descriptions\/64f83e42bb79c.jpg\" style=\"width: 50%\"><\/p>\n<p><\/p>\n<p><img decoding=\"async\" src=\"https:\/\/www.newface.com.tr\/img\/descriptions\/64f83e4cb5ba7.jpg\" style=\"width: 50%\"><\/p>\n<p><\/p>\n<p><img decoding=\"async\" src=\"https:\/\/www.newface.com.tr\/img\/descriptions\/64f83e55a8dc3.jpg\" style=\"width: 50%\"><\/p>\n<p><\/p>\n<p><img decoding=\"async\" src=\"https:\/\/www.newface.com.tr\/img\/descriptions\/64f83e6371f81.jpg\" style=\"width: 50%\"><\/p>\n<p><\/p>\n<p><img decoding=\"async\" src=\"https:\/\/www.newface.com.tr\/img\/descriptions\/64f83e6cb705f.jpg\" style=\"width: 50%\"> <\/p>\n<p><b>1 adet fiyat\u0131d\u0131r<\/b> <\/p>\n<p><p><b>\u00dcretici Markas\u0131 : NEWFACE<\/b><\/p>\n<p><b>\u00dcretici Kodu : 8683140633202<\/b><\/p>\n<p><b>1 ADET F\u0130YATIDIR<\/b><\/p>\n<\/h4>\n<p><\/p>\n","protected":false},"excerpt":{"rendered":"<p>Newface Memo GW03 Magsafe Ara\u00e7 Tutucu<\/p>\n","protected":false},"featured_media":113139,"comment_status":"open","ping_status":"closed","template":"","meta":[],"product_brand":[],"product_cat":[2206,374],"product_tag":[3278,9527,3238,3533,1510,1777],"class_list":{"0":"post-113147","1":"product","2":"type-product","3":"status-publish","4":"has-post-thumbnail","6":"product_cat-arac-ici-telefon-tutucu-mobil-aksesuar","7":"product_cat-mobil-aksesuar","8":"product_tag-arac","9":"product_tag-gw03","10":"product_tag-magsafe","11":"product_tag-memo","12":"product_tag-newface","13":"product_tag-tutucu","15":"first","16":"instock","17":"taxable","18":"shipping-taxable","19":"purchasable","20":"product-type-simple"},"_links":{"self":[{"href":"https:\/\/depodanmusteriye.com\/urunler\/wp-json\/wp\/v2\/product\/113147","targetHints":{"allow":["GET"]}}],"collection":[{"href":"https:\/\/depodanmusteriye.com\/urunler\/wp-json\/wp\/v2\/product"}],"about":[{"href":"https:\/\/depodanmusteriye.com\/urunler\/wp-json\/wp\/v2\/types\/product"}],"replies":[{"embeddable":true,"href":"https:\/\/depodanmusteriye.com\/urunler\/wp-json\/wp\/v2\/comments?post=113147"}],"version-history":[{"count":0,"href":"https:\/\/depodanmusteriye.com\/urunler\/wp-json\/wp\/v2\/product\/113147\/revisions"}],"wp:featuredmedia":[{"embeddable":true,"href":"https:\/\/depodanmusteriye.com\/urunler\/wp-json\/wp\/v2\/media\/113139"}],"wp:attachment":[{"href":"https:\/\/depodanmusteriye.com\/urunler\/wp-json\/wp\/v2\/media?parent=113147"}],"wp:term":[{"taxonomy":"product_brand","embeddable":true,"href":"https:\/\/depodanmusteriye.com\/urunler\/wp-json\/wp\/v2\/product_brand?post=113147"},{"taxonomy":"product_cat","embeddable":true,"href":"https:\/\/depodanmusteriye.com\/urunler\/wp-json\/wp\/v2\/product_cat?post=113147"},{"taxonomy":"product_tag","embeddable":true,"href":"https:\/\/depodanmusteriye.com\/urunler\/wp-json\/wp\/v2\/product_tag?post=113147"}],"curies":[{"name":"wp","href":"https:\/\/api.w.org\/{rel}","templated":true}]}}