{"id":112053,"date":"2025-12-08T17:38:11","date_gmt":"2025-12-08T17:38:11","guid":{"rendered":"https:\/\/b2b.depodanmusteriye.com\/urun\/newface-iphone-14-pro-kilif-kronos-magsafe-kapak-sierra-blue\/"},"modified":"2025-12-08T17:38:11","modified_gmt":"2025-12-08T17:38:11","slug":"newface-iphone-14-pro-kilif-kronos-magsafe-kapak-sierra-blue","status":"publish","type":"product","link":"https:\/\/depodanmusteriye.com\/urunler\/urun\/newface-iphone-14-pro-kilif-kronos-magsafe-kapak-sierra-blue\/","title":{"rendered":"Newface iPhone 14 Pro K\u0131l\u0131f Kronos Magsafe Kapak &#8211; Sierra Blue"},"content":{"rendered":"<h4>Newface iPhone 14 Pro K\u0131l\u0131f Kronos Magsafe Kapak &#8211; Sierra Blue<\/p>\n<p><b>NEWFACE KRONOS MAGSAFE KAPAK<\/b><\/p>\n<p>Geni\u015f renk se\u00e7eneklerine sahip k\u0131l\u0131f\u0131m\u0131z s<span style=\"font-size: 1rem\">on derece modern bir tasar\u0131ma sahiptir ve eld<\/span><span style=\"font-size: 1rem\">en kaymaz yap\u0131da \u00fcretilmi\u015ftir.<\/span><\/p>\n<p>Esnek yap\u0131l\u0131 k\u0131l\u0131f cihaz\u0131n\u0131z\u0131n kal\u0131plar\u0131na birebir uyumludur.<\/p>\n<p>Lens \u00e7er\u00e7evesi ve magsafe halkas\u0131 \u00f6zel tasar\u0131md\u0131r.<\/p>\n<p>Cihaz\u0131n\u0131z\u0131 sararak \u00e7izilmesini engeller.<\/p>\n<p>\u00d6zel kal\u0131nl\u0131\u011f\u0131 sayesinde d\u00fc\u015fmelerde olu\u015facak darbeleri emerek cihaz\u0131n\u0131z\u0131 korur.<\/p>\n<p>Cihaz tak\u0131l\u0131 iken t\u00fcm ba\u011flant\u0131 noktalar\u0131na ula\u015f\u0131labilir.<\/p>\n<p>K\u0131l\u0131f\u0131m\u0131z cihaz\u0131n\u0131za kolayca tak\u0131p \u00e7\u0131kar\u0131labilir.<\/p>\n<\/p>\n<p>Kirlendi\u011finde temizleme i\u015flemi rahatl\u0131kla yap\u0131labilir.<\/p>\n<p><b>1 adet fiyat\u0131d\u0131r<\/b> <\/p>\n<p><p><b>\u00dcretici Markas\u0131 : NEWFACE<\/b><\/p>\n<p><b>\u00dcretici Kodu : 8683140626303<\/b><\/p>\n<p><b>1 ADET F\u0130YATIDIR<\/b><\/p>\n<\/h4>\n<p><\/p>\n","protected":false},"excerpt":{"rendered":"<p>Newface iPhone 14 Pro K\u0131l\u0131f Kronos Magsafe Kapak &#8211; Sierra Blue<\/p>\n","protected":false},"featured_media":112050,"comment_status":"open","ping_status":"closed","template":"","meta":[],"product_brand":[],"product_cat":[457,374],"product_tag":[1858,1946,1950,1389,1514,3656,3238,1510,2484,2019],"class_list":{"0":"post-112053","1":"product","2":"type-product","3":"status-publish","4":"has-post-thumbnail","6":"product_cat-kapak-and-kilif","7":"product_cat-mobil-aksesuar","8":"product_tag-1858","9":"product_tag-blue","10":"product_tag-iphone","11":"product_tag-kapak","12":"product_tag-kilif","13":"product_tag-kronos","14":"product_tag-magsafe","15":"product_tag-newface","16":"product_tag-pro","17":"product_tag-sierra","19":"first","20":"instock","21":"taxable","22":"shipping-taxable","23":"purchasable","24":"product-type-simple"},"_links":{"self":[{"href":"https:\/\/depodanmusteriye.com\/urunler\/wp-json\/wp\/v2\/product\/112053","targetHints":{"allow":["GET"]}}],"collection":[{"href":"https:\/\/depodanmusteriye.com\/urunler\/wp-json\/wp\/v2\/product"}],"about":[{"href":"https:\/\/depodanmusteriye.com\/urunler\/wp-json\/wp\/v2\/types\/product"}],"replies":[{"embeddable":true,"href":"https:\/\/depodanmusteriye.com\/urunler\/wp-json\/wp\/v2\/comments?post=112053"}],"version-history":[{"count":0,"href":"https:\/\/depodanmusteriye.com\/urunler\/wp-json\/wp\/v2\/product\/112053\/revisions"}],"wp:featuredmedia":[{"embeddable":true,"href":"https:\/\/depodanmusteriye.com\/urunler\/wp-json\/wp\/v2\/media\/112050"}],"wp:attachment":[{"href":"https:\/\/depodanmusteriye.com\/urunler\/wp-json\/wp\/v2\/media?parent=112053"}],"wp:term":[{"taxonomy":"product_brand","embeddable":true,"href":"https:\/\/depodanmusteriye.com\/urunler\/wp-json\/wp\/v2\/product_brand?post=112053"},{"taxonomy":"product_cat","embeddable":true,"href":"https:\/\/depodanmusteriye.com\/urunler\/wp-json\/wp\/v2\/product_cat?post=112053"},{"taxonomy":"product_tag","embeddable":true,"href":"https:\/\/depodanmusteriye.com\/urunler\/wp-json\/wp\/v2\/product_tag?post=112053"}],"curies":[{"name":"wp","href":"https:\/\/api.w.org\/{rel}","templated":true}]}}