{"id":110880,"date":"2025-12-08T16:27:55","date_gmt":"2025-12-08T16:27:55","guid":{"rendered":"https:\/\/b2b.depodanmusteriye.com\/urun\/newface-samsung-galaxy-a03-kilif-mega-standli-silikon-siyah\/"},"modified":"2025-12-08T16:27:55","modified_gmt":"2025-12-08T16:27:55","slug":"newface-samsung-galaxy-a03-kilif-mega-standli-silikon-siyah","status":"publish","type":"product","link":"https:\/\/depodanmusteriye.com\/urunler\/urun\/newface-samsung-galaxy-a03-kilif-mega-standli-silikon-siyah\/","title":{"rendered":"Newface Samsung Galaxy A03 K\u0131l\u0131f Mega Standl\u0131 Silikon &#8211; Siyah"},"content":{"rendered":"<h4>Newface Samsung Galaxy A03 K\u0131l\u0131f Mega Standl\u0131 Silikon &#8211; Siyah<\/p>\n<p><b>NEWFACE MEGA STANDLI S\u0130L\u0130KON<\/b><\/p>\n<p><b><br \/><\/b><\/p>\n<p><img decoding=\"async\" src=\"https:\/\/www.newface.com.tr\/img\/descriptions\/63ee093205425.jpg\" style=\"width: 100%\"><\/p>\n<p><\/p>\n<p>&lt;a href=&quot;http:\/\/<\/a><\/p>\n<p><b>1 adet fiyat\u0131d\u0131r<\/b> <\/p>\n<p><p><b>\u00dcretici Markas\u0131 : NEWFACE<\/b><\/p>\n<p><b>\u00dcretici Kodu : 8683140447250<\/b><\/p>\n<p><b>1 ADET F\u0130YATIDIR<\/b><\/p>\n<\/h4>\n<p><\/p>\n","protected":false},"excerpt":{"rendered":"<p>Newface Samsung Galaxy A03 K\u0131l\u0131f Mega Standl\u0131 Silikon &#8211; Siyah<\/p>\n","protected":false},"featured_media":110875,"comment_status":"open","ping_status":"closed","template":"","meta":[],"product_brand":[],"product_cat":[457,374],"product_tag":[9356,1974,1514,3131,1510,1973,2486,1391,2787],"class_list":{"0":"post-110880","1":"product","2":"type-product","3":"status-publish","4":"has-post-thumbnail","6":"product_cat-kapak-and-kilif","7":"product_cat-mobil-aksesuar","8":"product_tag-a03","9":"product_tag-galaxy","10":"product_tag-kilif","11":"product_tag-mega","12":"product_tag-newface","13":"product_tag-samsung","14":"product_tag-silikon","15":"product_tag-siyah","16":"product_tag-standli","18":"first","19":"instock","20":"taxable","21":"shipping-taxable","22":"purchasable","23":"product-type-simple"},"_links":{"self":[{"href":"https:\/\/depodanmusteriye.com\/urunler\/wp-json\/wp\/v2\/product\/110880","targetHints":{"allow":["GET"]}}],"collection":[{"href":"https:\/\/depodanmusteriye.com\/urunler\/wp-json\/wp\/v2\/product"}],"about":[{"href":"https:\/\/depodanmusteriye.com\/urunler\/wp-json\/wp\/v2\/types\/product"}],"replies":[{"embeddable":true,"href":"https:\/\/depodanmusteriye.com\/urunler\/wp-json\/wp\/v2\/comments?post=110880"}],"version-history":[{"count":0,"href":"https:\/\/depodanmusteriye.com\/urunler\/wp-json\/wp\/v2\/product\/110880\/revisions"}],"wp:featuredmedia":[{"embeddable":true,"href":"https:\/\/depodanmusteriye.com\/urunler\/wp-json\/wp\/v2\/media\/110875"}],"wp:attachment":[{"href":"https:\/\/depodanmusteriye.com\/urunler\/wp-json\/wp\/v2\/media?parent=110880"}],"wp:term":[{"taxonomy":"product_brand","embeddable":true,"href":"https:\/\/depodanmusteriye.com\/urunler\/wp-json\/wp\/v2\/product_brand?post=110880"},{"taxonomy":"product_cat","embeddable":true,"href":"https:\/\/depodanmusteriye.com\/urunler\/wp-json\/wp\/v2\/product_cat?post=110880"},{"taxonomy":"product_tag","embeddable":true,"href":"https:\/\/depodanmusteriye.com\/urunler\/wp-json\/wp\/v2\/product_tag?post=110880"}],"curies":[{"name":"wp","href":"https:\/\/api.w.org\/{rel}","templated":true}]}}