{"id":101095,"date":"2025-12-08T06:44:51","date_gmt":"2025-12-08T06:44:51","guid":{"rendered":"https:\/\/b2b.depodanmusteriye.com\/urun\/newface-iphone-14-plus-kilif-sofya-yuzuklu-silikon-kapak-gold\/"},"modified":"2025-12-08T06:44:51","modified_gmt":"2025-12-08T06:44:51","slug":"newface-iphone-14-plus-kilif-sofya-yuzuklu-silikon-kapak-gold","status":"publish","type":"product","link":"https:\/\/depodanmusteriye.com\/urunler\/urun\/newface-iphone-14-plus-kilif-sofya-yuzuklu-silikon-kapak-gold\/","title":{"rendered":"Newface iPhone 14 Plus K\u0131l\u0131f Sofya Y\u00fcz\u00fckl\u00fc Silikon Kapak &#8211; Gold"},"content":{"rendered":"<h4>Newface iPhone 14 Plus K\u0131l\u0131f Sofya Y\u00fcz\u00fckl\u00fc Silikon Kapak &#8211; Gold<\/p>\n<p><b>NEWFACE ULTRA KORUMALI SOFYA Y\u00dcZ\u00dcKL\u00dc KAPAK<\/b><\/p>\n<p>D\u0131\u015f kasas\u0131 rubber malzemeden (Yar\u0131 Sert) \u00e7er\u00e7eve i\u00e7 k\u0131s\u0131m TPU silikon malzemeden (Yumu\u015fak) \u00fcretilmi\u015ftir. Cihaz\u0131n\u0131z\u0131 tak\u0131p \u00e7\u0131kart\u0131rken telefon \u00e7izilmez.<br \/>&#8212;- ile uyumludur.<br \/><span style=\"font-size: 1rem\">Silindir metal k\u0131s\u0131mda bulunan m\u0131knat\u0131s ara\u00e7 tutucularda rahat bir \u015fekilde kullan\u0131ma olanak sa\u011flar.<br \/><\/span><span style=\"font-size: 1rem\">\u0130nce tasar\u0131ma sahip olup kaba bir \u00fcr\u00fcn de\u011fildir.<br \/><\/span><span style=\"font-size: 1rem\">Cihazda bulunan parmak izi sens\u00f6r\u00fc ve kamera k\u0131s\u0131mlar\u0131 ile uyumludur.<br \/><\/span><span style=\"font-size: 1rem\">Harika kal\u0131p kesimi sayesinde cihaza m\u00fckemmel uyar.<br \/><\/span><span style=\"font-size: 1rem\">\u015eebeke, Wi-Fi, GPS sinyallerinde azalmaya neden olmaz.<\/span><span style=\"font-size: 1rem\"><br \/><\/span><span style=\"font-size: 1rem\">Darbe ve \u00e7arpmalara kar\u015f\u0131 cihaz\u0131n\u0131z\u0131 korur.<br \/><\/span><span style=\"font-size: 1rem\">Kir ve toza kar\u015f\u0131 dayan\u0131kl\u0131d\u0131r.<br \/>Sa\u011fl\u0131\u011fa zararl\u0131 hammadde kullan\u0131lmam\u0131\u015ft\u0131r.<\/span><\/p>\n<p><span style=\"font-size: 1rem\"><br \/><\/span><\/p>\n<p><img decoding=\"async\" src=\"https:\/\/www.newface.com.tr\/img\/descriptions\/63d5294967bb9.jpg\" style=\"width: 100%\"> <\/p>\n<p><b>1 adet fiyat\u0131d\u0131r<\/b> <\/p>\n<p><p><b>\u00dcretici Markas\u0131 : NEWFACE<\/b><\/p>\n<p><b>\u00dcretici Kodu : 8683140425425<\/b><\/p>\n<p><b>1 ADET F\u0130YATIDIR<\/b><\/p>\n<\/h4>\n<p><\/p>\n","protected":false},"excerpt":{"rendered":"<p>Newface iPhone 14 Plus K\u0131l\u0131f Sofya Y\u00fcz\u00fckl\u00fc Silikon Kapak &#8211; Gold<\/p>\n","protected":false},"featured_media":101093,"comment_status":"open","ping_status":"closed","template":"","meta":[],"product_brand":[],"product_cat":[457,374],"product_tag":[1858,1783,1950,1389,1514,1510,2498,2486,2493,2494],"class_list":{"0":"post-101095","1":"product","2":"type-product","3":"status-publish","4":"has-post-thumbnail","6":"product_cat-kapak-and-kilif","7":"product_cat-mobil-aksesuar","8":"product_tag-1858","9":"product_tag-gold","10":"product_tag-iphone","11":"product_tag-kapak","12":"product_tag-kilif","13":"product_tag-newface","14":"product_tag-plus","15":"product_tag-silikon","16":"product_tag-sofya","17":"product_tag-yuzuklu","19":"first","20":"instock","21":"taxable","22":"shipping-taxable","23":"purchasable","24":"product-type-simple"},"_links":{"self":[{"href":"https:\/\/depodanmusteriye.com\/urunler\/wp-json\/wp\/v2\/product\/101095","targetHints":{"allow":["GET"]}}],"collection":[{"href":"https:\/\/depodanmusteriye.com\/urunler\/wp-json\/wp\/v2\/product"}],"about":[{"href":"https:\/\/depodanmusteriye.com\/urunler\/wp-json\/wp\/v2\/types\/product"}],"replies":[{"embeddable":true,"href":"https:\/\/depodanmusteriye.com\/urunler\/wp-json\/wp\/v2\/comments?post=101095"}],"version-history":[{"count":0,"href":"https:\/\/depodanmusteriye.com\/urunler\/wp-json\/wp\/v2\/product\/101095\/revisions"}],"wp:featuredmedia":[{"embeddable":true,"href":"https:\/\/depodanmusteriye.com\/urunler\/wp-json\/wp\/v2\/media\/101093"}],"wp:attachment":[{"href":"https:\/\/depodanmusteriye.com\/urunler\/wp-json\/wp\/v2\/media?parent=101095"}],"wp:term":[{"taxonomy":"product_brand","embeddable":true,"href":"https:\/\/depodanmusteriye.com\/urunler\/wp-json\/wp\/v2\/product_brand?post=101095"},{"taxonomy":"product_cat","embeddable":true,"href":"https:\/\/depodanmusteriye.com\/urunler\/wp-json\/wp\/v2\/product_cat?post=101095"},{"taxonomy":"product_tag","embeddable":true,"href":"https:\/\/depodanmusteriye.com\/urunler\/wp-json\/wp\/v2\/product_tag?post=101095"}],"curies":[{"name":"wp","href":"https:\/\/api.w.org\/{rel}","templated":true}]}}